{"id":1141,"date":"2022-04-20T17:53:21","date_gmt":"2022-04-20T15:53:21","guid":{"rendered":"http:\/\/www.whw.hr\/hr\/publikacije\/\/"},"modified":"2022-10-22T15:59:24","modified_gmt":"2022-10-22T13:59:24","slug":"novine-galerije-nova-br-31","status":"publish","type":"publikacije","link":"https:\/\/www.whw.hr\/%publikacije-slug%\/novine-galerije-nova-br-31\/","title":{"rendered":"Gallery Nova newspapers No. 31"},"content":{"rendered":"<p>This publication is a part of the two-year collaborative project <em>They were, those people, a kind of solution<\/em>, realized in collaboration by What, How &amp; for Whom\/WHW in Zagreb, Tensta Konsthall in Stockholm, the Centre for<br \/>\nPeace Studies in Zagreb, and the eipcp in Vienna as part of the Creative Europe Programme of the European Union. It was published in cooperation between WHW and <a href=\"https:\/\/www.kulturpunkt.hr\/node\/29\" target=\"_blank\" rel=\"noopener\">Kurziv<\/a>.<\/p>\n<a class=\"maxbutton-1 maxbutton maxbutton-whw-button\" target=\"_blank\" rel=\"noopener\" href=\"https:\/\/www.whw.hr\/wp-content\/uploads\/2022\/09\/novine-31-gastarbaires-and-migrants-1.pdf\" download=\"\"><span class='mb-text'>download pdf<\/span><\/a>\n","protected":false},"excerpt":{"rendered":"<p>Gastarbeiters &#038; migrants No.3<br \/>\neditors: Antonija Letini\u0107\/Kurziv and WHW<br \/>\nauthors:\u00a0Stipe \u0106urkovi\u0107,\u00a0Jana Dole\u010dki,\u00a0Mario Kika\u0161,\u00a0Jelena Ostoji\u0107,\u00a0Vesna Vukovi\u0107,\u00a0Neboj\u0161a Zeli\u0107<br \/>\nvisual contribution:\u00a0Ana Dana Bero\u0161\u00a0i\u00a0Matija Kralj, izlo\u017eba &#8216;pri\u010de privremene&#8230;&#8217;;\u00a0Bo\u017eena Kon\u010di\u0107 Badurina\u00a0&#8216;Ovdje i tamo&#8217;;\u00a0Davor Konjiku\u0161i\u0107<br \/>\ndesign: Dejan Kr\u0161i\u0107<br \/>\nWHW, Zagreb 2018<br \/>\n(eng)<\/p>\n","protected":false},"author":2,"featured_media":1142,"menu_order":0,"template":"","meta":{"footnotes":""},"tags":[254,327,333,122,319,326,329,245,325,330,253,126,332,328,331],"class_list":["post-1141","publikacije","type-publikacije","status-publish","has-post-thumbnail","hentry","tag-ana-dana-beros","tag-antonija-letinic","tag-bozena-koncic-badurina","tag-davor-konjikusic","tag-dejan-krsic","tag-gastarbeiteri","tag-jana-dolecki","tag-jelena-ostojic","tag-kurziv","tag-mario-kikas","tag-matija-kralj","tag-migracije","tag-nebojsa-zelic","tag-stipe-curkovic","tag-vesna-vukovic"],"acf":[],"yoast_head":"<!-- This site is optimized with the Yoast SEO plugin v19.14 - https:\/\/yoast.com\/wordpress\/plugins\/seo\/ -->\n<title>Gallery Nova newspapers No. 31<\/title>\n<meta name=\"description\" content=\"Gastarbeiters &amp; migrants No.3 editors: Antonija Letini\u0107\/Kurziv and WHW authors:\u00a0Stipe \u0106urkovi\u0107,\u00a0Jana Dole\u010dki,\u00a0Mario Kika\u0161,\u00a0Jelena Ostoji\u0107,\u00a0Vesna Vukovi\u0107,\u00a0Neboj\u0161a Zeli\u0107 visual contribution:\u00a0Ana Dana Bero\u0161\u00a0i\u00a0Matija Kralj, izlo\u017eba &#039;pri\u010de privremene...&#039;;\u00a0Bo\u017eena Kon\u010di\u0107 Badurina\u00a0&#039;Ovdje i tamo&#039;;\u00a0Davor Konjiku\u0161i\u0107 design: Dejan Kr\u0161i\u0107 WHW, Zagreb 2018 (eng)\" \/>\n<meta name=\"robots\" content=\"index, follow, max-snippet:-1, max-image-preview:large, max-video-preview:-1\" \/>\n<link rel=\"canonical\" href=\"https:\/\/www.whw.hr\/%publikacije-slug%\/novine-galerije-nova-br-31\/\" \/>\n<meta property=\"og:locale\" content=\"en_US\" \/>\n<meta property=\"og:type\" content=\"article\" \/>\n<meta property=\"og:title\" content=\"Gallery Nova newspapers No. 31\" \/>\n<meta property=\"og:description\" content=\"Gastarbeiters &amp; migrants No.3 editors: Antonija Letini\u0107\/Kurziv and WHW authors:\u00a0Stipe \u0106urkovi\u0107,\u00a0Jana Dole\u010dki,\u00a0Mario Kika\u0161,\u00a0Jelena Ostoji\u0107,\u00a0Vesna Vukovi\u0107,\u00a0Neboj\u0161a Zeli\u0107 visual contribution:\u00a0Ana Dana Bero\u0161\u00a0i\u00a0Matija Kralj, izlo\u017eba &#039;pri\u010de privremene...&#039;;\u00a0Bo\u017eena Kon\u010di\u0107 Badurina\u00a0&#039;Ovdje i tamo&#039;;\u00a0Davor Konjiku\u0161i\u0107 design: Dejan Kr\u0161i\u0107 WHW, Zagreb 2018 (eng)\" \/>\n<meta property=\"og:url\" content=\"https:\/\/www.whw.hr\/%publikacije-slug%\/novine-galerije-nova-br-31\/\" \/>\n<meta property=\"og:site_name\" content=\"whw\" \/>\n<meta property=\"article:publisher\" content=\"https:\/\/www.facebook.com\/galerijanova\" \/>\n<meta property=\"article:modified_time\" content=\"2022-10-22T13:59:24+00:00\" \/>\n<meta property=\"og:image\" content=\"https:\/\/www.whw.hr\/wp-content\/uploads\/2022\/09\/Novine-Galerije-Nova-br.-31.jpg\" \/>\n\t<meta property=\"og:image:width\" content=\"562\" \/>\n\t<meta property=\"og:image:height\" content=\"755\" \/>\n\t<meta property=\"og:image:type\" content=\"image\/jpeg\" \/>\n<meta name=\"twitter:card\" content=\"summary_large_image\" \/>\n<script type=\"application\/ld+json\" class=\"yoast-schema-graph\">{\"@context\":\"https:\/\/schema.org\",\"@graph\":[{\"@type\":\"WebPage\",\"@id\":\"https:\/\/www.whw.hr\/%publikacije-slug%\/novine-galerije-nova-br-31\/\",\"url\":\"https:\/\/www.whw.hr\/%publikacije-slug%\/novine-galerije-nova-br-31\/\",\"name\":\"Novine Galerije Nova br. 31 &ndash; whw\",\"isPartOf\":{\"@id\":\"https:\/\/www.whw.hr\/#website\"},\"datePublished\":\"2022-04-20T15:53:21+00:00\",\"dateModified\":\"2022-10-22T13:59:24+00:00\",\"description\":\"Gastarbeiters & migrants urednici: Antonija Letini\u0107 and WHW autori:\u00a0Stipe \u0106urkovi\u0107,\u00a0Jana Dole\u010dki,\u00a0Mario Kika\u0161,\u00a0Jelena Ostoji\u0107,\u00a0Vesna Vukovi\u0107,\u00a0Neboj\u0161a Zeli\u0107 vizualni prilozi:\u00a0Ana Dana Bero\u0161\u00a0i\u00a0Matija Kralj, izlo\u017eba 'pri\u010de privremene...';\u00a0Bo\u017eena Kon\u010di\u0107 Badurina\u00a0'Ovdje i tamo';\u00a0Davor Konjiku\u0161i\u0107 dizajn: Dejan Kr\u0161i\u0107 WHW, Zagreb 2018. (eng)\",\"breadcrumb\":{\"@id\":\"https:\/\/www.whw.hr\/%publikacije-slug%\/novine-galerije-nova-br-31\/#breadcrumb\"},\"inLanguage\":\"en-US\",\"potentialAction\":[{\"@type\":\"ReadAction\",\"target\":[\"https:\/\/www.whw.hr\/%publikacije-slug%\/novine-galerije-nova-br-31\/\"]}]},{\"@type\":\"BreadcrumbList\",\"@id\":\"https:\/\/www.whw.hr\/%publikacije-slug%\/novine-galerije-nova-br-31\/#breadcrumb\",\"itemListElement\":[{\"@type\":\"ListItem\",\"position\":1,\"name\":\"Po\u010detna stranica\",\"item\":\"https:\/\/www.whw.hr\/\"},{\"@type\":\"ListItem\",\"position\":2,\"name\":\"Novine Galerije Nova br. 31\"}]},{\"@type\":\"WebSite\",\"@id\":\"https:\/\/www.whw.hr\/#website\",\"url\":\"https:\/\/www.whw.hr\/\",\"name\":\"whw \/ what, how & for whom\",\"description\":\"what, how & for whom\",\"publisher\":{\"@id\":\"https:\/\/www.whw.hr\/#organization\"},\"alternateName\":\"whw\",\"potentialAction\":[{\"@type\":\"SearchAction\",\"target\":{\"@type\":\"EntryPoint\",\"urlTemplate\":\"https:\/\/www.whw.hr\/?s={search_term_string}\"},\"query-input\":\"required name=search_term_string\"}],\"inLanguage\":\"en-US\"},{\"@type\":\"Organization\",\"@id\":\"https:\/\/www.whw.hr\/#organization\",\"name\":\"whw \/ what, how & for whom\",\"alternateName\":\"whw\",\"url\":\"https:\/\/www.whw.hr\/\",\"logo\":{\"@type\":\"ImageObject\",\"inLanguage\":\"en-US\",\"@id\":\"https:\/\/www.whw.hr\/#\/schema\/logo\/image\/\",\"url\":\"https:\/\/www.whw.hr\/wp-content\/uploads\/2022\/12\/jmm-68-1-2.jpg\",\"contentUrl\":\"https:\/\/www.whw.hr\/wp-content\/uploads\/2022\/12\/jmm-68-1-2.jpg\",\"width\":2000,\"height\":1333,\"caption\":\"whw \/ what, how & for whom\"},\"image\":{\"@id\":\"https:\/\/www.whw.hr\/#\/schema\/logo\/image\/\"},\"sameAs\":[\"https:\/\/www.instagram.com\/whw_what.how.for.whom\/\",\"https:\/\/www.youtube.com\/channel\/UCYplGnLkNqPXZSBaJgv4mZw\",\"https:\/\/www.facebook.com\/galerijanova\"]}]}<\/script>\n<!-- \/ Yoast SEO plugin. -->","yoast_head_json":{"title":"Gallery Nova newspapers No. 31","description":"Gastarbeiters & migrants No.3 editors: Antonija Letini\u0107\/Kurziv and WHW authors:\u00a0Stipe \u0106urkovi\u0107,\u00a0Jana Dole\u010dki,\u00a0Mario Kika\u0161,\u00a0Jelena Ostoji\u0107,\u00a0Vesna Vukovi\u0107,\u00a0Neboj\u0161a Zeli\u0107 visual contribution:\u00a0Ana Dana Bero\u0161\u00a0i\u00a0Matija Kralj, izlo\u017eba 'pri\u010de privremene...';\u00a0Bo\u017eena Kon\u010di\u0107 Badurina\u00a0'Ovdje i tamo';\u00a0Davor Konjiku\u0161i\u0107 design: Dejan Kr\u0161i\u0107 WHW, Zagreb 2018 (eng)","robots":{"index":"index","follow":"follow","max-snippet":"max-snippet:-1","max-image-preview":"max-image-preview:large","max-video-preview":"max-video-preview:-1"},"canonical":"https:\/\/www.whw.hr\/%publikacije-slug%\/novine-galerije-nova-br-31\/","og_locale":"en_US","og_type":"article","og_title":"Gallery Nova newspapers No. 31","og_description":"Gastarbeiters & migrants No.3 editors: Antonija Letini\u0107\/Kurziv and WHW authors:\u00a0Stipe \u0106urkovi\u0107,\u00a0Jana Dole\u010dki,\u00a0Mario Kika\u0161,\u00a0Jelena Ostoji\u0107,\u00a0Vesna Vukovi\u0107,\u00a0Neboj\u0161a Zeli\u0107 visual contribution:\u00a0Ana Dana Bero\u0161\u00a0i\u00a0Matija Kralj, izlo\u017eba 'pri\u010de privremene...';\u00a0Bo\u017eena Kon\u010di\u0107 Badurina\u00a0'Ovdje i tamo';\u00a0Davor Konjiku\u0161i\u0107 design: Dejan Kr\u0161i\u0107 WHW, Zagreb 2018 (eng)","og_url":"https:\/\/www.whw.hr\/%publikacije-slug%\/novine-galerije-nova-br-31\/","og_site_name":"whw","article_publisher":"https:\/\/www.facebook.com\/galerijanova","article_modified_time":"2022-10-22T13:59:24+00:00","og_image":[{"width":562,"height":755,"url":"https:\/\/www.whw.hr\/wp-content\/uploads\/2022\/09\/Novine-Galerije-Nova-br.-31.jpg","type":"image\/jpeg"}],"twitter_card":"summary_large_image","schema":{"@context":"https:\/\/schema.org","@graph":[{"@type":"WebPage","@id":"https:\/\/www.whw.hr\/%publikacije-slug%\/novine-galerije-nova-br-31\/","url":"https:\/\/www.whw.hr\/%publikacije-slug%\/novine-galerije-nova-br-31\/","name":"Novine Galerije Nova br. 31 &ndash; whw","isPartOf":{"@id":"https:\/\/www.whw.hr\/#website"},"datePublished":"2022-04-20T15:53:21+00:00","dateModified":"2022-10-22T13:59:24+00:00","description":"Gastarbeiters & migrants urednici: Antonija Letini\u0107 and WHW autori:\u00a0Stipe \u0106urkovi\u0107,\u00a0Jana Dole\u010dki,\u00a0Mario Kika\u0161,\u00a0Jelena Ostoji\u0107,\u00a0Vesna Vukovi\u0107,\u00a0Neboj\u0161a Zeli\u0107 vizualni prilozi:\u00a0Ana Dana Bero\u0161\u00a0i\u00a0Matija Kralj, izlo\u017eba 'pri\u010de privremene...';\u00a0Bo\u017eena Kon\u010di\u0107 Badurina\u00a0'Ovdje i tamo';\u00a0Davor Konjiku\u0161i\u0107 dizajn: Dejan Kr\u0161i\u0107 WHW, Zagreb 2018. (eng)","breadcrumb":{"@id":"https:\/\/www.whw.hr\/%publikacije-slug%\/novine-galerije-nova-br-31\/#breadcrumb"},"inLanguage":"en-US","potentialAction":[{"@type":"ReadAction","target":["https:\/\/www.whw.hr\/%publikacije-slug%\/novine-galerije-nova-br-31\/"]}]},{"@type":"BreadcrumbList","@id":"https:\/\/www.whw.hr\/%publikacije-slug%\/novine-galerije-nova-br-31\/#breadcrumb","itemListElement":[{"@type":"ListItem","position":1,"name":"Po\u010detna stranica","item":"https:\/\/www.whw.hr\/"},{"@type":"ListItem","position":2,"name":"Novine Galerije Nova br. 31"}]},{"@type":"WebSite","@id":"https:\/\/www.whw.hr\/#website","url":"https:\/\/www.whw.hr\/","name":"whw \/ what, how & for whom","description":"what, how & for whom","publisher":{"@id":"https:\/\/www.whw.hr\/#organization"},"alternateName":"whw","potentialAction":[{"@type":"SearchAction","target":{"@type":"EntryPoint","urlTemplate":"https:\/\/www.whw.hr\/?s={search_term_string}"},"query-input":"required name=search_term_string"}],"inLanguage":"en-US"},{"@type":"Organization","@id":"https:\/\/www.whw.hr\/#organization","name":"whw \/ what, how & for whom","alternateName":"whw","url":"https:\/\/www.whw.hr\/","logo":{"@type":"ImageObject","inLanguage":"en-US","@id":"https:\/\/www.whw.hr\/#\/schema\/logo\/image\/","url":"https:\/\/www.whw.hr\/wp-content\/uploads\/2022\/12\/jmm-68-1-2.jpg","contentUrl":"https:\/\/www.whw.hr\/wp-content\/uploads\/2022\/12\/jmm-68-1-2.jpg","width":2000,"height":1333,"caption":"whw \/ what, how & for whom"},"image":{"@id":"https:\/\/www.whw.hr\/#\/schema\/logo\/image\/"},"sameAs":["https:\/\/www.instagram.com\/whw_what.how.for.whom\/","https:\/\/www.youtube.com\/channel\/UCYplGnLkNqPXZSBaJgv4mZw","https:\/\/www.facebook.com\/galerijanova"]}]}},"_links":{"self":[{"href":"https:\/\/www.whw.hr\/wp-json\/wp\/v2\/publikacije\/1141","targetHints":{"allow":["GET"]}}],"collection":[{"href":"https:\/\/www.whw.hr\/wp-json\/wp\/v2\/publikacije"}],"about":[{"href":"https:\/\/www.whw.hr\/wp-json\/wp\/v2\/types\/publikacije"}],"author":[{"embeddable":true,"href":"https:\/\/www.whw.hr\/wp-json\/wp\/v2\/users\/2"}],"version-history":[{"count":4,"href":"https:\/\/www.whw.hr\/wp-json\/wp\/v2\/publikacije\/1141\/revisions"}],"predecessor-version":[{"id":1187,"href":"https:\/\/www.whw.hr\/wp-json\/wp\/v2\/publikacije\/1141\/revisions\/1187"}],"wp:featuredmedia":[{"embeddable":true,"href":"https:\/\/www.whw.hr\/wp-json\/wp\/v2\/media\/1142"}],"wp:attachment":[{"href":"https:\/\/www.whw.hr\/wp-json\/wp\/v2\/media?parent=1141"}],"wp:term":[{"taxonomy":"post_tag","embeddable":true,"href":"https:\/\/www.whw.hr\/wp-json\/wp\/v2\/tags?post=1141"}],"curies":[{"name":"wp","href":"https:\/\/api.w.org\/{rel}","templated":true}]}}

<p>Gastarbeiters &#038; migrants No.3<br />
editors: Antonija Letinić/Kurziv and WHW<br />
authors: Stipe Ćurković, Jana Dolečki, Mario Kikaš, Jelena Ostojić, Vesna Vuković, Nebojša Zelić<br />
visual contribution: Ana Dana Beroš i Matija Kralj, izložba &#8216;priče privremene&#8230;&#8217;; Božena Končić Badurina &#8216;Ovdje i tamo&#8217;; Davor Konjikušić<br />
design: Dejan Kršić<br />
WHW, Zagreb 2018<br />
(eng)</p>

<!-- This site is optimized with the Yoast SEO plugin v19.14 - https://yoast.com/wordpress/plugins/seo/ -->
<title>Gallery Nova newspapers No. 31</title>
<meta name="description" content="Gastarbeiters &amp; migrants No.3 editors: Antonija Letinić/Kurziv and WHW authors: Stipe Ćurković, Jana Dolečki, Mario Kikaš, Jelena Ostojić, Vesna Vuković, Nebojša Zelić visual contribution: Ana Dana Beroš i Matija Kralj, izložba &#039;priče privremene...&#039;; Božena Končić Badurina &#039;Ovdje i tamo&#039;; Davor Konjikušić design: Dejan Kršić WHW, Zagreb 2018 (eng)" />
<meta name="robots" content="index, follow, max-snippet:-1, max-image-preview:large, max-video-preview:-1" />
<link rel="canonical" href="https://www.whw.hr/%publikacije-slug%/novine-galerije-nova-br-31/" />
<meta property="og:locale" content="en_US" />
<meta property="og:type" content="article" />
<meta property="og:title" content="Gallery Nova newspapers No. 31" />
<meta property="og:description" content="Gastarbeiters &amp; migrants No.3 editors: Antonija Letinić/Kurziv and WHW authors: Stipe Ćurković, Jana Dolečki, Mario Kikaš, Jelena Ostojić, Vesna Vuković, Nebojša Zelić visual contribution: Ana Dana Beroš i Matija Kralj, izložba &#039;priče privremene...&#039;; Božena Končić Badurina &#039;Ovdje i tamo&#039;; Davor Konjikušić design: Dejan Kršić WHW, Zagreb 2018 (eng)" />
<meta property="og:url" content="https://www.whw.hr/%publikacije-slug%/novine-galerije-nova-br-31/" />
<meta property="og:site_name" content="whw" />
<meta property="article:publisher" content="https://www.facebook.com/galerijanova" />
<meta property="article:modified_time" content="2022-10-22T13:59:24+00:00" />
<meta property="og:image" content="https://www.whw.hr/wp-content/uploads/2022/09/Novine-Galerije-Nova-br.-31.jpg" />
	<meta property="og:image:width" content="562" />
	<meta property="og:image:height" content="755" />
	<meta property="og:image:type" content="image/jpeg" />
<meta name="twitter:card" content="summary_large_image" />
<script type="application/ld+json" class="yoast-schema-graph">{"@context":"https://schema.org","@graph":[{"@type":"WebPage","@id":"https://www.whw.hr/%publikacije-slug%/novine-galerije-nova-br-31/","url":"https://www.whw.hr/%publikacije-slug%/novine-galerije-nova-br-31/","name":"Novine Galerije Nova br. 31 &ndash; whw","isPartOf":{"@id":"https://www.whw.hr/#website"},"datePublished":"2022-04-20T15:53:21+00:00","dateModified":"2022-10-22T13:59:24+00:00","description":"Gastarbeiters & migrants urednici: Antonija Letinić and WHW autori: Stipe Ćurković, Jana Dolečki, Mario Kikaš, Jelena Ostojić, Vesna Vuković, Nebojša Zelić vizualni prilozi: Ana Dana Beroš i Matija Kralj, izložba 'priče privremene...'; Božena Končić Badurina 'Ovdje i tamo'; Davor Konjikušić dizajn: Dejan Kršić WHW, Zagreb 2018. (eng)","breadcrumb":{"@id":"https://www.whw.hr/%publikacije-slug%/novine-galerije-nova-br-31/#breadcrumb"},"inLanguage":"en-US","potentialAction":[{"@type":"ReadAction","target":["https://www.whw.hr/%publikacije-slug%/novine-galerije-nova-br-31/"]}]},{"@type":"BreadcrumbList","@id":"https://www.whw.hr/%publikacije-slug%/novine-galerije-nova-br-31/#breadcrumb","itemListElement":[{"@type":"ListItem","position":1,"name":"Početna stranica","item":"https://www.whw.hr/"},{"@type":"ListItem","position":2,"name":"Novine Galerije Nova br. 31"}]},{"@type":"WebSite","@id":"https://www.whw.hr/#website","url":"https://www.whw.hr/","name":"whw / what, how & for whom","description":"what, how & for whom","publisher":{"@id":"https://www.whw.hr/#organization"},"alternateName":"whw","potentialAction":[{"@type":"SearchAction","target":{"@type":"EntryPoint","urlTemplate":"https://www.whw.hr/?s={search_term_string}"},"query-input":"required name=search_term_string"}],"inLanguage":"en-US"},{"@type":"Organization","@id":"https://www.whw.hr/#organization","name":"whw / what, how & for whom","alternateName":"whw","url":"https://www.whw.hr/","logo":{"@type":"ImageObject","inLanguage":"en-US","@id":"https://www.whw.hr/#/schema/logo/image/","url":"https://www.whw.hr/wp-content/uploads/2022/12/jmm-68-1-2.jpg","contentUrl":"https://www.whw.hr/wp-content/uploads/2022/12/jmm-68-1-2.jpg","width":2000,"height":1333,"caption":"whw / what, how & for whom"},"image":{"@id":"https://www.whw.hr/#/schema/logo/image/"},"sameAs":["https://www.instagram.com/whw_what.how.for.whom/","https://www.youtube.com/channel/UCYplGnLkNqPXZSBaJgv4mZw","https://www.facebook.com/galerijanova"]}]}</script>
<!-- / Yoast SEO plugin. -->

Gastarbeiters & migrants No.3 editors: Antonija Letinić/Kurziv and WHW authors: Stipe Ćurković, Jana Dolečki, Mario Kikaš, Jelena Ostojić, Vesna Vuković, Nebojša Zelić visual contribution: Ana Dana Beroš i Matija Kralj, izložba 'priče privremene...'; Božena Končić Badurina 'Ovdje i tamo'; Davor Konjikušić design: Dejan Kršić WHW, Zagreb 2018 (eng)

Gastarbeiters & migrants urednici: Antonija Letinić and WHW autori: Stipe Ćurković, Jana Dolečki, Mario Kikaš, Jelena Ostojić, Vesna Vuković, Nebojša Zelić vizualni prilozi: Ana Dana Beroš i Matija Kralj, izložba 'priče privremene...'; Božena Končić Badurina 'Ovdje i tamo'; Davor Konjikušić dizajn: Dejan Kršić WHW, Zagreb 2018. (eng)

Početna stranica
