{"id":1068,"date":"2022-09-03T20:14:59","date_gmt":"2022-09-03T18:14:59","guid":{"rendered":"http:\/\/www.whw.hr\/hr\/projekti\/\/"},"modified":"2022-12-17T17:27:40","modified_gmt":"2022-12-17T16:27:40","slug":"poceti-najbolje-sto-se-moze-kako-govorimo-o-fasizmu","status":"publish","type":"projekti","link":"https:\/\/www.whw.hr\/%projekti-slug%\/poceti-najbolje-sto-se-moze-kako-govorimo-o-fasizmu\/","title":{"rendered":"Beginning As Well As We Can (How Do We Talk About Fascism?) "},"content":{"rendered":"<p><strong><em>Beginning As Well As We Can (How Do We Talk About Fascism?)<\/em> <\/strong>is a two-year collaborative project launched in 2012 by <strong>What, How and For Whom \/ WHW<\/strong>, and is realized in partnership with <strong>Tensta Konsthall<\/strong> (Stockholm) and <strong>Kunstverein Graz<\/strong>. The starting point of the project is a collection of essays by <strong>Rastko Mo\u010dnik<\/strong>&nbsp; <em>How much fascism?<\/em>, published in 1995.<br \/>\nIn the midst of the collapse of Yugoslavia, Mo\u010dnik connected the conflicts and the rise of fascism in the areas from the Adriatic to Siberia with the structural consequences of the awakening and reconstruction of peripheral capitalism. At the time of the establishment of several new state entities based on nationalist ideologies, Mo\u010dnik outlined a wide range of social arrangements crucial to the process, commenting on their &#8220;anti-anti-fascism&#8221; and cultural policies marked by racist connotations. In the meantime, there has been a fundamental ideological shift &#8211; there is no longer even a declarative proclamation of multiculturalism, and calls for &#8220;protection of the integrity of tradition and cultural values&#8221; have become almost mandatory battle cries of Western politicians. That is why today, considering the alarming rise of the right throughout Europe, we should direct our gaze towards the &#8220;peripheries&#8221; and towards the core of liberal democracy.<\/p>\n<p>The project deals with articulating the potential of art for awakening public awareness and for resisting the alarming rise of the right in Europe.&nbsp;<\/p>\n","protected":false},"excerpt":{"rendered":"<p>Beginning As Well As We Can (How Do We Talk About Fascism?) is a two-year collaborative project launched in 2012 by What, How and For Whom \/ WHW, and is realized in partnership with Tensta Konsthall (Stockholm) and Kunstverein Graz. The starting point of the project is a collection of essays by Rastko Mo\u010dnik&nbsp; How [&hellip;]<\/p>\n","protected":false},"author":2,"featured_media":1371,"parent":0,"menu_order":0,"template":"","meta":{"footnotes":""},"tags":[732,749],"class_list":["post-1068","projekti","type-projekti","status-publish","has-post-thumbnail","hentry","tag-poceti-najbolje-sto-se-moze-kako-govorimo-o-fasizmu","tag-poceti-sto-bolje-mozemo-kako-govorimo-o-fasizmu"],"acf":[],"yoast_head":"<!-- This site is optimized with the Yoast SEO plugin v19.14 - https:\/\/yoast.com\/wordpress\/plugins\/seo\/ -->\n<title>Beginning As Well As We Can (How Do We Talk About Fascism?)<\/title>\n<meta name=\"description\" content=\"Beginning As Well As We Can (How Do We Talk About Fascism?) is a two-year collaborative project launched in 2012 by What, How and For Whom \/ WHW, and is realized in partnership with Tensta Konsthall (Stockholm) and Kunstverein Graz. The starting point of the project is a collection of essays by Rastko Mo\u010dnik&nbsp; How&hellip;\" \/>\n<meta name=\"robots\" content=\"index, follow, max-snippet:-1, max-image-preview:large, max-video-preview:-1\" \/>\n<link rel=\"canonical\" href=\"https:\/\/www.whw.hr\/%projekti-slug%\/poceti-najbolje-sto-se-moze-kako-govorimo-o-fasizmu\/\" \/>\n<meta property=\"og:locale\" content=\"en_US\" \/>\n<meta property=\"og:type\" content=\"article\" \/>\n<meta property=\"og:title\" content=\"Beginning As Well As We Can (How Do We Talk About Fascism?)\" \/>\n<meta property=\"og:description\" content=\"Beginning As Well As We Can (How Do We Talk About Fascism?) is a two-year collaborative project launched in 2012 by What, How and For Whom \/ WHW, and is realized in partnership with Tensta Konsthall (Stockholm) and Kunstverein Graz. The starting point of the project is a collection of essays by Rastko Mo\u010dnik&nbsp; How&hellip;\" \/>\n<meta property=\"og:url\" content=\"https:\/\/www.whw.hr\/%projekti-slug%\/poceti-najbolje-sto-se-moze-kako-govorimo-o-fasizmu\/\" \/>\n<meta property=\"og:site_name\" content=\"whw\" \/>\n<meta property=\"article:publisher\" content=\"https:\/\/www.facebook.com\/galerijanova\" \/>\n<meta property=\"article:modified_time\" content=\"2022-12-17T16:27:40+00:00\" \/>\n<meta property=\"og:image\" content=\"https:\/\/www.whw.hr\/wp-content\/uploads\/2022\/09\/0029310.jpg\" \/>\n\t<meta property=\"og:image:width\" content=\"640\" \/>\n\t<meta property=\"og:image:height\" content=\"425\" \/>\n\t<meta property=\"og:image:type\" content=\"image\/jpeg\" \/>\n<meta name=\"twitter:card\" content=\"summary_large_image\" \/>\n<meta name=\"twitter:label1\" content=\"Est. reading time\" \/>\n\t<meta name=\"twitter:data1\" content=\"1 minute\" \/>\n<script type=\"application\/ld+json\" class=\"yoast-schema-graph\">{\"@context\":\"https:\/\/schema.org\",\"@graph\":[{\"@type\":\"WebPage\",\"@id\":\"https:\/\/www.whw.hr\/%projekti-slug%\/poceti-najbolje-sto-se-moze-kako-govorimo-o-fasizmu\/\",\"url\":\"https:\/\/www.whw.hr\/%projekti-slug%\/poceti-najbolje-sto-se-moze-kako-govorimo-o-fasizmu\/\",\"name\":\"Po\u010deti najbolje \u0161to se mo\u017ee (kako govorimo o fa\u0161izmu?) &ndash; whw\",\"isPartOf\":{\"@id\":\"https:\/\/www.whw.hr\/#website\"},\"datePublished\":\"2022-09-03T18:14:59+00:00\",\"dateModified\":\"2022-12-17T16:27:40+00:00\",\"description\":\"Po\u010deti najbolje \u0161to se mo\u017ee (kako govorimo o fa\u0161izmu?)\u00a0dvogodi\u0161nji je suradni\u010dki projekt koji su 2012. pokrenuli\u00a0\u0160to, kako i za koga \/ WHW, a ostvaruje se\",\"breadcrumb\":{\"@id\":\"https:\/\/www.whw.hr\/%projekti-slug%\/poceti-najbolje-sto-se-moze-kako-govorimo-o-fasizmu\/#breadcrumb\"},\"inLanguage\":\"en-US\",\"potentialAction\":[{\"@type\":\"ReadAction\",\"target\":[\"https:\/\/www.whw.hr\/%projekti-slug%\/poceti-najbolje-sto-se-moze-kako-govorimo-o-fasizmu\/\"]}]},{\"@type\":\"BreadcrumbList\",\"@id\":\"https:\/\/www.whw.hr\/%projekti-slug%\/poceti-najbolje-sto-se-moze-kako-govorimo-o-fasizmu\/#breadcrumb\",\"itemListElement\":[{\"@type\":\"ListItem\",\"position\":1,\"name\":\"Po\u010detna stranica\",\"item\":\"https:\/\/www.whw.hr\/\"},{\"@type\":\"ListItem\",\"position\":2,\"name\":\"Po\u010deti najbolje \u0161to se mo\u017ee (kako govorimo o fa\u0161izmu?)\"}]},{\"@type\":\"WebSite\",\"@id\":\"https:\/\/www.whw.hr\/#website\",\"url\":\"https:\/\/www.whw.hr\/\",\"name\":\"whw \/ what, how & for whom\",\"description\":\"what, how & for whom\",\"publisher\":{\"@id\":\"https:\/\/www.whw.hr\/#organization\"},\"alternateName\":\"whw\",\"potentialAction\":[{\"@type\":\"SearchAction\",\"target\":{\"@type\":\"EntryPoint\",\"urlTemplate\":\"https:\/\/www.whw.hr\/?s={search_term_string}\"},\"query-input\":\"required name=search_term_string\"}],\"inLanguage\":\"en-US\"},{\"@type\":\"Organization\",\"@id\":\"https:\/\/www.whw.hr\/#organization\",\"name\":\"whw \/ what, how & for whom\",\"alternateName\":\"whw\",\"url\":\"https:\/\/www.whw.hr\/\",\"logo\":{\"@type\":\"ImageObject\",\"inLanguage\":\"en-US\",\"@id\":\"https:\/\/www.whw.hr\/#\/schema\/logo\/image\/\",\"url\":\"https:\/\/www.whw.hr\/wp-content\/uploads\/2022\/12\/jmm-68-1-2.jpg\",\"contentUrl\":\"https:\/\/www.whw.hr\/wp-content\/uploads\/2022\/12\/jmm-68-1-2.jpg\",\"width\":2000,\"height\":1333,\"caption\":\"whw \/ what, how & for whom\"},\"image\":{\"@id\":\"https:\/\/www.whw.hr\/#\/schema\/logo\/image\/\"},\"sameAs\":[\"https:\/\/www.instagram.com\/whw_what.how.for.whom\/\",\"https:\/\/www.youtube.com\/channel\/UCYplGnLkNqPXZSBaJgv4mZw\",\"https:\/\/www.facebook.com\/galerijanova\"]}]}<\/script>\n<!-- \/ Yoast SEO plugin. -->","yoast_head_json":{"title":"Beginning As Well As We Can (How Do We Talk About Fascism?)","description":"Beginning As Well As We Can (How Do We Talk About Fascism?) is a two-year collaborative project launched in 2012 by What, How and For Whom \/ WHW, and is realized in partnership with Tensta Konsthall (Stockholm) and Kunstverein Graz. The starting point of the project is a collection of essays by Rastko Mo\u010dnik&nbsp; How&hellip;","robots":{"index":"index","follow":"follow","max-snippet":"max-snippet:-1","max-image-preview":"max-image-preview:large","max-video-preview":"max-video-preview:-1"},"canonical":"https:\/\/www.whw.hr\/%projekti-slug%\/poceti-najbolje-sto-se-moze-kako-govorimo-o-fasizmu\/","og_locale":"en_US","og_type":"article","og_title":"Beginning As Well As We Can (How Do We Talk About Fascism?)","og_description":"Beginning As Well As We Can (How Do We Talk About Fascism?) is a two-year collaborative project launched in 2012 by What, How and For Whom \/ WHW, and is realized in partnership with Tensta Konsthall (Stockholm) and Kunstverein Graz. The starting point of the project is a collection of essays by Rastko Mo\u010dnik&nbsp; How&hellip;","og_url":"https:\/\/www.whw.hr\/%projekti-slug%\/poceti-najbolje-sto-se-moze-kako-govorimo-o-fasizmu\/","og_site_name":"whw","article_publisher":"https:\/\/www.facebook.com\/galerijanova","article_modified_time":"2022-12-17T16:27:40+00:00","og_image":[{"width":640,"height":425,"url":"https:\/\/www.whw.hr\/wp-content\/uploads\/2022\/09\/0029310.jpg","type":"image\/jpeg"}],"twitter_card":"summary_large_image","twitter_misc":{"Est. reading time":"1 minute"},"schema":{"@context":"https:\/\/schema.org","@graph":[{"@type":"WebPage","@id":"https:\/\/www.whw.hr\/%projekti-slug%\/poceti-najbolje-sto-se-moze-kako-govorimo-o-fasizmu\/","url":"https:\/\/www.whw.hr\/%projekti-slug%\/poceti-najbolje-sto-se-moze-kako-govorimo-o-fasizmu\/","name":"Po\u010deti najbolje \u0161to se mo\u017ee (kako govorimo o fa\u0161izmu?) &ndash; whw","isPartOf":{"@id":"https:\/\/www.whw.hr\/#website"},"datePublished":"2022-09-03T18:14:59+00:00","dateModified":"2022-12-17T16:27:40+00:00","description":"Po\u010deti najbolje \u0161to se mo\u017ee (kako govorimo o fa\u0161izmu?)\u00a0dvogodi\u0161nji je suradni\u010dki projekt koji su 2012. pokrenuli\u00a0\u0160to, kako i za koga \/ WHW, a ostvaruje se","breadcrumb":{"@id":"https:\/\/www.whw.hr\/%projekti-slug%\/poceti-najbolje-sto-se-moze-kako-govorimo-o-fasizmu\/#breadcrumb"},"inLanguage":"en-US","potentialAction":[{"@type":"ReadAction","target":["https:\/\/www.whw.hr\/%projekti-slug%\/poceti-najbolje-sto-se-moze-kako-govorimo-o-fasizmu\/"]}]},{"@type":"BreadcrumbList","@id":"https:\/\/www.whw.hr\/%projekti-slug%\/poceti-najbolje-sto-se-moze-kako-govorimo-o-fasizmu\/#breadcrumb","itemListElement":[{"@type":"ListItem","position":1,"name":"Po\u010detna stranica","item":"https:\/\/www.whw.hr\/"},{"@type":"ListItem","position":2,"name":"Po\u010deti najbolje \u0161to se mo\u017ee (kako govorimo o fa\u0161izmu?)"}]},{"@type":"WebSite","@id":"https:\/\/www.whw.hr\/#website","url":"https:\/\/www.whw.hr\/","name":"whw \/ what, how & for whom","description":"what, how & for whom","publisher":{"@id":"https:\/\/www.whw.hr\/#organization"},"alternateName":"whw","potentialAction":[{"@type":"SearchAction","target":{"@type":"EntryPoint","urlTemplate":"https:\/\/www.whw.hr\/?s={search_term_string}"},"query-input":"required name=search_term_string"}],"inLanguage":"en-US"},{"@type":"Organization","@id":"https:\/\/www.whw.hr\/#organization","name":"whw \/ what, how & for whom","alternateName":"whw","url":"https:\/\/www.whw.hr\/","logo":{"@type":"ImageObject","inLanguage":"en-US","@id":"https:\/\/www.whw.hr\/#\/schema\/logo\/image\/","url":"https:\/\/www.whw.hr\/wp-content\/uploads\/2022\/12\/jmm-68-1-2.jpg","contentUrl":"https:\/\/www.whw.hr\/wp-content\/uploads\/2022\/12\/jmm-68-1-2.jpg","width":2000,"height":1333,"caption":"whw \/ what, how & for whom"},"image":{"@id":"https:\/\/www.whw.hr\/#\/schema\/logo\/image\/"},"sameAs":["https:\/\/www.instagram.com\/whw_what.how.for.whom\/","https:\/\/www.youtube.com\/channel\/UCYplGnLkNqPXZSBaJgv4mZw","https:\/\/www.facebook.com\/galerijanova"]}]}},"_links":{"self":[{"href":"https:\/\/www.whw.hr\/wp-json\/wp\/v2\/projekti\/1068","targetHints":{"allow":["GET"]}}],"collection":[{"href":"https:\/\/www.whw.hr\/wp-json\/wp\/v2\/projekti"}],"about":[{"href":"https:\/\/www.whw.hr\/wp-json\/wp\/v2\/types\/projekti"}],"author":[{"embeddable":true,"href":"https:\/\/www.whw.hr\/wp-json\/wp\/v2\/users\/2"}],"version-history":[{"count":7,"href":"https:\/\/www.whw.hr\/wp-json\/wp\/v2\/projekti\/1068\/revisions"}],"predecessor-version":[{"id":1776,"href":"https:\/\/www.whw.hr\/wp-json\/wp\/v2\/projekti\/1068\/revisions\/1776"}],"wp:featuredmedia":[{"embeddable":true,"href":"https:\/\/www.whw.hr\/wp-json\/wp\/v2\/media\/1371"}],"wp:attachment":[{"href":"https:\/\/www.whw.hr\/wp-json\/wp\/v2\/media?parent=1068"}],"wp:term":[{"taxonomy":"post_tag","embeddable":true,"href":"https:\/\/www.whw.hr\/wp-json\/wp\/v2\/tags?post=1068"}],"curies":[{"name":"wp","href":"https:\/\/api.w.org\/{rel}","templated":true}]}}

<p><strong><em>Beginning As Well As We Can (How Do We Talk About Fascism?)</em> </strong>is a two-year collaborative project launched in 2012 by <strong>What, How and For Whom / WHW</strong>, and is realized in partnership with <strong>Tensta Konsthall</strong> (Stockholm) and <strong>Kunstverein Graz</strong>. The starting point of the project is a collection of essays by <strong>Rastko Močnik</strong>&nbsp; <em>How much fascism?</em>, published in 1995.<br />
In the midst of the collapse of Yugoslavia, Močnik connected the conflicts and the rise of fascism in the areas from the Adriatic to Siberia with the structural consequences of the awakening and reconstruction of peripheral capitalism. At the time of the establishment of several new state entities based on nationalist ideologies, Močnik outlined a wide range of social arrangements crucial to the process, commenting on their &#8220;anti-anti-fascism&#8221; and cultural policies marked by racist connotations. In the meantime, there has been a fundamental ideological shift &#8211; there is no longer even a declarative proclamation of multiculturalism, and calls for &#8220;protection of the integrity of tradition and cultural values&#8221; have become almost mandatory battle cries of Western politicians. That is why today, considering the alarming rise of the right throughout Europe, we should direct our gaze towards the &#8220;peripheries&#8221; and towards the core of liberal democracy.</p>
<p>The project deals with articulating the potential of art for awakening public awareness and for resisting the alarming rise of the right in Europe.&nbsp;</p>

<p>Beginning As Well As We Can (How Do We Talk About Fascism?) is a two-year collaborative project launched in 2012 by What, How and For Whom / WHW, and is realized in partnership with Tensta Konsthall (Stockholm) and Kunstverein Graz. The starting point of the project is a collection of essays by Rastko Močnik&nbsp; How [&hellip;]</p>

<!-- This site is optimized with the Yoast SEO plugin v19.14 - https://yoast.com/wordpress/plugins/seo/ -->
<title>Beginning As Well As We Can (How Do We Talk About Fascism?)</title>
<meta name="description" content="Beginning As Well As We Can (How Do We Talk About Fascism?) is a two-year collaborative project launched in 2012 by What, How and For Whom / WHW, and is realized in partnership with Tensta Konsthall (Stockholm) and Kunstverein Graz. The starting point of the project is a collection of essays by Rastko Močnik&nbsp; How&hellip;" />
<meta name="robots" content="index, follow, max-snippet:-1, max-image-preview:large, max-video-preview:-1" />
<link rel="canonical" href="https://www.whw.hr/%projekti-slug%/poceti-najbolje-sto-se-moze-kako-govorimo-o-fasizmu/" />
<meta property="og:locale" content="en_US" />
<meta property="og:type" content="article" />
<meta property="og:title" content="Beginning As Well As We Can (How Do We Talk About Fascism?)" />
<meta property="og:description" content="Beginning As Well As We Can (How Do We Talk About Fascism?) is a two-year collaborative project launched in 2012 by What, How and For Whom / WHW, and is realized in partnership with Tensta Konsthall (Stockholm) and Kunstverein Graz. The starting point of the project is a collection of essays by Rastko Močnik&nbsp; How&hellip;" />
<meta property="og:url" content="https://www.whw.hr/%projekti-slug%/poceti-najbolje-sto-se-moze-kako-govorimo-o-fasizmu/" />
<meta property="og:site_name" content="whw" />
<meta property="article:publisher" content="https://www.facebook.com/galerijanova" />
<meta property="article:modified_time" content="2022-12-17T16:27:40+00:00" />
<meta property="og:image" content="https://www.whw.hr/wp-content/uploads/2022/09/0029310.jpg" />
	<meta property="og:image:width" content="640" />
	<meta property="og:image:height" content="425" />
	<meta property="og:image:type" content="image/jpeg" />
<meta name="twitter:card" content="summary_large_image" />
<meta name="twitter:label1" content="Est. reading time" />
	<meta name="twitter:data1" content="1 minute" />
<script type="application/ld+json" class="yoast-schema-graph">{"@context":"https://schema.org","@graph":[{"@type":"WebPage","@id":"https://www.whw.hr/%projekti-slug%/poceti-najbolje-sto-se-moze-kako-govorimo-o-fasizmu/","url":"https://www.whw.hr/%projekti-slug%/poceti-najbolje-sto-se-moze-kako-govorimo-o-fasizmu/","name":"Početi najbolje što se može (kako govorimo o fašizmu?) &ndash; whw","isPartOf":{"@id":"https://www.whw.hr/#website"},"datePublished":"2022-09-03T18:14:59+00:00","dateModified":"2022-12-17T16:27:40+00:00","description":"Početi najbolje što se može (kako govorimo o fašizmu?) dvogodišnji je suradnički projekt koji su 2012. pokrenuli Što, kako i za koga / WHW, a ostvaruje se","breadcrumb":{"@id":"https://www.whw.hr/%projekti-slug%/poceti-najbolje-sto-se-moze-kako-govorimo-o-fasizmu/#breadcrumb"},"inLanguage":"en-US","potentialAction":[{"@type":"ReadAction","target":["https://www.whw.hr/%projekti-slug%/poceti-najbolje-sto-se-moze-kako-govorimo-o-fasizmu/"]}]},{"@type":"BreadcrumbList","@id":"https://www.whw.hr/%projekti-slug%/poceti-najbolje-sto-se-moze-kako-govorimo-o-fasizmu/#breadcrumb","itemListElement":[{"@type":"ListItem","position":1,"name":"Početna stranica","item":"https://www.whw.hr/"},{"@type":"ListItem","position":2,"name":"Početi najbolje što se može (kako govorimo o fašizmu?)"}]},{"@type":"WebSite","@id":"https://www.whw.hr/#website","url":"https://www.whw.hr/","name":"whw / what, how & for whom","description":"what, how & for whom","publisher":{"@id":"https://www.whw.hr/#organization"},"alternateName":"whw","potentialAction":[{"@type":"SearchAction","target":{"@type":"EntryPoint","urlTemplate":"https://www.whw.hr/?s={search_term_string}"},"query-input":"required name=search_term_string"}],"inLanguage":"en-US"},{"@type":"Organization","@id":"https://www.whw.hr/#organization","name":"whw / what, how & for whom","alternateName":"whw","url":"https://www.whw.hr/","logo":{"@type":"ImageObject","inLanguage":"en-US","@id":"https://www.whw.hr/#/schema/logo/image/","url":"https://www.whw.hr/wp-content/uploads/2022/12/jmm-68-1-2.jpg","contentUrl":"https://www.whw.hr/wp-content/uploads/2022/12/jmm-68-1-2.jpg","width":2000,"height":1333,"caption":"whw / what, how & for whom"},"image":{"@id":"https://www.whw.hr/#/schema/logo/image/"},"sameAs":["https://www.instagram.com/whw_what.how.for.whom/","https://www.youtube.com/channel/UCYplGnLkNqPXZSBaJgv4mZw","https://www.facebook.com/galerijanova"]}]}</script>
<!-- / Yoast SEO plugin. -->

Beginning As Well As We Can (How Do We Talk About Fascism?) is a two-year collaborative project launched in 2012 by What, How and For Whom / WHW, and is realized in partnership with Tensta Konsthall (Stockholm) and Kunstverein Graz. The starting point of the project is a collection of essays by Rastko Močnik&nbsp; How&hellip;

Početi najbolje što se može (kako govorimo o fašizmu?) &ndash; whw

Početi najbolje što se može (kako govorimo o fašizmu?) dvogodišnji je suradnički projekt koji su 2012. pokrenuli Što, kako i za koga / WHW, a ostvaruje se

Početna stranica

Početi najbolje što se može (kako govorimo o fašizmu?)
