{"id":5252,"date":"2026-02-27T16:46:40","date_gmt":"2026-02-27T15:46:40","guid":{"rendered":"https:\/\/www.whw.hr\/novosti\/\/"},"modified":"2026-04-27T13:58:23","modified_gmt":"2026-04-27T11:58:23","slug":"jacanje-kreativnosti-i-kapaciteta-u-umjetnickom-obrazovanju-celje","status":"publish","type":"novosti","link":"https:\/\/www.whw.hr\/%novosti-slug%\/jacanje-kreativnosti-i-kapaciteta-u-umjetnickom-obrazovanju-celje\/","title":{"rendered":"Strengthening Creativity and Capacity in Art Education: Celje"},"content":{"rendered":"<p data-start=\"0\" data-end=\"270\">As part of the Erasmus+ Mobility Program (Field: Adult Education \/ Mode: Physical Mobility), WHW representatives Ana Kova\u010di\u0107 and Gordana Bori\u0107 participated in a job shadowing program in Celje, organised by Regional Museum of Celje, from 17 to 26 February. The program focused on observing the museum\u2019s educational, mediation and public programmes, as well as learning about how the institution plans its annual activities, develops collaborations, and connects educational content with exhibitions and audience engagement. The participants attended guided tours of the permanent exhibition at the Celje Regional Museum, as well as the Center for Contemporary Arts Celje, which operates within the museum institution. At the centre, they took part in a guided tour of the exhibition <em data-start=\"801\" data-end=\"826\">Drava Art Biennale 2025<\/em>, observed workshops and public programmes, and became familiar with the institution\u2019s internal processes of planning, coordination and evaluation. The program also included visits and meetings with local partners and artistic actors, including the art district with studios Artist Quarter U4, artist-in-residence Maximillian Lehner from Vienna, Studio Pelikan withinRegional Museum of Celje, and Museum of Recent History Celje. Particular attention was given to issues of accessibility, inclusivity, collaboration with diverse audiences, and the possibilities of transferring certain methods and tools into WHW\u2019s work. The mobility provided concrete insight into the everyday operations of cultural institutions in Celje and opened space for professional exchange, reflection, and the adaptation of acquired knowledge to WHW\u2019s future programmes.<\/p>\n<p data-start=\"1696\" data-end=\"1816\" data-is-last-node=\"\" data-is-only-node=\"\">The project is implemented with the support of the Erasmus+ Programme and the Agency for Mobility and EU Programmes.<\/p>\n<p data-start=\"1696\" data-end=\"1816\" data-is-last-node=\"\" data-is-only-node=\"\"><img loading=\"lazy\" decoding=\"async\" class=\"alignnone wp-image-5345\" src=\"https:\/\/www.whw.hr\/wp-content\/uploads\/2026\/02\/EN-Funded-by-the-EU-POS-1.jpg\" alt=\"\" width=\"286\" height=\"60\" srcset=\"https:\/\/www.whw.hr\/wp-content\/uploads\/2026\/02\/EN-Funded-by-the-EU-POS-1.jpg 4247w, https:\/\/www.whw.hr\/wp-content\/uploads\/2026\/02\/EN-Funded-by-the-EU-POS-1-1600x336.jpg 1600w, https:\/\/www.whw.hr\/wp-content\/uploads\/2026\/02\/EN-Funded-by-the-EU-POS-1-735x154.jpg 735w, https:\/\/www.whw.hr\/wp-content\/uploads\/2026\/02\/EN-Funded-by-the-EU-POS-1-450x94.jpg 450w\" sizes=\"auto, (max-width: 286px) 100vw, 286px\" \/><\/p>\n","protected":false},"excerpt":{"rendered":"<p>As part of the Erasmus+ Mobility Program (Field: Adult Education \/ Mode: Physical Mobility), WHW representatives Ana Kova\u010di\u0107 and Gordana Bori\u0107 participated in a job shadowing program in Celje, organised by Regional Museum of Celje, from 17 to 26 February. The program focused on observing the museum\u2019s educational, mediation and public programmes, as well as [&hellip;]<\/p>\n","protected":false},"author":2,"featured_media":5253,"menu_order":0,"template":"","meta":{"footnotes":""},"tags":[],"class_list":["post-5252","novosti","type-novosti","status-publish","has-post-thumbnail","hentry"],"acf":[],"yoast_head":"<!-- This site is optimized with the Yoast SEO plugin v19.14 - https:\/\/yoast.com\/wordpress\/plugins\/seo\/ -->\n<title>Strengthening Creativity and Capacity in Art Education: Celje<\/title>\n<meta name=\"description\" content=\"As part of the Erasmus+ Mobility Program (Field: Adult Education \/ Mode: Physical Mobility), WHW representatives Ana Kova\u010di\u0107 and Gordana Bori\u0107 participated in a job shadowing program in Celje, organised by Regional Museum of Celje, from 17 to 26 February. The program focused on observing the museum\u2019s educational, mediation and public programmes, as well as&hellip;\" \/>\n<meta name=\"robots\" content=\"index, follow, max-snippet:-1, max-image-preview:large, max-video-preview:-1\" \/>\n<link rel=\"canonical\" href=\"https:\/\/www.whw.hr\/%novosti-slug%\/jacanje-kreativnosti-i-kapaciteta-u-umjetnickom-obrazovanju-celje\/\" \/>\n<meta property=\"og:locale\" content=\"en_US\" \/>\n<meta property=\"og:type\" content=\"article\" \/>\n<meta property=\"og:title\" content=\"Strengthening Creativity and Capacity in Art Education: Celje\" \/>\n<meta property=\"og:description\" content=\"As part of the Erasmus+ Mobility Program (Field: Adult Education \/ Mode: Physical Mobility), WHW representatives Ana Kova\u010di\u0107 and Gordana Bori\u0107 participated in a job shadowing program in Celje, organised by Regional Museum of Celje, from 17 to 26 February. The program focused on observing the museum\u2019s educational, mediation and public programmes, as well as&hellip;\" \/>\n<meta property=\"og:url\" content=\"https:\/\/www.whw.hr\/%novosti-slug%\/jacanje-kreativnosti-i-kapaciteta-u-umjetnickom-obrazovanju-celje\/\" \/>\n<meta property=\"og:site_name\" content=\"whw\" \/>\n<meta property=\"article:publisher\" content=\"https:\/\/www.facebook.com\/galerijanova\" \/>\n<meta property=\"article:modified_time\" content=\"2026-04-27T11:58:23+00:00\" \/>\n<meta property=\"og:image\" content=\"https:\/\/www.whw.hr\/wp-content\/uploads\/2026\/03\/NASLOVNA.jpeg\" \/>\n\t<meta property=\"og:image:width\" content=\"2000\" \/>\n\t<meta property=\"og:image:height\" content=\"1500\" \/>\n\t<meta property=\"og:image:type\" content=\"image\/jpeg\" \/>\n<meta name=\"twitter:card\" content=\"summary_large_image\" \/>\n<meta name=\"twitter:label1\" content=\"Est. reading time\" \/>\n\t<meta name=\"twitter:data1\" content=\"2 minutes\" \/>\n<script type=\"application\/ld+json\" class=\"yoast-schema-graph\">{\"@context\":\"https:\/\/schema.org\",\"@graph\":[{\"@type\":\"WebPage\",\"@id\":\"https:\/\/www.whw.hr\/%novosti-slug%\/jacanje-kreativnosti-i-kapaciteta-u-umjetnickom-obrazovanju-celje\/\",\"url\":\"https:\/\/www.whw.hr\/%novosti-slug%\/jacanje-kreativnosti-i-kapaciteta-u-umjetnickom-obrazovanju-celje\/\",\"name\":\"Ja\u010danje kreativnosti i kapaciteta u umjetni\u010dkom obrazovanju: Celje &ndash; whw\",\"isPartOf\":{\"@id\":\"https:\/\/www.whw.hr\/#website\"},\"datePublished\":\"2026-02-27T15:46:40+00:00\",\"dateModified\":\"2026-04-27T11:58:23+00:00\",\"description\":\"U sklopu Erasmus+ programa mobilnosti (podru\u010dje: obrazovanje odraslih \/ oblik: fizi\u010dka mobilnost) predstavnice WHW-a Ana Kova\u010di\u0107 i Gordana Bori\u0107\",\"breadcrumb\":{\"@id\":\"https:\/\/www.whw.hr\/%novosti-slug%\/jacanje-kreativnosti-i-kapaciteta-u-umjetnickom-obrazovanju-celje\/#breadcrumb\"},\"inLanguage\":\"en-US\",\"potentialAction\":[{\"@type\":\"ReadAction\",\"target\":[\"https:\/\/www.whw.hr\/%novosti-slug%\/jacanje-kreativnosti-i-kapaciteta-u-umjetnickom-obrazovanju-celje\/\"]}]},{\"@type\":\"BreadcrumbList\",\"@id\":\"https:\/\/www.whw.hr\/%novosti-slug%\/jacanje-kreativnosti-i-kapaciteta-u-umjetnickom-obrazovanju-celje\/#breadcrumb\",\"itemListElement\":[{\"@type\":\"ListItem\",\"position\":1,\"name\":\"Po\u010detna stranica\",\"item\":\"https:\/\/www.whw.hr\/\"},{\"@type\":\"ListItem\",\"position\":2,\"name\":\"Ja\u010danje kreativnosti i kapaciteta u umjetni\u010dkom obrazovanju: Celje\"}]},{\"@type\":\"WebSite\",\"@id\":\"https:\/\/www.whw.hr\/#website\",\"url\":\"https:\/\/www.whw.hr\/\",\"name\":\"whw \/ what, how & for whom\",\"description\":\"what, how & for whom\",\"publisher\":{\"@id\":\"https:\/\/www.whw.hr\/#organization\"},\"alternateName\":\"whw\",\"potentialAction\":[{\"@type\":\"SearchAction\",\"target\":{\"@type\":\"EntryPoint\",\"urlTemplate\":\"https:\/\/www.whw.hr\/?s={search_term_string}\"},\"query-input\":\"required name=search_term_string\"}],\"inLanguage\":\"en-US\"},{\"@type\":\"Organization\",\"@id\":\"https:\/\/www.whw.hr\/#organization\",\"name\":\"whw \/ what, how & for whom\",\"alternateName\":\"whw\",\"url\":\"https:\/\/www.whw.hr\/\",\"logo\":{\"@type\":\"ImageObject\",\"inLanguage\":\"en-US\",\"@id\":\"https:\/\/www.whw.hr\/#\/schema\/logo\/image\/\",\"url\":\"https:\/\/www.whw.hr\/wp-content\/uploads\/2022\/12\/jmm-68-1-2.jpg\",\"contentUrl\":\"https:\/\/www.whw.hr\/wp-content\/uploads\/2022\/12\/jmm-68-1-2.jpg\",\"width\":2000,\"height\":1333,\"caption\":\"whw \/ what, how & for whom\"},\"image\":{\"@id\":\"https:\/\/www.whw.hr\/#\/schema\/logo\/image\/\"},\"sameAs\":[\"https:\/\/www.instagram.com\/whw_what.how.for.whom\/\",\"https:\/\/www.youtube.com\/channel\/UCYplGnLkNqPXZSBaJgv4mZw\",\"https:\/\/www.facebook.com\/galerijanova\"]}]}<\/script>\n<!-- \/ Yoast SEO plugin. -->","yoast_head_json":{"title":"Strengthening Creativity and Capacity in Art Education: Celje","description":"As part of the Erasmus+ Mobility Program (Field: Adult Education \/ Mode: Physical Mobility), WHW representatives Ana Kova\u010di\u0107 and Gordana Bori\u0107 participated in a job shadowing program in Celje, organised by Regional Museum of Celje, from 17 to 26 February. The program focused on observing the museum\u2019s educational, mediation and public programmes, as well as&hellip;","robots":{"index":"index","follow":"follow","max-snippet":"max-snippet:-1","max-image-preview":"max-image-preview:large","max-video-preview":"max-video-preview:-1"},"canonical":"https:\/\/www.whw.hr\/%novosti-slug%\/jacanje-kreativnosti-i-kapaciteta-u-umjetnickom-obrazovanju-celje\/","og_locale":"en_US","og_type":"article","og_title":"Strengthening Creativity and Capacity in Art Education: Celje","og_description":"As part of the Erasmus+ Mobility Program (Field: Adult Education \/ Mode: Physical Mobility), WHW representatives Ana Kova\u010di\u0107 and Gordana Bori\u0107 participated in a job shadowing program in Celje, organised by Regional Museum of Celje, from 17 to 26 February. The program focused on observing the museum\u2019s educational, mediation and public programmes, as well as&hellip;","og_url":"https:\/\/www.whw.hr\/%novosti-slug%\/jacanje-kreativnosti-i-kapaciteta-u-umjetnickom-obrazovanju-celje\/","og_site_name":"whw","article_publisher":"https:\/\/www.facebook.com\/galerijanova","article_modified_time":"2026-04-27T11:58:23+00:00","og_image":[{"width":2000,"height":1500,"url":"https:\/\/www.whw.hr\/wp-content\/uploads\/2026\/03\/NASLOVNA.jpeg","type":"image\/jpeg"}],"twitter_card":"summary_large_image","twitter_misc":{"Est. reading time":"2 minutes"},"schema":{"@context":"https:\/\/schema.org","@graph":[{"@type":"WebPage","@id":"https:\/\/www.whw.hr\/%novosti-slug%\/jacanje-kreativnosti-i-kapaciteta-u-umjetnickom-obrazovanju-celje\/","url":"https:\/\/www.whw.hr\/%novosti-slug%\/jacanje-kreativnosti-i-kapaciteta-u-umjetnickom-obrazovanju-celje\/","name":"Ja\u010danje kreativnosti i kapaciteta u umjetni\u010dkom obrazovanju: Celje &ndash; whw","isPartOf":{"@id":"https:\/\/www.whw.hr\/#website"},"datePublished":"2026-02-27T15:46:40+00:00","dateModified":"2026-04-27T11:58:23+00:00","description":"U sklopu Erasmus+ programa mobilnosti (podru\u010dje: obrazovanje odraslih \/ oblik: fizi\u010dka mobilnost) predstavnice WHW-a Ana Kova\u010di\u0107 i Gordana Bori\u0107","breadcrumb":{"@id":"https:\/\/www.whw.hr\/%novosti-slug%\/jacanje-kreativnosti-i-kapaciteta-u-umjetnickom-obrazovanju-celje\/#breadcrumb"},"inLanguage":"en-US","potentialAction":[{"@type":"ReadAction","target":["https:\/\/www.whw.hr\/%novosti-slug%\/jacanje-kreativnosti-i-kapaciteta-u-umjetnickom-obrazovanju-celje\/"]}]},{"@type":"BreadcrumbList","@id":"https:\/\/www.whw.hr\/%novosti-slug%\/jacanje-kreativnosti-i-kapaciteta-u-umjetnickom-obrazovanju-celje\/#breadcrumb","itemListElement":[{"@type":"ListItem","position":1,"name":"Po\u010detna stranica","item":"https:\/\/www.whw.hr\/"},{"@type":"ListItem","position":2,"name":"Ja\u010danje kreativnosti i kapaciteta u umjetni\u010dkom obrazovanju: Celje"}]},{"@type":"WebSite","@id":"https:\/\/www.whw.hr\/#website","url":"https:\/\/www.whw.hr\/","name":"whw \/ what, how & for whom","description":"what, how & for whom","publisher":{"@id":"https:\/\/www.whw.hr\/#organization"},"alternateName":"whw","potentialAction":[{"@type":"SearchAction","target":{"@type":"EntryPoint","urlTemplate":"https:\/\/www.whw.hr\/?s={search_term_string}"},"query-input":"required name=search_term_string"}],"inLanguage":"en-US"},{"@type":"Organization","@id":"https:\/\/www.whw.hr\/#organization","name":"whw \/ what, how & for whom","alternateName":"whw","url":"https:\/\/www.whw.hr\/","logo":{"@type":"ImageObject","inLanguage":"en-US","@id":"https:\/\/www.whw.hr\/#\/schema\/logo\/image\/","url":"https:\/\/www.whw.hr\/wp-content\/uploads\/2022\/12\/jmm-68-1-2.jpg","contentUrl":"https:\/\/www.whw.hr\/wp-content\/uploads\/2022\/12\/jmm-68-1-2.jpg","width":2000,"height":1333,"caption":"whw \/ what, how & for whom"},"image":{"@id":"https:\/\/www.whw.hr\/#\/schema\/logo\/image\/"},"sameAs":["https:\/\/www.instagram.com\/whw_what.how.for.whom\/","https:\/\/www.youtube.com\/channel\/UCYplGnLkNqPXZSBaJgv4mZw","https:\/\/www.facebook.com\/galerijanova"]}]}},"_links":{"self":[{"href":"https:\/\/www.whw.hr\/wp-json\/wp\/v2\/novosti\/5252","targetHints":{"allow":["GET"]}}],"collection":[{"href":"https:\/\/www.whw.hr\/wp-json\/wp\/v2\/novosti"}],"about":[{"href":"https:\/\/www.whw.hr\/wp-json\/wp\/v2\/types\/novosti"}],"author":[{"embeddable":true,"href":"https:\/\/www.whw.hr\/wp-json\/wp\/v2\/users\/2"}],"version-history":[{"count":6,"href":"https:\/\/www.whw.hr\/wp-json\/wp\/v2\/novosti\/5252\/revisions"}],"predecessor-version":[{"id":5346,"href":"https:\/\/www.whw.hr\/wp-json\/wp\/v2\/novosti\/5252\/revisions\/5346"}],"wp:featuredmedia":[{"embeddable":true,"href":"https:\/\/www.whw.hr\/wp-json\/wp\/v2\/media\/5253"}],"wp:attachment":[{"href":"https:\/\/www.whw.hr\/wp-json\/wp\/v2\/media?parent=5252"}],"wp:term":[{"taxonomy":"post_tag","embeddable":true,"href":"https:\/\/www.whw.hr\/wp-json\/wp\/v2\/tags?post=5252"}],"curies":[{"name":"wp","href":"https:\/\/api.w.org\/{rel}","templated":true}]}}

<p data-start="0" data-end="270">As part of the Erasmus+ Mobility Program (Field: Adult Education / Mode: Physical Mobility), WHW representatives Ana Kovačić and Gordana Borić participated in a job shadowing program in Celje, organised by Regional Museum of Celje, from 17 to 26 February. The program focused on observing the museum’s educational, mediation and public programmes, as well as learning about how the institution plans its annual activities, develops collaborations, and connects educational content with exhibitions and audience engagement. The participants attended guided tours of the permanent exhibition at the Celje Regional Museum, as well as the Center for Contemporary Arts Celje, which operates within the museum institution. At the centre, they took part in a guided tour of the exhibition <em data-start="801" data-end="826">Drava Art Biennale 2025</em>, observed workshops and public programmes, and became familiar with the institution’s internal processes of planning, coordination and evaluation. The program also included visits and meetings with local partners and artistic actors, including the art district with studios Artist Quarter U4, artist-in-residence Maximillian Lehner from Vienna, Studio Pelikan withinRegional Museum of Celje, and Museum of Recent History Celje. Particular attention was given to issues of accessibility, inclusivity, collaboration with diverse audiences, and the possibilities of transferring certain methods and tools into WHW’s work. The mobility provided concrete insight into the everyday operations of cultural institutions in Celje and opened space for professional exchange, reflection, and the adaptation of acquired knowledge to WHW’s future programmes.</p>
<p data-start="1696" data-end="1816" data-is-last-node="" data-is-only-node="">The project is implemented with the support of the Erasmus+ Programme and the Agency for Mobility and EU Programmes.</p>
<p data-start="1696" data-end="1816" data-is-last-node="" data-is-only-node=""><img loading="lazy" decoding="async" class="alignnone wp-image-5345" src="https://www.whw.hr/wp-content/uploads/2026/02/EN-Funded-by-the-EU-POS-1.jpg" alt="" width="286" height="60" srcset="https://www.whw.hr/wp-content/uploads/2026/02/EN-Funded-by-the-EU-POS-1.jpg 4247w, https://www.whw.hr/wp-content/uploads/2026/02/EN-Funded-by-the-EU-POS-1-1600x336.jpg 1600w, https://www.whw.hr/wp-content/uploads/2026/02/EN-Funded-by-the-EU-POS-1-735x154.jpg 735w, https://www.whw.hr/wp-content/uploads/2026/02/EN-Funded-by-the-EU-POS-1-450x94.jpg 450w" sizes="auto, (max-width: 286px) 100vw, 286px" /></p>

<p>As part of the Erasmus+ Mobility Program (Field: Adult Education / Mode: Physical Mobility), WHW representatives Ana Kovačić and Gordana Borić participated in a job shadowing program in Celje, organised by Regional Museum of Celje, from 17 to 26 February. The program focused on observing the museum’s educational, mediation and public programmes, as well as [&hellip;]</p>

<!-- This site is optimized with the Yoast SEO plugin v19.14 - https://yoast.com/wordpress/plugins/seo/ -->
<title>Strengthening Creativity and Capacity in Art Education: Celje</title>
<meta name="description" content="As part of the Erasmus+ Mobility Program (Field: Adult Education / Mode: Physical Mobility), WHW representatives Ana Kovačić and Gordana Borić participated in a job shadowing program in Celje, organised by Regional Museum of Celje, from 17 to 26 February. The program focused on observing the museum’s educational, mediation and public programmes, as well as&hellip;" />
<meta name="robots" content="index, follow, max-snippet:-1, max-image-preview:large, max-video-preview:-1" />
<link rel="canonical" href="https://www.whw.hr/%novosti-slug%/jacanje-kreativnosti-i-kapaciteta-u-umjetnickom-obrazovanju-celje/" />
<meta property="og:locale" content="en_US" />
<meta property="og:type" content="article" />
<meta property="og:title" content="Strengthening Creativity and Capacity in Art Education: Celje" />
<meta property="og:description" content="As part of the Erasmus+ Mobility Program (Field: Adult Education / Mode: Physical Mobility), WHW representatives Ana Kovačić and Gordana Borić participated in a job shadowing program in Celje, organised by Regional Museum of Celje, from 17 to 26 February. The program focused on observing the museum’s educational, mediation and public programmes, as well as&hellip;" />
<meta property="og:url" content="https://www.whw.hr/%novosti-slug%/jacanje-kreativnosti-i-kapaciteta-u-umjetnickom-obrazovanju-celje/" />
<meta property="og:site_name" content="whw" />
<meta property="article:publisher" content="https://www.facebook.com/galerijanova" />
<meta property="article:modified_time" content="2026-04-27T11:58:23+00:00" />
<meta property="og:image" content="https://www.whw.hr/wp-content/uploads/2026/03/NASLOVNA.jpeg" />
	<meta property="og:image:width" content="2000" />
	<meta property="og:image:height" content="1500" />
	<meta property="og:image:type" content="image/jpeg" />
<meta name="twitter:card" content="summary_large_image" />
<meta name="twitter:label1" content="Est. reading time" />
	<meta name="twitter:data1" content="2 minutes" />
<script type="application/ld+json" class="yoast-schema-graph">{"@context":"https://schema.org","@graph":[{"@type":"WebPage","@id":"https://www.whw.hr/%novosti-slug%/jacanje-kreativnosti-i-kapaciteta-u-umjetnickom-obrazovanju-celje/","url":"https://www.whw.hr/%novosti-slug%/jacanje-kreativnosti-i-kapaciteta-u-umjetnickom-obrazovanju-celje/","name":"Jačanje kreativnosti i kapaciteta u umjetničkom obrazovanju: Celje &ndash; whw","isPartOf":{"@id":"https://www.whw.hr/#website"},"datePublished":"2026-02-27T15:46:40+00:00","dateModified":"2026-04-27T11:58:23+00:00","description":"U sklopu Erasmus+ programa mobilnosti (područje: obrazovanje odraslih / oblik: fizička mobilnost) predstavnice WHW-a Ana Kovačić i Gordana Borić","breadcrumb":{"@id":"https://www.whw.hr/%novosti-slug%/jacanje-kreativnosti-i-kapaciteta-u-umjetnickom-obrazovanju-celje/#breadcrumb"},"inLanguage":"en-US","potentialAction":[{"@type":"ReadAction","target":["https://www.whw.hr/%novosti-slug%/jacanje-kreativnosti-i-kapaciteta-u-umjetnickom-obrazovanju-celje/"]}]},{"@type":"BreadcrumbList","@id":"https://www.whw.hr/%novosti-slug%/jacanje-kreativnosti-i-kapaciteta-u-umjetnickom-obrazovanju-celje/#breadcrumb","itemListElement":[{"@type":"ListItem","position":1,"name":"Početna stranica","item":"https://www.whw.hr/"},{"@type":"ListItem","position":2,"name":"Jačanje kreativnosti i kapaciteta u umjetničkom obrazovanju: Celje"}]},{"@type":"WebSite","@id":"https://www.whw.hr/#website","url":"https://www.whw.hr/","name":"whw / what, how & for whom","description":"what, how & for whom","publisher":{"@id":"https://www.whw.hr/#organization"},"alternateName":"whw","potentialAction":[{"@type":"SearchAction","target":{"@type":"EntryPoint","urlTemplate":"https://www.whw.hr/?s={search_term_string}"},"query-input":"required name=search_term_string"}],"inLanguage":"en-US"},{"@type":"Organization","@id":"https://www.whw.hr/#organization","name":"whw / what, how & for whom","alternateName":"whw","url":"https://www.whw.hr/","logo":{"@type":"ImageObject","inLanguage":"en-US","@id":"https://www.whw.hr/#/schema/logo/image/","url":"https://www.whw.hr/wp-content/uploads/2022/12/jmm-68-1-2.jpg","contentUrl":"https://www.whw.hr/wp-content/uploads/2022/12/jmm-68-1-2.jpg","width":2000,"height":1333,"caption":"whw / what, how & for whom"},"image":{"@id":"https://www.whw.hr/#/schema/logo/image/"},"sameAs":["https://www.instagram.com/whw_what.how.for.whom/","https://www.youtube.com/channel/UCYplGnLkNqPXZSBaJgv4mZw","https://www.facebook.com/galerijanova"]}]}</script>
<!-- / Yoast SEO plugin. -->

As part of the Erasmus+ Mobility Program (Field: Adult Education / Mode: Physical Mobility), WHW representatives Ana Kovačić and Gordana Borić participated in a job shadowing program in Celje, organised by Regional Museum of Celje, from 17 to 26 February. The program focused on observing the museum’s educational, mediation and public programmes, as well as&hellip;

Jačanje kreativnosti i kapaciteta u umjetničkom obrazovanju: Celje &ndash; whw

U sklopu Erasmus+ programa mobilnosti (područje: obrazovanje odraslih / oblik: fizička mobilnost) predstavnice WHW-a Ana Kovačić i Gordana Borić

Početna stranica

Jačanje kreativnosti i kapaciteta u umjetničkom obrazovanju: Celje
