{"id":4918,"date":"2025-07-28T10:50:37","date_gmt":"2025-07-28T08:50:37","guid":{"rendered":"https:\/\/www.whw.hr\/novosti\/\/"},"modified":"2026-04-27T14:01:48","modified_gmt":"2026-04-27T12:01:48","slug":"mediteranski-dijalozi-jacanje-kreativnosti-i-kapaciteta-u-umjetnickom-obrazovanju","status":"publish","type":"novosti","link":"https:\/\/www.whw.hr\/%novosti-slug%\/mediteranski-dijalozi-jacanje-kreativnosti-i-kapaciteta-u-umjetnickom-obrazovanju\/","title":{"rendered":"Mediterranean Dialogues: Strengthening Creativity and Capacity in Art Education"},"content":{"rendered":"<p>As part of the Erasmus+ Mobility program (Field: Adult Education \/ Mode: Physical Mobility) in Porto, Ana Devi\u0107, Gordana Bori\u0107 and Ana Kova\u010di\u0107 participated in a comprehensive program hosted by Galeria Municipal do Porto from the 14th until the 19th of July 2025. Their daily activities included in-depth job shadowing at the gallery and multiple guided visits to partner institutions and local contemporary art spaces. These included studio visits to the Municipal Ateliers of Porto, where they met artists currently in residence, as well as to Coletivo BARDA. WHW team also visited several exhibitions across Porto, such as Loose Lips Sink Ships at Lehmann Contemporary, featuring artist Pouran Jinchi, and the group show Ambar at Mais Silva Gallery. Additionally, they visited Mute Track at Sism\u00f3grafo and engaged with Lucid Reverie, a major exhibition at Galeria Municipal do Porto showcasing new curatorial approaches within Portuguese contemporary art. The program provided valuable insights into local artistic ecosystems and fostered meaningful professional exchange.<\/p>\n<p>The project is implemented with the support of the Erasmus+ Programme and the Agency for Mobility and EU Programmes.<\/p>\n<p><img loading=\"lazy\" decoding=\"async\" class=\"alignnone wp-image-5345\" src=\"https:\/\/www.whw.hr\/wp-content\/uploads\/2026\/02\/EN-Funded-by-the-EU-POS-1.jpg\" alt=\"\" width=\"301\" height=\"63\" srcset=\"https:\/\/www.whw.hr\/wp-content\/uploads\/2026\/02\/EN-Funded-by-the-EU-POS-1.jpg 4247w, https:\/\/www.whw.hr\/wp-content\/uploads\/2026\/02\/EN-Funded-by-the-EU-POS-1-1600x336.jpg 1600w, https:\/\/www.whw.hr\/wp-content\/uploads\/2026\/02\/EN-Funded-by-the-EU-POS-1-735x154.jpg 735w, https:\/\/www.whw.hr\/wp-content\/uploads\/2026\/02\/EN-Funded-by-the-EU-POS-1-450x94.jpg 450w\" sizes=\"auto, (max-width: 301px) 100vw, 301px\" \/><\/p>\n","protected":false},"excerpt":{"rendered":"<p>As part of the Erasmus+ Mobility program (Field: Adult Education \/ Mode: Physical Mobility) in Porto, Ana Devi\u0107, Gordana Bori\u0107 and Ana Kova\u010di\u0107 participated in a comprehensive program hosted by Galeria Municipal do Porto from the 14th until the 19th of July 2025. Their daily activities included in-depth job shadowing at the gallery and multiple [&hellip;]<\/p>\n","protected":false},"author":2,"featured_media":4919,"menu_order":0,"template":"","meta":{"footnotes":""},"tags":[137,44,891,946,947],"class_list":["post-4918","novosti","type-novosti","status-publish","has-post-thumbnail","hentry","tag-ana-devic","tag-ana-kovacic","tag-erasmus","tag-galeria-municipal-do-porto","tag-gordana-boric"],"acf":[],"yoast_head":"<!-- This site is optimized with the Yoast SEO plugin v19.14 - https:\/\/yoast.com\/wordpress\/plugins\/seo\/ -->\n<title>Mediterranean Dialogues: Strengthening Creativity and Capacity in Art Education<\/title>\n<meta name=\"description\" content=\"As part of the Erasmus+ Mobility program (Field: Adult Education \/ Mode: Physical Mobility) in Porto, Ana Devi\u0107, Gordana Bori\u0107 and Ana Kova\u010di\u0107 participated in a comprehensive program hosted by Galeria Municipal do Porto from the 14th until the 19th of July 2025. Their daily activities included in-depth job shadowing at the gallery and multiple&hellip;\" \/>\n<meta name=\"robots\" content=\"index, follow, max-snippet:-1, max-image-preview:large, max-video-preview:-1\" \/>\n<link rel=\"canonical\" href=\"https:\/\/www.whw.hr\/%novosti-slug%\/mediteranski-dijalozi-jacanje-kreativnosti-i-kapaciteta-u-umjetnickom-obrazovanju\/\" \/>\n<meta property=\"og:locale\" content=\"en_US\" \/>\n<meta property=\"og:type\" content=\"article\" \/>\n<meta property=\"og:title\" content=\"Mediterranean Dialogues: Strengthening Creativity and Capacity in Art Education\" \/>\n<meta property=\"og:description\" content=\"As part of the Erasmus+ Mobility program (Field: Adult Education \/ Mode: Physical Mobility) in Porto, Ana Devi\u0107, Gordana Bori\u0107 and Ana Kova\u010di\u0107 participated in a comprehensive program hosted by Galeria Municipal do Porto from the 14th until the 19th of July 2025. Their daily activities included in-depth job shadowing at the gallery and multiple&hellip;\" \/>\n<meta property=\"og:url\" content=\"https:\/\/www.whw.hr\/%novosti-slug%\/mediteranski-dijalozi-jacanje-kreativnosti-i-kapaciteta-u-umjetnickom-obrazovanju\/\" \/>\n<meta property=\"og:site_name\" content=\"whw\" \/>\n<meta property=\"article:publisher\" content=\"https:\/\/www.facebook.com\/galerijanova\" \/>\n<meta property=\"article:modified_time\" content=\"2026-04-27T12:01:48+00:00\" \/>\n<meta property=\"og:image\" content=\"https:\/\/www.whw.hr\/wp-content\/uploads\/2025\/07\/Naslovna.jpg\" \/>\n\t<meta property=\"og:image:width\" content=\"4032\" \/>\n\t<meta property=\"og:image:height\" content=\"3024\" \/>\n\t<meta property=\"og:image:type\" content=\"image\/jpeg\" \/>\n<meta name=\"twitter:card\" content=\"summary_large_image\" \/>\n<meta name=\"twitter:label1\" content=\"Est. reading time\" \/>\n\t<meta name=\"twitter:data1\" content=\"2 minutes\" \/>\n<script type=\"application\/ld+json\" class=\"yoast-schema-graph\">{\"@context\":\"https:\/\/schema.org\",\"@graph\":[{\"@type\":\"WebPage\",\"@id\":\"https:\/\/www.whw.hr\/%novosti-slug%\/mediteranski-dijalozi-jacanje-kreativnosti-i-kapaciteta-u-umjetnickom-obrazovanju\/\",\"url\":\"https:\/\/www.whw.hr\/%novosti-slug%\/mediteranski-dijalozi-jacanje-kreativnosti-i-kapaciteta-u-umjetnickom-obrazovanju\/\",\"name\":\"Mediteranski dijalozi: Ja\u010danje kreativnosti i kapaciteta u umjetni\u010dkom obrazovanju &ndash; whw\",\"isPartOf\":{\"@id\":\"https:\/\/www.whw.hr\/#website\"},\"datePublished\":\"2025-07-28T08:50:37+00:00\",\"dateModified\":\"2026-04-27T12:01:48+00:00\",\"description\":\"U sklopu Erasmus+ programa mobilnosti (podru\u010dje: obrazovanje odraslih \/ oblik: fizi\u010dka mobilnost) u Portu, Ana Devi\u0107, Gordana Bori\u0107 i Ana Kova\u010di\u0107\",\"breadcrumb\":{\"@id\":\"https:\/\/www.whw.hr\/%novosti-slug%\/mediteranski-dijalozi-jacanje-kreativnosti-i-kapaciteta-u-umjetnickom-obrazovanju\/#breadcrumb\"},\"inLanguage\":\"en-US\",\"potentialAction\":[{\"@type\":\"ReadAction\",\"target\":[\"https:\/\/www.whw.hr\/%novosti-slug%\/mediteranski-dijalozi-jacanje-kreativnosti-i-kapaciteta-u-umjetnickom-obrazovanju\/\"]}]},{\"@type\":\"BreadcrumbList\",\"@id\":\"https:\/\/www.whw.hr\/%novosti-slug%\/mediteranski-dijalozi-jacanje-kreativnosti-i-kapaciteta-u-umjetnickom-obrazovanju\/#breadcrumb\",\"itemListElement\":[{\"@type\":\"ListItem\",\"position\":1,\"name\":\"Po\u010detna stranica\",\"item\":\"https:\/\/www.whw.hr\/\"},{\"@type\":\"ListItem\",\"position\":2,\"name\":\"Mediteranski dijalozi: Ja\u010danje kreativnosti i kapaciteta u umjetni\u010dkom obrazovanju\"}]},{\"@type\":\"WebSite\",\"@id\":\"https:\/\/www.whw.hr\/#website\",\"url\":\"https:\/\/www.whw.hr\/\",\"name\":\"whw \/ what, how & for whom\",\"description\":\"what, how & for whom\",\"publisher\":{\"@id\":\"https:\/\/www.whw.hr\/#organization\"},\"alternateName\":\"whw\",\"potentialAction\":[{\"@type\":\"SearchAction\",\"target\":{\"@type\":\"EntryPoint\",\"urlTemplate\":\"https:\/\/www.whw.hr\/?s={search_term_string}\"},\"query-input\":\"required name=search_term_string\"}],\"inLanguage\":\"en-US\"},{\"@type\":\"Organization\",\"@id\":\"https:\/\/www.whw.hr\/#organization\",\"name\":\"whw \/ what, how & for whom\",\"alternateName\":\"whw\",\"url\":\"https:\/\/www.whw.hr\/\",\"logo\":{\"@type\":\"ImageObject\",\"inLanguage\":\"en-US\",\"@id\":\"https:\/\/www.whw.hr\/#\/schema\/logo\/image\/\",\"url\":\"https:\/\/www.whw.hr\/wp-content\/uploads\/2022\/12\/jmm-68-1-2.jpg\",\"contentUrl\":\"https:\/\/www.whw.hr\/wp-content\/uploads\/2022\/12\/jmm-68-1-2.jpg\",\"width\":2000,\"height\":1333,\"caption\":\"whw \/ what, how & for whom\"},\"image\":{\"@id\":\"https:\/\/www.whw.hr\/#\/schema\/logo\/image\/\"},\"sameAs\":[\"https:\/\/www.instagram.com\/whw_what.how.for.whom\/\",\"https:\/\/www.youtube.com\/channel\/UCYplGnLkNqPXZSBaJgv4mZw\",\"https:\/\/www.facebook.com\/galerijanova\"]}]}<\/script>\n<!-- \/ Yoast SEO plugin. -->","yoast_head_json":{"title":"Mediterranean Dialogues: Strengthening Creativity and Capacity in Art Education","description":"As part of the Erasmus+ Mobility program (Field: Adult Education \/ Mode: Physical Mobility) in Porto, Ana Devi\u0107, Gordana Bori\u0107 and Ana Kova\u010di\u0107 participated in a comprehensive program hosted by Galeria Municipal do Porto from the 14th until the 19th of July 2025. Their daily activities included in-depth job shadowing at the gallery and multiple&hellip;","robots":{"index":"index","follow":"follow","max-snippet":"max-snippet:-1","max-image-preview":"max-image-preview:large","max-video-preview":"max-video-preview:-1"},"canonical":"https:\/\/www.whw.hr\/%novosti-slug%\/mediteranski-dijalozi-jacanje-kreativnosti-i-kapaciteta-u-umjetnickom-obrazovanju\/","og_locale":"en_US","og_type":"article","og_title":"Mediterranean Dialogues: Strengthening Creativity and Capacity in Art Education","og_description":"As part of the Erasmus+ Mobility program (Field: Adult Education \/ Mode: Physical Mobility) in Porto, Ana Devi\u0107, Gordana Bori\u0107 and Ana Kova\u010di\u0107 participated in a comprehensive program hosted by Galeria Municipal do Porto from the 14th until the 19th of July 2025. Their daily activities included in-depth job shadowing at the gallery and multiple&hellip;","og_url":"https:\/\/www.whw.hr\/%novosti-slug%\/mediteranski-dijalozi-jacanje-kreativnosti-i-kapaciteta-u-umjetnickom-obrazovanju\/","og_site_name":"whw","article_publisher":"https:\/\/www.facebook.com\/galerijanova","article_modified_time":"2026-04-27T12:01:48+00:00","og_image":[{"width":4032,"height":3024,"url":"https:\/\/www.whw.hr\/wp-content\/uploads\/2025\/07\/Naslovna.jpg","type":"image\/jpeg"}],"twitter_card":"summary_large_image","twitter_misc":{"Est. reading time":"2 minutes"},"schema":{"@context":"https:\/\/schema.org","@graph":[{"@type":"WebPage","@id":"https:\/\/www.whw.hr\/%novosti-slug%\/mediteranski-dijalozi-jacanje-kreativnosti-i-kapaciteta-u-umjetnickom-obrazovanju\/","url":"https:\/\/www.whw.hr\/%novosti-slug%\/mediteranski-dijalozi-jacanje-kreativnosti-i-kapaciteta-u-umjetnickom-obrazovanju\/","name":"Mediteranski dijalozi: Ja\u010danje kreativnosti i kapaciteta u umjetni\u010dkom obrazovanju &ndash; whw","isPartOf":{"@id":"https:\/\/www.whw.hr\/#website"},"datePublished":"2025-07-28T08:50:37+00:00","dateModified":"2026-04-27T12:01:48+00:00","description":"U sklopu Erasmus+ programa mobilnosti (podru\u010dje: obrazovanje odraslih \/ oblik: fizi\u010dka mobilnost) u Portu, Ana Devi\u0107, Gordana Bori\u0107 i Ana Kova\u010di\u0107","breadcrumb":{"@id":"https:\/\/www.whw.hr\/%novosti-slug%\/mediteranski-dijalozi-jacanje-kreativnosti-i-kapaciteta-u-umjetnickom-obrazovanju\/#breadcrumb"},"inLanguage":"en-US","potentialAction":[{"@type":"ReadAction","target":["https:\/\/www.whw.hr\/%novosti-slug%\/mediteranski-dijalozi-jacanje-kreativnosti-i-kapaciteta-u-umjetnickom-obrazovanju\/"]}]},{"@type":"BreadcrumbList","@id":"https:\/\/www.whw.hr\/%novosti-slug%\/mediteranski-dijalozi-jacanje-kreativnosti-i-kapaciteta-u-umjetnickom-obrazovanju\/#breadcrumb","itemListElement":[{"@type":"ListItem","position":1,"name":"Po\u010detna stranica","item":"https:\/\/www.whw.hr\/"},{"@type":"ListItem","position":2,"name":"Mediteranski dijalozi: Ja\u010danje kreativnosti i kapaciteta u umjetni\u010dkom obrazovanju"}]},{"@type":"WebSite","@id":"https:\/\/www.whw.hr\/#website","url":"https:\/\/www.whw.hr\/","name":"whw \/ what, how & for whom","description":"what, how & for whom","publisher":{"@id":"https:\/\/www.whw.hr\/#organization"},"alternateName":"whw","potentialAction":[{"@type":"SearchAction","target":{"@type":"EntryPoint","urlTemplate":"https:\/\/www.whw.hr\/?s={search_term_string}"},"query-input":"required name=search_term_string"}],"inLanguage":"en-US"},{"@type":"Organization","@id":"https:\/\/www.whw.hr\/#organization","name":"whw \/ what, how & for whom","alternateName":"whw","url":"https:\/\/www.whw.hr\/","logo":{"@type":"ImageObject","inLanguage":"en-US","@id":"https:\/\/www.whw.hr\/#\/schema\/logo\/image\/","url":"https:\/\/www.whw.hr\/wp-content\/uploads\/2022\/12\/jmm-68-1-2.jpg","contentUrl":"https:\/\/www.whw.hr\/wp-content\/uploads\/2022\/12\/jmm-68-1-2.jpg","width":2000,"height":1333,"caption":"whw \/ what, how & for whom"},"image":{"@id":"https:\/\/www.whw.hr\/#\/schema\/logo\/image\/"},"sameAs":["https:\/\/www.instagram.com\/whw_what.how.for.whom\/","https:\/\/www.youtube.com\/channel\/UCYplGnLkNqPXZSBaJgv4mZw","https:\/\/www.facebook.com\/galerijanova"]}]}},"_links":{"self":[{"href":"https:\/\/www.whw.hr\/wp-json\/wp\/v2\/novosti\/4918","targetHints":{"allow":["GET"]}}],"collection":[{"href":"https:\/\/www.whw.hr\/wp-json\/wp\/v2\/novosti"}],"about":[{"href":"https:\/\/www.whw.hr\/wp-json\/wp\/v2\/types\/novosti"}],"author":[{"embeddable":true,"href":"https:\/\/www.whw.hr\/wp-json\/wp\/v2\/users\/2"}],"version-history":[{"count":5,"href":"https:\/\/www.whw.hr\/wp-json\/wp\/v2\/novosti\/4918\/revisions"}],"predecessor-version":[{"id":5348,"href":"https:\/\/www.whw.hr\/wp-json\/wp\/v2\/novosti\/4918\/revisions\/5348"}],"wp:featuredmedia":[{"embeddable":true,"href":"https:\/\/www.whw.hr\/wp-json\/wp\/v2\/media\/4919"}],"wp:attachment":[{"href":"https:\/\/www.whw.hr\/wp-json\/wp\/v2\/media?parent=4918"}],"wp:term":[{"taxonomy":"post_tag","embeddable":true,"href":"https:\/\/www.whw.hr\/wp-json\/wp\/v2\/tags?post=4918"}],"curies":[{"name":"wp","href":"https:\/\/api.w.org\/{rel}","templated":true}]}}

<p>As part of the Erasmus+ Mobility program (Field: Adult Education / Mode: Physical Mobility) in Porto, Ana Dević, Gordana Borić and Ana Kovačić participated in a comprehensive program hosted by Galeria Municipal do Porto from the 14th until the 19th of July 2025. Their daily activities included in-depth job shadowing at the gallery and multiple guided visits to partner institutions and local contemporary art spaces. These included studio visits to the Municipal Ateliers of Porto, where they met artists currently in residence, as well as to Coletivo BARDA. WHW team also visited several exhibitions across Porto, such as Loose Lips Sink Ships at Lehmann Contemporary, featuring artist Pouran Jinchi, and the group show Ambar at Mais Silva Gallery. Additionally, they visited Mute Track at Sismógrafo and engaged with Lucid Reverie, a major exhibition at Galeria Municipal do Porto showcasing new curatorial approaches within Portuguese contemporary art. The program provided valuable insights into local artistic ecosystems and fostered meaningful professional exchange.</p>
<p>The project is implemented with the support of the Erasmus+ Programme and the Agency for Mobility and EU Programmes.</p>
<p><img loading="lazy" decoding="async" class="alignnone wp-image-5345" src="https://www.whw.hr/wp-content/uploads/2026/02/EN-Funded-by-the-EU-POS-1.jpg" alt="" width="301" height="63" srcset="https://www.whw.hr/wp-content/uploads/2026/02/EN-Funded-by-the-EU-POS-1.jpg 4247w, https://www.whw.hr/wp-content/uploads/2026/02/EN-Funded-by-the-EU-POS-1-1600x336.jpg 1600w, https://www.whw.hr/wp-content/uploads/2026/02/EN-Funded-by-the-EU-POS-1-735x154.jpg 735w, https://www.whw.hr/wp-content/uploads/2026/02/EN-Funded-by-the-EU-POS-1-450x94.jpg 450w" sizes="auto, (max-width: 301px) 100vw, 301px" /></p>

<p>As part of the Erasmus+ Mobility program (Field: Adult Education / Mode: Physical Mobility) in Porto, Ana Dević, Gordana Borić and Ana Kovačić participated in a comprehensive program hosted by Galeria Municipal do Porto from the 14th until the 19th of July 2025. Their daily activities included in-depth job shadowing at the gallery and multiple [&hellip;]</p>

<!-- This site is optimized with the Yoast SEO plugin v19.14 - https://yoast.com/wordpress/plugins/seo/ -->
<title>Mediterranean Dialogues: Strengthening Creativity and Capacity in Art Education</title>
<meta name="description" content="As part of the Erasmus+ Mobility program (Field: Adult Education / Mode: Physical Mobility) in Porto, Ana Dević, Gordana Borić and Ana Kovačić participated in a comprehensive program hosted by Galeria Municipal do Porto from the 14th until the 19th of July 2025. Their daily activities included in-depth job shadowing at the gallery and multiple&hellip;" />
<meta name="robots" content="index, follow, max-snippet:-1, max-image-preview:large, max-video-preview:-1" />
<link rel="canonical" href="https://www.whw.hr/%novosti-slug%/mediteranski-dijalozi-jacanje-kreativnosti-i-kapaciteta-u-umjetnickom-obrazovanju/" />
<meta property="og:locale" content="en_US" />
<meta property="og:type" content="article" />
<meta property="og:title" content="Mediterranean Dialogues: Strengthening Creativity and Capacity in Art Education" />
<meta property="og:description" content="As part of the Erasmus+ Mobility program (Field: Adult Education / Mode: Physical Mobility) in Porto, Ana Dević, Gordana Borić and Ana Kovačić participated in a comprehensive program hosted by Galeria Municipal do Porto from the 14th until the 19th of July 2025. Their daily activities included in-depth job shadowing at the gallery and multiple&hellip;" />
<meta property="og:url" content="https://www.whw.hr/%novosti-slug%/mediteranski-dijalozi-jacanje-kreativnosti-i-kapaciteta-u-umjetnickom-obrazovanju/" />
<meta property="og:site_name" content="whw" />
<meta property="article:publisher" content="https://www.facebook.com/galerijanova" />
<meta property="article:modified_time" content="2026-04-27T12:01:48+00:00" />
<meta property="og:image" content="https://www.whw.hr/wp-content/uploads/2025/07/Naslovna.jpg" />
	<meta property="og:image:width" content="4032" />
	<meta property="og:image:height" content="3024" />
	<meta property="og:image:type" content="image/jpeg" />
<meta name="twitter:card" content="summary_large_image" />
<meta name="twitter:label1" content="Est. reading time" />
	<meta name="twitter:data1" content="2 minutes" />
<script type="application/ld+json" class="yoast-schema-graph">{"@context":"https://schema.org","@graph":[{"@type":"WebPage","@id":"https://www.whw.hr/%novosti-slug%/mediteranski-dijalozi-jacanje-kreativnosti-i-kapaciteta-u-umjetnickom-obrazovanju/","url":"https://www.whw.hr/%novosti-slug%/mediteranski-dijalozi-jacanje-kreativnosti-i-kapaciteta-u-umjetnickom-obrazovanju/","name":"Mediteranski dijalozi: Jačanje kreativnosti i kapaciteta u umjetničkom obrazovanju &ndash; whw","isPartOf":{"@id":"https://www.whw.hr/#website"},"datePublished":"2025-07-28T08:50:37+00:00","dateModified":"2026-04-27T12:01:48+00:00","description":"U sklopu Erasmus+ programa mobilnosti (područje: obrazovanje odraslih / oblik: fizička mobilnost) u Portu, Ana Dević, Gordana Borić i Ana Kovačić","breadcrumb":{"@id":"https://www.whw.hr/%novosti-slug%/mediteranski-dijalozi-jacanje-kreativnosti-i-kapaciteta-u-umjetnickom-obrazovanju/#breadcrumb"},"inLanguage":"en-US","potentialAction":[{"@type":"ReadAction","target":["https://www.whw.hr/%novosti-slug%/mediteranski-dijalozi-jacanje-kreativnosti-i-kapaciteta-u-umjetnickom-obrazovanju/"]}]},{"@type":"BreadcrumbList","@id":"https://www.whw.hr/%novosti-slug%/mediteranski-dijalozi-jacanje-kreativnosti-i-kapaciteta-u-umjetnickom-obrazovanju/#breadcrumb","itemListElement":[{"@type":"ListItem","position":1,"name":"Početna stranica","item":"https://www.whw.hr/"},{"@type":"ListItem","position":2,"name":"Mediteranski dijalozi: Jačanje kreativnosti i kapaciteta u umjetničkom obrazovanju"}]},{"@type":"WebSite","@id":"https://www.whw.hr/#website","url":"https://www.whw.hr/","name":"whw / what, how & for whom","description":"what, how & for whom","publisher":{"@id":"https://www.whw.hr/#organization"},"alternateName":"whw","potentialAction":[{"@type":"SearchAction","target":{"@type":"EntryPoint","urlTemplate":"https://www.whw.hr/?s={search_term_string}"},"query-input":"required name=search_term_string"}],"inLanguage":"en-US"},{"@type":"Organization","@id":"https://www.whw.hr/#organization","name":"whw / what, how & for whom","alternateName":"whw","url":"https://www.whw.hr/","logo":{"@type":"ImageObject","inLanguage":"en-US","@id":"https://www.whw.hr/#/schema/logo/image/","url":"https://www.whw.hr/wp-content/uploads/2022/12/jmm-68-1-2.jpg","contentUrl":"https://www.whw.hr/wp-content/uploads/2022/12/jmm-68-1-2.jpg","width":2000,"height":1333,"caption":"whw / what, how & for whom"},"image":{"@id":"https://www.whw.hr/#/schema/logo/image/"},"sameAs":["https://www.instagram.com/whw_what.how.for.whom/","https://www.youtube.com/channel/UCYplGnLkNqPXZSBaJgv4mZw","https://www.facebook.com/galerijanova"]}]}</script>
<!-- / Yoast SEO plugin. -->

As part of the Erasmus+ Mobility program (Field: Adult Education / Mode: Physical Mobility) in Porto, Ana Dević, Gordana Borić and Ana Kovačić participated in a comprehensive program hosted by Galeria Municipal do Porto from the 14th until the 19th of July 2025. Their daily activities included in-depth job shadowing at the gallery and multiple&hellip;

Mediteranski dijalozi: Jačanje kreativnosti i kapaciteta u umjetničkom obrazovanju &ndash; whw

U sklopu Erasmus+ programa mobilnosti (područje: obrazovanje odraslih / oblik: fizička mobilnost) u Portu, Ana Dević, Gordana Borić i Ana Kovačić

Početna stranica

Mediteranski dijalozi: Jačanje kreativnosti i kapaciteta u umjetničkom obrazovanju
