{"id":3832,"date":"2023-05-11T17:33:07","date_gmt":"2023-05-11T15:33:07","guid":{"rendered":"https:\/\/www.whw.hr\/novosti\/\/"},"modified":"2023-05-11T17:37:13","modified_gmt":"2023-05-11T15:37:13","slug":"peta-generacija-whw-akademije","status":"publish","type":"novosti","link":"https:\/\/www.whw.hr\/%novosti-slug%\/peta-generacija-whw-akademije\/","title":{"rendered":"The Fifth Generation of WHW Akademija"},"content":{"rendered":"<p>We are glad to announce that the fifth edition of&nbsp;<a href=\"https:\/\/akademija.whw.hr\/generation\/2023\">WHW Akademija<\/a>&nbsp;was launched at the beginning of April 2023. It combines live and digital sessions, starting in April and intensifying in May with the Summer School program that takes place from May 16 to 23, 2023 at the Youth Culture Centre Ribnjak in Zagreb.&nbsp;<strong>WHW Akademija<\/strong>&nbsp;2023 aims to create an environment for engaged eco-social participatory cultural production. Focused on eco-social and somatic practices, artistic ecologies, care, collectivity, and degrowth, the 2023 program explores methodologies developed by artists and cultural workers to engage with their environments.<\/p>\n<p>The summer school program includes Fendelkrais sessions, interventions, seminars and workshops with&nbsp;<a href=\"https:\/\/akademija.whw.hr\/professors\/adelita-husni-bey\"><strong>Adelita Husni-Bey<\/strong><\/a>&nbsp;<a href=\"https:\/\/akademija.whw.hr\/professors\/yael-davids\"><strong>Yael Davids<\/strong><\/a><strong>,&nbsp;<\/strong><a href=\"https:\/\/akademija.whw.hr\/professors\/pablo-martinez\"><strong>Pablo Mart\u00ednez<\/strong><\/a><strong>&nbsp;<\/strong>and&nbsp;<a href=\"https:\/\/akademija.whw.hr\/professors\/marina-naprushkina\"><strong>Marina Naprushkina<\/strong><\/a>. Through a series of bodily and somatic collaborative exercises, seminars, presentations, discussions, workshops, and collective actions, the&nbsp;<strong>WHW Akademija summer school<\/strong>&nbsp;initiates an intense exchange between the participants, the professorial team, and the local setting.<\/p>\n<p>The professorial team for 2023 are:&nbsp;<a href=\"https:\/\/akademija.whw.hr\/professors\/yael-davids\"><strong>Yael Davids<\/strong><\/a><strong>,&nbsp;<\/strong><a href=\"https:\/\/akademija.whw.hr\/professors\/adelita-husni-bey\"><strong>Adelita Husni-Bey<\/strong><\/a><strong>,<\/strong><a href=\"https:\/\/akademija.whw.hr\/professors\/miguel-a-lopez\"><strong>&nbsp;Miguel A. L\u00f3pez<\/strong><\/a><strong>,&nbsp;<\/strong><a href=\"https:\/\/akademija.whw.hr\/professors\/pablo-martinez\"><strong>Pablo Mart\u00ednez<\/strong><\/a><strong>,&nbsp;<\/strong><a href=\"https:\/\/akademija.whw.hr\/professors\/marina-naprushkina\"><strong>Marina Naprushkina<\/strong><\/a>,&nbsp;<a href=\"https:\/\/akademija.whw.hr\/professors\/farid-rakun\"><strong>farid rakun\/ruangrupa<\/strong><\/a>&nbsp;and&nbsp;<strong>WHW<\/strong>. Alongside this professorial team\u2019s lectures,&nbsp;<strong>Evenings with WHW Akademija<\/strong>, a series of public lectures and workshops, brings together further artists, curators, and thinkers, and alumni of&nbsp;<strong>WHW Akademija<\/strong>, who will present public conversations and lectures. \u200d<\/p>\n<p>Through seminars and workshops, the program rethinks and redevelops the structures that hold us\u2014our bodies, communities, and the environment.<\/p>\n<p><a href=\"https:\/\/akademija.whw.hr\/posts\/the-fifth-generation-of-whw-akademija\" target=\"_blank\" rel=\"noopener\">More&#8230;<\/a><\/p>\n","protected":false},"excerpt":{"rendered":"<p>The fifth edition of WHW Akademija was launched at the beginning of April 2023 and continues with the Summer school.<\/p>\n","protected":false},"author":2,"featured_media":3833,"menu_order":0,"template":"","meta":{"footnotes":""},"tags":[875,876,78],"class_list":["post-3832","novosti","type-novosti","status-publish","has-post-thumbnail","hentry","tag-ljetna-skola","tag-summer-school","tag-whw-akademija"],"acf":[],"yoast_head":"<!-- This site is optimized with the Yoast SEO plugin v19.14 - https:\/\/yoast.com\/wordpress\/plugins\/seo\/ -->\n<title>The Fifth Generation of WHW Akademija<\/title>\n<meta name=\"description\" content=\"The fifth edition of WHW Akademija was launched at the beginning of April 2023 and continues with the Summer school.\" \/>\n<meta name=\"robots\" content=\"index, follow, max-snippet:-1, max-image-preview:large, max-video-preview:-1\" \/>\n<link rel=\"canonical\" href=\"https:\/\/www.whw.hr\/%novosti-slug%\/peta-generacija-whw-akademije\/\" \/>\n<meta property=\"og:locale\" content=\"en_US\" \/>\n<meta property=\"og:type\" content=\"article\" \/>\n<meta property=\"og:title\" content=\"The Fifth Generation of WHW Akademija\" \/>\n<meta property=\"og:description\" content=\"The fifth edition of WHW Akademija was launched at the beginning of April 2023 and continues with the Summer school.\" \/>\n<meta property=\"og:url\" content=\"https:\/\/www.whw.hr\/%novosti-slug%\/peta-generacija-whw-akademije\/\" \/>\n<meta property=\"og:site_name\" content=\"whw\" \/>\n<meta property=\"article:publisher\" content=\"https:\/\/www.facebook.com\/galerijanova\" \/>\n<meta property=\"article:modified_time\" content=\"2023-05-11T15:37:13+00:00\" \/>\n<meta property=\"og:image\" content=\"https:\/\/www.whw.hr\/wp-content\/uploads\/2023\/05\/treci-dan_222-1.jpg\" \/>\n\t<meta property=\"og:image:width\" content=\"2000\" \/>\n\t<meta property=\"og:image:height\" content=\"1333\" \/>\n\t<meta property=\"og:image:type\" content=\"image\/jpeg\" \/>\n<meta name=\"twitter:card\" content=\"summary_large_image\" \/>\n<meta name=\"twitter:label1\" content=\"Est. reading time\" \/>\n\t<meta name=\"twitter:data1\" content=\"4 minutes\" \/>\n<script type=\"application\/ld+json\" class=\"yoast-schema-graph\">{\"@context\":\"https:\/\/schema.org\",\"@graph\":[{\"@type\":\"WebPage\",\"@id\":\"https:\/\/www.whw.hr\/%novosti-slug%\/peta-generacija-whw-akademije\/\",\"url\":\"https:\/\/www.whw.hr\/%novosti-slug%\/peta-generacija-whw-akademije\/\",\"name\":\"Peta generacija WHW Akademije &ndash; whw\",\"isPartOf\":{\"@id\":\"https:\/\/www.whw.hr\/#website\"},\"datePublished\":\"2023-05-11T15:33:07+00:00\",\"dateModified\":\"2023-05-11T15:37:13+00:00\",\"description\":\"Po\u010detkom travnja 2023. krenulo peto izdanje WHW Akademije, a u svibnju se program intenzivira Ljetnom \u0161kolom. Po\u010detkom travnja 2023. krenulo peto izdanje WHW Akademije, a u svibnju se program intenzivira Ljetnom \u0161kolom.\",\"breadcrumb\":{\"@id\":\"https:\/\/www.whw.hr\/%novosti-slug%\/peta-generacija-whw-akademije\/#breadcrumb\"},\"inLanguage\":\"en-US\",\"potentialAction\":[{\"@type\":\"ReadAction\",\"target\":[\"https:\/\/www.whw.hr\/%novosti-slug%\/peta-generacija-whw-akademije\/\"]}]},{\"@type\":\"BreadcrumbList\",\"@id\":\"https:\/\/www.whw.hr\/%novosti-slug%\/peta-generacija-whw-akademije\/#breadcrumb\",\"itemListElement\":[{\"@type\":\"ListItem\",\"position\":1,\"name\":\"Po\u010detna stranica\",\"item\":\"https:\/\/www.whw.hr\/\"},{\"@type\":\"ListItem\",\"position\":2,\"name\":\"Peta generacija WHW Akademije\"}]},{\"@type\":\"WebSite\",\"@id\":\"https:\/\/www.whw.hr\/#website\",\"url\":\"https:\/\/www.whw.hr\/\",\"name\":\"whw \/ what, how & for whom\",\"description\":\"what, how & for whom\",\"publisher\":{\"@id\":\"https:\/\/www.whw.hr\/#organization\"},\"alternateName\":\"whw\",\"potentialAction\":[{\"@type\":\"SearchAction\",\"target\":{\"@type\":\"EntryPoint\",\"urlTemplate\":\"https:\/\/www.whw.hr\/?s={search_term_string}\"},\"query-input\":\"required name=search_term_string\"}],\"inLanguage\":\"en-US\"},{\"@type\":\"Organization\",\"@id\":\"https:\/\/www.whw.hr\/#organization\",\"name\":\"whw \/ what, how & for whom\",\"alternateName\":\"whw\",\"url\":\"https:\/\/www.whw.hr\/\",\"logo\":{\"@type\":\"ImageObject\",\"inLanguage\":\"en-US\",\"@id\":\"https:\/\/www.whw.hr\/#\/schema\/logo\/image\/\",\"url\":\"https:\/\/www.whw.hr\/wp-content\/uploads\/2022\/12\/jmm-68-1-2.jpg\",\"contentUrl\":\"https:\/\/www.whw.hr\/wp-content\/uploads\/2022\/12\/jmm-68-1-2.jpg\",\"width\":2000,\"height\":1333,\"caption\":\"whw \/ what, how & for whom\"},\"image\":{\"@id\":\"https:\/\/www.whw.hr\/#\/schema\/logo\/image\/\"},\"sameAs\":[\"https:\/\/www.instagram.com\/whw_what.how.for.whom\/\",\"https:\/\/www.youtube.com\/channel\/UCYplGnLkNqPXZSBaJgv4mZw\",\"https:\/\/www.facebook.com\/galerijanova\"]}]}<\/script>\n<!-- \/ Yoast SEO plugin. -->","yoast_head_json":{"title":"The Fifth Generation of WHW Akademija","description":"The fifth edition of WHW Akademija was launched at the beginning of April 2023 and continues with the Summer school.","robots":{"index":"index","follow":"follow","max-snippet":"max-snippet:-1","max-image-preview":"max-image-preview:large","max-video-preview":"max-video-preview:-1"},"canonical":"https:\/\/www.whw.hr\/%novosti-slug%\/peta-generacija-whw-akademije\/","og_locale":"en_US","og_type":"article","og_title":"The Fifth Generation of WHW Akademija","og_description":"The fifth edition of WHW Akademija was launched at the beginning of April 2023 and continues with the Summer school.","og_url":"https:\/\/www.whw.hr\/%novosti-slug%\/peta-generacija-whw-akademije\/","og_site_name":"whw","article_publisher":"https:\/\/www.facebook.com\/galerijanova","article_modified_time":"2023-05-11T15:37:13+00:00","og_image":[{"width":2000,"height":1333,"url":"https:\/\/www.whw.hr\/wp-content\/uploads\/2023\/05\/treci-dan_222-1.jpg","type":"image\/jpeg"}],"twitter_card":"summary_large_image","twitter_misc":{"Est. reading time":"4 minutes"},"schema":{"@context":"https:\/\/schema.org","@graph":[{"@type":"WebPage","@id":"https:\/\/www.whw.hr\/%novosti-slug%\/peta-generacija-whw-akademije\/","url":"https:\/\/www.whw.hr\/%novosti-slug%\/peta-generacija-whw-akademije\/","name":"Peta generacija WHW Akademije &ndash; whw","isPartOf":{"@id":"https:\/\/www.whw.hr\/#website"},"datePublished":"2023-05-11T15:33:07+00:00","dateModified":"2023-05-11T15:37:13+00:00","description":"Po\u010detkom travnja 2023. krenulo peto izdanje WHW Akademije, a u svibnju se program intenzivira Ljetnom \u0161kolom. Po\u010detkom travnja 2023. krenulo peto izdanje WHW Akademije, a u svibnju se program intenzivira Ljetnom \u0161kolom.","breadcrumb":{"@id":"https:\/\/www.whw.hr\/%novosti-slug%\/peta-generacija-whw-akademije\/#breadcrumb"},"inLanguage":"en-US","potentialAction":[{"@type":"ReadAction","target":["https:\/\/www.whw.hr\/%novosti-slug%\/peta-generacija-whw-akademije\/"]}]},{"@type":"BreadcrumbList","@id":"https:\/\/www.whw.hr\/%novosti-slug%\/peta-generacija-whw-akademije\/#breadcrumb","itemListElement":[{"@type":"ListItem","position":1,"name":"Po\u010detna stranica","item":"https:\/\/www.whw.hr\/"},{"@type":"ListItem","position":2,"name":"Peta generacija WHW Akademije"}]},{"@type":"WebSite","@id":"https:\/\/www.whw.hr\/#website","url":"https:\/\/www.whw.hr\/","name":"whw \/ what, how & for whom","description":"what, how & for whom","publisher":{"@id":"https:\/\/www.whw.hr\/#organization"},"alternateName":"whw","potentialAction":[{"@type":"SearchAction","target":{"@type":"EntryPoint","urlTemplate":"https:\/\/www.whw.hr\/?s={search_term_string}"},"query-input":"required name=search_term_string"}],"inLanguage":"en-US"},{"@type":"Organization","@id":"https:\/\/www.whw.hr\/#organization","name":"whw \/ what, how & for whom","alternateName":"whw","url":"https:\/\/www.whw.hr\/","logo":{"@type":"ImageObject","inLanguage":"en-US","@id":"https:\/\/www.whw.hr\/#\/schema\/logo\/image\/","url":"https:\/\/www.whw.hr\/wp-content\/uploads\/2022\/12\/jmm-68-1-2.jpg","contentUrl":"https:\/\/www.whw.hr\/wp-content\/uploads\/2022\/12\/jmm-68-1-2.jpg","width":2000,"height":1333,"caption":"whw \/ what, how & for whom"},"image":{"@id":"https:\/\/www.whw.hr\/#\/schema\/logo\/image\/"},"sameAs":["https:\/\/www.instagram.com\/whw_what.how.for.whom\/","https:\/\/www.youtube.com\/channel\/UCYplGnLkNqPXZSBaJgv4mZw","https:\/\/www.facebook.com\/galerijanova"]}]}},"_links":{"self":[{"href":"https:\/\/www.whw.hr\/wp-json\/wp\/v2\/novosti\/3832","targetHints":{"allow":["GET"]}}],"collection":[{"href":"https:\/\/www.whw.hr\/wp-json\/wp\/v2\/novosti"}],"about":[{"href":"https:\/\/www.whw.hr\/wp-json\/wp\/v2\/types\/novosti"}],"author":[{"embeddable":true,"href":"https:\/\/www.whw.hr\/wp-json\/wp\/v2\/users\/2"}],"version-history":[{"count":3,"href":"https:\/\/www.whw.hr\/wp-json\/wp\/v2\/novosti\/3832\/revisions"}],"predecessor-version":[{"id":3836,"href":"https:\/\/www.whw.hr\/wp-json\/wp\/v2\/novosti\/3832\/revisions\/3836"}],"wp:featuredmedia":[{"embeddable":true,"href":"https:\/\/www.whw.hr\/wp-json\/wp\/v2\/media\/3833"}],"wp:attachment":[{"href":"https:\/\/www.whw.hr\/wp-json\/wp\/v2\/media?parent=3832"}],"wp:term":[{"taxonomy":"post_tag","embeddable":true,"href":"https:\/\/www.whw.hr\/wp-json\/wp\/v2\/tags?post=3832"}],"curies":[{"name":"wp","href":"https:\/\/api.w.org\/{rel}","templated":true}]}}

<p>We are glad to announce that the fifth edition of&nbsp;<a href="https://akademija.whw.hr/generation/2023">WHW Akademija</a>&nbsp;was launched at the beginning of April 2023. It combines live and digital sessions, starting in April and intensifying in May with the Summer School program that takes place from May 16 to 23, 2023 at the Youth Culture Centre Ribnjak in Zagreb.&nbsp;<strong>WHW Akademija</strong>&nbsp;2023 aims to create an environment for engaged eco-social participatory cultural production. Focused on eco-social and somatic practices, artistic ecologies, care, collectivity, and degrowth, the 2023 program explores methodologies developed by artists and cultural workers to engage with their environments.</p>
<p>The summer school program includes Fendelkrais sessions, interventions, seminars and workshops with&nbsp;<a href="https://akademija.whw.hr/professors/adelita-husni-bey"><strong>Adelita Husni-Bey</strong></a>&nbsp;<a href="https://akademija.whw.hr/professors/yael-davids"><strong>Yael Davids</strong></a><strong>,&nbsp;</strong><a href="https://akademija.whw.hr/professors/pablo-martinez"><strong>Pablo Martínez</strong></a><strong>&nbsp;</strong>and&nbsp;<a href="https://akademija.whw.hr/professors/marina-naprushkina"><strong>Marina Naprushkina</strong></a>. Through a series of bodily and somatic collaborative exercises, seminars, presentations, discussions, workshops, and collective actions, the&nbsp;<strong>WHW Akademija summer school</strong>&nbsp;initiates an intense exchange between the participants, the professorial team, and the local setting.</p>
<p>The professorial team for 2023 are:&nbsp;<a href="https://akademija.whw.hr/professors/yael-davids"><strong>Yael Davids</strong></a><strong>,&nbsp;</strong><a href="https://akademija.whw.hr/professors/adelita-husni-bey"><strong>Adelita Husni-Bey</strong></a><strong>,</strong><a href="https://akademija.whw.hr/professors/miguel-a-lopez"><strong>&nbsp;Miguel A. López</strong></a><strong>,&nbsp;</strong><a href="https://akademija.whw.hr/professors/pablo-martinez"><strong>Pablo Martínez</strong></a><strong>,&nbsp;</strong><a href="https://akademija.whw.hr/professors/marina-naprushkina"><strong>Marina Naprushkina</strong></a>,&nbsp;<a href="https://akademija.whw.hr/professors/farid-rakun"><strong>farid rakun/ruangrupa</strong></a>&nbsp;and&nbsp;<strong>WHW</strong>. Alongside this professorial team’s lectures,&nbsp;<strong>Evenings with WHW Akademija</strong>, a series of public lectures and workshops, brings together further artists, curators, and thinkers, and alumni of&nbsp;<strong>WHW Akademija</strong>, who will present public conversations and lectures. ‍</p>
<p>Through seminars and workshops, the program rethinks and redevelops the structures that hold us—our bodies, communities, and the environment.</p>
<p><a href="https://akademija.whw.hr/posts/the-fifth-generation-of-whw-akademija" target="_blank" rel="noopener">More&#8230;</a></p>

<!-- This site is optimized with the Yoast SEO plugin v19.14 - https://yoast.com/wordpress/plugins/seo/ -->
<title>The Fifth Generation of WHW Akademija</title>
<meta name="description" content="The fifth edition of WHW Akademija was launched at the beginning of April 2023 and continues with the Summer school." />
<meta name="robots" content="index, follow, max-snippet:-1, max-image-preview:large, max-video-preview:-1" />
<link rel="canonical" href="https://www.whw.hr/%novosti-slug%/peta-generacija-whw-akademije/" />
<meta property="og:locale" content="en_US" />
<meta property="og:type" content="article" />
<meta property="og:title" content="The Fifth Generation of WHW Akademija" />
<meta property="og:description" content="The fifth edition of WHW Akademija was launched at the beginning of April 2023 and continues with the Summer school." />
<meta property="og:url" content="https://www.whw.hr/%novosti-slug%/peta-generacija-whw-akademije/" />
<meta property="og:site_name" content="whw" />
<meta property="article:publisher" content="https://www.facebook.com/galerijanova" />
<meta property="article:modified_time" content="2023-05-11T15:37:13+00:00" />
<meta property="og:image" content="https://www.whw.hr/wp-content/uploads/2023/05/treci-dan_222-1.jpg" />
	<meta property="og:image:width" content="2000" />
	<meta property="og:image:height" content="1333" />
	<meta property="og:image:type" content="image/jpeg" />
<meta name="twitter:card" content="summary_large_image" />
<meta name="twitter:label1" content="Est. reading time" />
	<meta name="twitter:data1" content="4 minutes" />
<script type="application/ld+json" class="yoast-schema-graph">{"@context":"https://schema.org","@graph":[{"@type":"WebPage","@id":"https://www.whw.hr/%novosti-slug%/peta-generacija-whw-akademije/","url":"https://www.whw.hr/%novosti-slug%/peta-generacija-whw-akademije/","name":"Peta generacija WHW Akademije &ndash; whw","isPartOf":{"@id":"https://www.whw.hr/#website"},"datePublished":"2023-05-11T15:33:07+00:00","dateModified":"2023-05-11T15:37:13+00:00","description":"Početkom travnja 2023. krenulo peto izdanje WHW Akademije, a u svibnju se program intenzivira Ljetnom školom. Početkom travnja 2023. krenulo peto izdanje WHW Akademije, a u svibnju se program intenzivira Ljetnom školom.","breadcrumb":{"@id":"https://www.whw.hr/%novosti-slug%/peta-generacija-whw-akademije/#breadcrumb"},"inLanguage":"en-US","potentialAction":[{"@type":"ReadAction","target":["https://www.whw.hr/%novosti-slug%/peta-generacija-whw-akademije/"]}]},{"@type":"BreadcrumbList","@id":"https://www.whw.hr/%novosti-slug%/peta-generacija-whw-akademije/#breadcrumb","itemListElement":[{"@type":"ListItem","position":1,"name":"Početna stranica","item":"https://www.whw.hr/"},{"@type":"ListItem","position":2,"name":"Peta generacija WHW Akademije"}]},{"@type":"WebSite","@id":"https://www.whw.hr/#website","url":"https://www.whw.hr/","name":"whw / what, how & for whom","description":"what, how & for whom","publisher":{"@id":"https://www.whw.hr/#organization"},"alternateName":"whw","potentialAction":[{"@type":"SearchAction","target":{"@type":"EntryPoint","urlTemplate":"https://www.whw.hr/?s={search_term_string}"},"query-input":"required name=search_term_string"}],"inLanguage":"en-US"},{"@type":"Organization","@id":"https://www.whw.hr/#organization","name":"whw / what, how & for whom","alternateName":"whw","url":"https://www.whw.hr/","logo":{"@type":"ImageObject","inLanguage":"en-US","@id":"https://www.whw.hr/#/schema/logo/image/","url":"https://www.whw.hr/wp-content/uploads/2022/12/jmm-68-1-2.jpg","contentUrl":"https://www.whw.hr/wp-content/uploads/2022/12/jmm-68-1-2.jpg","width":2000,"height":1333,"caption":"whw / what, how & for whom"},"image":{"@id":"https://www.whw.hr/#/schema/logo/image/"},"sameAs":["https://www.instagram.com/whw_what.how.for.whom/","https://www.youtube.com/channel/UCYplGnLkNqPXZSBaJgv4mZw","https://www.facebook.com/galerijanova"]}]}</script>
<!-- / Yoast SEO plugin. -->

Početkom travnja 2023. krenulo peto izdanje WHW Akademije, a u svibnju se program intenzivira Ljetnom školom. Početkom travnja 2023. krenulo peto izdanje WHW Akademije, a u svibnju se program intenzivira Ljetnom školom.

Početna stranica
