{"id":983,"date":"2022-08-23T19:48:31","date_gmt":"2022-08-23T17:48:31","guid":{"rendered":"http:\/\/www.whw.hr\/hr\/dogadjanja\/\/"},"modified":"2022-09-14T23:37:47","modified_gmt":"2022-09-14T21:37:47","slug":"adam-szymczyk-documenta-14-6-travnja-17-rujna-2017","status":"publish","type":"dogadjanja","link":"https:\/\/www.whw.hr\/%dogadjanja-slug%\/adam-szymczyk-documenta-14-6-travnja-17-rujna-2017\/","title":{"rendered":"Adam Szymczyk, documenta 14: April 6 - September 17, 2017"},"content":{"rendered":"<p>Curator&nbsp;<a href=\"https:\/\/akademija.whw.hr\/professors\/adam-szymczyk\" target=\"_blank\" rel=\"noopener\">Adam Szymczyk<\/a>&nbsp;gave a public lecture on the context and reception of documenta 14 in Athens and Kassel. On April 6 it is exactly two years since the joyful opening performance of documenta 14 took place in Athens, and just over a year and a half since the second iteration of the project ended in Kassel followed by a fierce debate on debt and crisis. Preceded by several stages of public manifestations in both cities, this common effort of numerous artists, writers and curators was a vast and multipronged undertaking that keeps reverberating in the continuing work of its protagonists and those who followed it &#8211; as members of the audience in Athens, Kassel and other locations, as receivers of&nbsp;<em>Every Time A Ear di Soun&nbsp;<\/em>radio program in several different cities around the globe and state television broadcasts of&nbsp;<em>Keimena&nbsp;<\/em>cycle in Greece, as participants in the project of&nbsp;<em>aneducation<\/em>, as members of the&nbsp;<em>Parliament of Bodies<\/em>&nbsp;in both cities, as readers of four issues of the documenta 14 magazine S<em>outh as a State of Mind<\/em>, documenta 14&nbsp;<em>Reader&nbsp;<\/em>and&nbsp;<em>Daybook<\/em>, as commentators, supporters and adversaries. Evading the logic of singular event, documenta 14 attempted to open up other temporalities, enable other ways of understanding of site and space, offer possibilities of inhabiting a longer \u201cdur\u00e9e\u201d- in multiplicity of fragmentary experiences, intervals and dispersed perceptions.<\/p>\n<p>Video of the lecture can be found on this&nbsp;<a href=\"https:\/\/www.youtube.com\/watch?v=l3V1HeBVJ9A&amp;feature=youtu.be\" target=\"_blank\" rel=\"noopener\">link<\/a>.<\/p>\n<p>\u200d<\/p>\n","protected":false},"excerpt":{"rendered":"<p>Curator&nbsp;Adam Szymczyk&nbsp;gave a public lecture on the context and reception of documenta 14 in Athens and Kassel. On April 6 it is exactly two years since the joyful opening performance of documenta 14 took place in Athens, and just over a year and a half since the second iteration of the project ended in Kassel [&hellip;]<\/p>\n","protected":false},"author":2,"featured_media":984,"menu_order":0,"template":"","meta":{"footnotes":""},"categories":[1],"tags":[239,241,240,72],"class_list":["post-983","dogadjanja","type-dogadjanja","status-publish","has-post-thumbnail","hentry","category-whwakademija","tag-adam-szymczyk","tag-documenta-14","tag-mama-zagreb","tag-veceri-s-whw-akademijom"],"acf":[],"yoast_head":"<!-- This site is optimized with the Yoast SEO plugin v19.14 - https:\/\/yoast.com\/wordpress\/plugins\/seo\/ -->\n<title>Adam Szymczyk, documenta 14: April 6 - September 17, 2017<\/title>\n<meta name=\"description\" content=\"Curator&nbsp;Adam Szymczyk&nbsp;gave a public lecture on the context and reception of documenta 14 in Athens and Kassel. On April 6 it is exactly two years since the joyful opening performance of documenta 14 took place in Athens, and just over a year and a half since the second iteration of the project ended in Kassel&hellip;\" \/>\n<meta name=\"robots\" content=\"index, follow, max-snippet:-1, max-image-preview:large, max-video-preview:-1\" \/>\n<link rel=\"canonical\" href=\"https:\/\/www.whw.hr\/%dogadjanja-slug%\/adam-szymczyk-documenta-14-6-travnja-17-rujna-2017\/\" \/>\n<meta property=\"og:locale\" content=\"en_US\" \/>\n<meta property=\"og:type\" content=\"article\" \/>\n<meta property=\"og:title\" content=\"Adam Szymczyk, documenta 14: April 6 - September 17, 2017\" \/>\n<meta property=\"og:description\" content=\"Curator&nbsp;Adam Szymczyk&nbsp;gave a public lecture on the context and reception of documenta 14 in Athens and Kassel. On April 6 it is exactly two years since the joyful opening performance of documenta 14 took place in Athens, and just over a year and a half since the second iteration of the project ended in Kassel&hellip;\" \/>\n<meta property=\"og:url\" content=\"https:\/\/www.whw.hr\/%dogadjanja-slug%\/adam-szymczyk-documenta-14-6-travnja-17-rujna-2017\/\" \/>\n<meta property=\"og:site_name\" content=\"whw\" \/>\n<meta property=\"article:publisher\" content=\"https:\/\/www.facebook.com\/galerijanova\" \/>\n<meta property=\"article:modified_time\" content=\"2022-09-14T21:37:47+00:00\" \/>\n<meta property=\"og:image\" content=\"https:\/\/www.whw.hr\/wp-content\/uploads\/2022\/08\/adam.jpg\" \/>\n\t<meta property=\"og:image:width\" content=\"2000\" \/>\n\t<meta property=\"og:image:height\" content=\"1334\" \/>\n\t<meta property=\"og:image:type\" content=\"image\/jpeg\" \/>\n<meta name=\"twitter:card\" content=\"summary_large_image\" \/>\n<meta name=\"twitter:label1\" content=\"Est. reading time\" \/>\n\t<meta name=\"twitter:data1\" content=\"2 minutes\" \/>\n<script type=\"application\/ld+json\" class=\"yoast-schema-graph\">{\"@context\":\"https:\/\/schema.org\",\"@graph\":[{\"@type\":\"WebPage\",\"@id\":\"https:\/\/www.whw.hr\/%dogadjanja-slug%\/adam-szymczyk-documenta-14-6-travnja-17-rujna-2017\/\",\"url\":\"https:\/\/www.whw.hr\/%dogadjanja-slug%\/adam-szymczyk-documenta-14-6-travnja-17-rujna-2017\/\",\"name\":\"Adam Szymczyk documenta 14: 6. travnja \u2013 17. rujna 2017. &ndash; whw\",\"isPartOf\":{\"@id\":\"https:\/\/www.whw.hr\/#website\"},\"datePublished\":\"2022-08-23T17:48:31+00:00\",\"dateModified\":\"2022-09-14T21:37:47+00:00\",\"description\":\"Dana 6. travnja napunit \u0107e se to\u010dno dvije godine od vedre izvedbe koja je otvorila documentu u Ateni te ne\u0161to vi\u0161e od godinu i pol od dana od kad je druga\",\"breadcrumb\":{\"@id\":\"https:\/\/www.whw.hr\/%dogadjanja-slug%\/adam-szymczyk-documenta-14-6-travnja-17-rujna-2017\/#breadcrumb\"},\"inLanguage\":\"en-US\",\"potentialAction\":[{\"@type\":\"ReadAction\",\"target\":[\"https:\/\/www.whw.hr\/%dogadjanja-slug%\/adam-szymczyk-documenta-14-6-travnja-17-rujna-2017\/\"]}]},{\"@type\":\"BreadcrumbList\",\"@id\":\"https:\/\/www.whw.hr\/%dogadjanja-slug%\/adam-szymczyk-documenta-14-6-travnja-17-rujna-2017\/#breadcrumb\",\"itemListElement\":[{\"@type\":\"ListItem\",\"position\":1,\"name\":\"Po\u010detna stranica\",\"item\":\"https:\/\/www.whw.hr\/\"},{\"@type\":\"ListItem\",\"position\":2,\"name\":\"Adam Szymczyk documenta 14: 6. travnja \u2013 17. rujna 2017.\"}]},{\"@type\":\"WebSite\",\"@id\":\"https:\/\/www.whw.hr\/#website\",\"url\":\"https:\/\/www.whw.hr\/\",\"name\":\"whw \/ what, how & for whom\",\"description\":\"what, how & for whom\",\"publisher\":{\"@id\":\"https:\/\/www.whw.hr\/#organization\"},\"alternateName\":\"whw\",\"potentialAction\":[{\"@type\":\"SearchAction\",\"target\":{\"@type\":\"EntryPoint\",\"urlTemplate\":\"https:\/\/www.whw.hr\/?s={search_term_string}\"},\"query-input\":\"required name=search_term_string\"}],\"inLanguage\":\"en-US\"},{\"@type\":\"Organization\",\"@id\":\"https:\/\/www.whw.hr\/#organization\",\"name\":\"whw \/ what, how & for whom\",\"alternateName\":\"whw\",\"url\":\"https:\/\/www.whw.hr\/\",\"logo\":{\"@type\":\"ImageObject\",\"inLanguage\":\"en-US\",\"@id\":\"https:\/\/www.whw.hr\/#\/schema\/logo\/image\/\",\"url\":\"https:\/\/www.whw.hr\/wp-content\/uploads\/2022\/12\/jmm-68-1-2.jpg\",\"contentUrl\":\"https:\/\/www.whw.hr\/wp-content\/uploads\/2022\/12\/jmm-68-1-2.jpg\",\"width\":2000,\"height\":1333,\"caption\":\"whw \/ what, how & for whom\"},\"image\":{\"@id\":\"https:\/\/www.whw.hr\/#\/schema\/logo\/image\/\"},\"sameAs\":[\"https:\/\/www.instagram.com\/whw_what.how.for.whom\/\",\"https:\/\/www.youtube.com\/channel\/UCYplGnLkNqPXZSBaJgv4mZw\",\"https:\/\/www.facebook.com\/galerijanova\"]}]}<\/script>\n<!-- \/ Yoast SEO plugin. -->","yoast_head_json":{"title":"Adam Szymczyk, documenta 14: April 6 - September 17, 2017","description":"Curator&nbsp;Adam Szymczyk&nbsp;gave a public lecture on the context and reception of documenta 14 in Athens and Kassel. On April 6 it is exactly two years since the joyful opening performance of documenta 14 took place in Athens, and just over a year and a half since the second iteration of the project ended in Kassel&hellip;","robots":{"index":"index","follow":"follow","max-snippet":"max-snippet:-1","max-image-preview":"max-image-preview:large","max-video-preview":"max-video-preview:-1"},"canonical":"https:\/\/www.whw.hr\/%dogadjanja-slug%\/adam-szymczyk-documenta-14-6-travnja-17-rujna-2017\/","og_locale":"en_US","og_type":"article","og_title":"Adam Szymczyk, documenta 14: April 6 - September 17, 2017","og_description":"Curator&nbsp;Adam Szymczyk&nbsp;gave a public lecture on the context and reception of documenta 14 in Athens and Kassel. On April 6 it is exactly two years since the joyful opening performance of documenta 14 took place in Athens, and just over a year and a half since the second iteration of the project ended in Kassel&hellip;","og_url":"https:\/\/www.whw.hr\/%dogadjanja-slug%\/adam-szymczyk-documenta-14-6-travnja-17-rujna-2017\/","og_site_name":"whw","article_publisher":"https:\/\/www.facebook.com\/galerijanova","article_modified_time":"2022-09-14T21:37:47+00:00","og_image":[{"width":2000,"height":1334,"url":"https:\/\/www.whw.hr\/wp-content\/uploads\/2022\/08\/adam.jpg","type":"image\/jpeg"}],"twitter_card":"summary_large_image","twitter_misc":{"Est. reading time":"2 minutes"},"schema":{"@context":"https:\/\/schema.org","@graph":[{"@type":"WebPage","@id":"https:\/\/www.whw.hr\/%dogadjanja-slug%\/adam-szymczyk-documenta-14-6-travnja-17-rujna-2017\/","url":"https:\/\/www.whw.hr\/%dogadjanja-slug%\/adam-szymczyk-documenta-14-6-travnja-17-rujna-2017\/","name":"Adam Szymczyk documenta 14: 6. travnja \u2013 17. rujna 2017. &ndash; whw","isPartOf":{"@id":"https:\/\/www.whw.hr\/#website"},"datePublished":"2022-08-23T17:48:31+00:00","dateModified":"2022-09-14T21:37:47+00:00","description":"Dana 6. travnja napunit \u0107e se to\u010dno dvije godine od vedre izvedbe koja je otvorila documentu u Ateni te ne\u0161to vi\u0161e od godinu i pol od dana od kad je druga","breadcrumb":{"@id":"https:\/\/www.whw.hr\/%dogadjanja-slug%\/adam-szymczyk-documenta-14-6-travnja-17-rujna-2017\/#breadcrumb"},"inLanguage":"en-US","potentialAction":[{"@type":"ReadAction","target":["https:\/\/www.whw.hr\/%dogadjanja-slug%\/adam-szymczyk-documenta-14-6-travnja-17-rujna-2017\/"]}]},{"@type":"BreadcrumbList","@id":"https:\/\/www.whw.hr\/%dogadjanja-slug%\/adam-szymczyk-documenta-14-6-travnja-17-rujna-2017\/#breadcrumb","itemListElement":[{"@type":"ListItem","position":1,"name":"Po\u010detna stranica","item":"https:\/\/www.whw.hr\/"},{"@type":"ListItem","position":2,"name":"Adam Szymczyk documenta 14: 6. travnja \u2013 17. rujna 2017."}]},{"@type":"WebSite","@id":"https:\/\/www.whw.hr\/#website","url":"https:\/\/www.whw.hr\/","name":"whw \/ what, how & for whom","description":"what, how & for whom","publisher":{"@id":"https:\/\/www.whw.hr\/#organization"},"alternateName":"whw","potentialAction":[{"@type":"SearchAction","target":{"@type":"EntryPoint","urlTemplate":"https:\/\/www.whw.hr\/?s={search_term_string}"},"query-input":"required name=search_term_string"}],"inLanguage":"en-US"},{"@type":"Organization","@id":"https:\/\/www.whw.hr\/#organization","name":"whw \/ what, how & for whom","alternateName":"whw","url":"https:\/\/www.whw.hr\/","logo":{"@type":"ImageObject","inLanguage":"en-US","@id":"https:\/\/www.whw.hr\/#\/schema\/logo\/image\/","url":"https:\/\/www.whw.hr\/wp-content\/uploads\/2022\/12\/jmm-68-1-2.jpg","contentUrl":"https:\/\/www.whw.hr\/wp-content\/uploads\/2022\/12\/jmm-68-1-2.jpg","width":2000,"height":1333,"caption":"whw \/ what, how & for whom"},"image":{"@id":"https:\/\/www.whw.hr\/#\/schema\/logo\/image\/"},"sameAs":["https:\/\/www.instagram.com\/whw_what.how.for.whom\/","https:\/\/www.youtube.com\/channel\/UCYplGnLkNqPXZSBaJgv4mZw","https:\/\/www.facebook.com\/galerijanova"]}]}},"_links":{"self":[{"href":"https:\/\/www.whw.hr\/wp-json\/wp\/v2\/dogadjanja\/983","targetHints":{"allow":["GET"]}}],"collection":[{"href":"https:\/\/www.whw.hr\/wp-json\/wp\/v2\/dogadjanja"}],"about":[{"href":"https:\/\/www.whw.hr\/wp-json\/wp\/v2\/types\/dogadjanja"}],"author":[{"embeddable":true,"href":"https:\/\/www.whw.hr\/wp-json\/wp\/v2\/users\/2"}],"version-history":[{"count":3,"href":"https:\/\/www.whw.hr\/wp-json\/wp\/v2\/dogadjanja\/983\/revisions"}],"predecessor-version":[{"id":1238,"href":"https:\/\/www.whw.hr\/wp-json\/wp\/v2\/dogadjanja\/983\/revisions\/1238"}],"wp:featuredmedia":[{"embeddable":true,"href":"https:\/\/www.whw.hr\/wp-json\/wp\/v2\/media\/984"}],"wp:attachment":[{"href":"https:\/\/www.whw.hr\/wp-json\/wp\/v2\/media?parent=983"}],"wp:term":[{"taxonomy":"category","embeddable":true,"href":"https:\/\/www.whw.hr\/wp-json\/wp\/v2\/categories?post=983"},{"taxonomy":"post_tag","embeddable":true,"href":"https:\/\/www.whw.hr\/wp-json\/wp\/v2\/tags?post=983"}],"curies":[{"name":"wp","href":"https:\/\/api.w.org\/{rel}","templated":true}]}}

<p>Curator&nbsp;<a href="https://akademija.whw.hr/professors/adam-szymczyk" target="_blank" rel="noopener">Adam Szymczyk</a>&nbsp;gave a public lecture on the context and reception of documenta 14 in Athens and Kassel. On April 6 it is exactly two years since the joyful opening performance of documenta 14 took place in Athens, and just over a year and a half since the second iteration of the project ended in Kassel followed by a fierce debate on debt and crisis. Preceded by several stages of public manifestations in both cities, this common effort of numerous artists, writers and curators was a vast and multipronged undertaking that keeps reverberating in the continuing work of its protagonists and those who followed it &#8211; as members of the audience in Athens, Kassel and other locations, as receivers of&nbsp;<em>Every Time A Ear di Soun&nbsp;</em>radio program in several different cities around the globe and state television broadcasts of&nbsp;<em>Keimena&nbsp;</em>cycle in Greece, as participants in the project of&nbsp;<em>aneducation</em>, as members of the&nbsp;<em>Parliament of Bodies</em>&nbsp;in both cities, as readers of four issues of the documenta 14 magazine S<em>outh as a State of Mind</em>, documenta 14&nbsp;<em>Reader&nbsp;</em>and&nbsp;<em>Daybook</em>, as commentators, supporters and adversaries. Evading the logic of singular event, documenta 14 attempted to open up other temporalities, enable other ways of understanding of site and space, offer possibilities of inhabiting a longer “durée”- in multiplicity of fragmentary experiences, intervals and dispersed perceptions.</p>
<p>Video of the lecture can be found on this&nbsp;<a href="https://www.youtube.com/watch?v=l3V1HeBVJ9A&amp;feature=youtu.be" target="_blank" rel="noopener">link</a>.</p>
<p>‍</p>

<!-- This site is optimized with the Yoast SEO plugin v19.14 - https://yoast.com/wordpress/plugins/seo/ -->
<title>Adam Szymczyk, documenta 14: April 6 - September 17, 2017</title>
<meta name="description" content="Curator&nbsp;Adam Szymczyk&nbsp;gave a public lecture on the context and reception of documenta 14 in Athens and Kassel. On April 6 it is exactly two years since the joyful opening performance of documenta 14 took place in Athens, and just over a year and a half since the second iteration of the project ended in Kassel&hellip;" />
<meta name="robots" content="index, follow, max-snippet:-1, max-image-preview:large, max-video-preview:-1" />
<link rel="canonical" href="https://www.whw.hr/%dogadjanja-slug%/adam-szymczyk-documenta-14-6-travnja-17-rujna-2017/" />
<meta property="og:locale" content="en_US" />
<meta property="og:type" content="article" />
<meta property="og:title" content="Adam Szymczyk, documenta 14: April 6 - September 17, 2017" />
<meta property="og:description" content="Curator&nbsp;Adam Szymczyk&nbsp;gave a public lecture on the context and reception of documenta 14 in Athens and Kassel. On April 6 it is exactly two years since the joyful opening performance of documenta 14 took place in Athens, and just over a year and a half since the second iteration of the project ended in Kassel&hellip;" />
<meta property="og:url" content="https://www.whw.hr/%dogadjanja-slug%/adam-szymczyk-documenta-14-6-travnja-17-rujna-2017/" />
<meta property="og:site_name" content="whw" />
<meta property="article:publisher" content="https://www.facebook.com/galerijanova" />
<meta property="article:modified_time" content="2022-09-14T21:37:47+00:00" />
<meta property="og:image" content="https://www.whw.hr/wp-content/uploads/2022/08/adam.jpg" />
	<meta property="og:image:width" content="2000" />
	<meta property="og:image:height" content="1334" />
	<meta property="og:image:type" content="image/jpeg" />
<meta name="twitter:card" content="summary_large_image" />
<meta name="twitter:label1" content="Est. reading time" />
	<meta name="twitter:data1" content="2 minutes" />
<script type="application/ld+json" class="yoast-schema-graph">{"@context":"https://schema.org","@graph":[{"@type":"WebPage","@id":"https://www.whw.hr/%dogadjanja-slug%/adam-szymczyk-documenta-14-6-travnja-17-rujna-2017/","url":"https://www.whw.hr/%dogadjanja-slug%/adam-szymczyk-documenta-14-6-travnja-17-rujna-2017/","name":"Adam Szymczyk documenta 14: 6. travnja – 17. rujna 2017. &ndash; whw","isPartOf":{"@id":"https://www.whw.hr/#website"},"datePublished":"2022-08-23T17:48:31+00:00","dateModified":"2022-09-14T21:37:47+00:00","description":"Dana 6. travnja napunit će se točno dvije godine od vedre izvedbe koja je otvorila documentu u Ateni te nešto više od godinu i pol od dana od kad je druga","breadcrumb":{"@id":"https://www.whw.hr/%dogadjanja-slug%/adam-szymczyk-documenta-14-6-travnja-17-rujna-2017/#breadcrumb"},"inLanguage":"en-US","potentialAction":[{"@type":"ReadAction","target":["https://www.whw.hr/%dogadjanja-slug%/adam-szymczyk-documenta-14-6-travnja-17-rujna-2017/"]}]},{"@type":"BreadcrumbList","@id":"https://www.whw.hr/%dogadjanja-slug%/adam-szymczyk-documenta-14-6-travnja-17-rujna-2017/#breadcrumb","itemListElement":[{"@type":"ListItem","position":1,"name":"Početna stranica","item":"https://www.whw.hr/"},{"@type":"ListItem","position":2,"name":"Adam Szymczyk documenta 14: 6. travnja – 17. rujna 2017."}]},{"@type":"WebSite","@id":"https://www.whw.hr/#website","url":"https://www.whw.hr/","name":"whw / what, how & for whom","description":"what, how & for whom","publisher":{"@id":"https://www.whw.hr/#organization"},"alternateName":"whw","potentialAction":[{"@type":"SearchAction","target":{"@type":"EntryPoint","urlTemplate":"https://www.whw.hr/?s={search_term_string}"},"query-input":"required name=search_term_string"}],"inLanguage":"en-US"},{"@type":"Organization","@id":"https://www.whw.hr/#organization","name":"whw / what, how & for whom","alternateName":"whw","url":"https://www.whw.hr/","logo":{"@type":"ImageObject","inLanguage":"en-US","@id":"https://www.whw.hr/#/schema/logo/image/","url":"https://www.whw.hr/wp-content/uploads/2022/12/jmm-68-1-2.jpg","contentUrl":"https://www.whw.hr/wp-content/uploads/2022/12/jmm-68-1-2.jpg","width":2000,"height":1333,"caption":"whw / what, how & for whom"},"image":{"@id":"https://www.whw.hr/#/schema/logo/image/"},"sameAs":["https://www.instagram.com/whw_what.how.for.whom/","https://www.youtube.com/channel/UCYplGnLkNqPXZSBaJgv4mZw","https://www.facebook.com/galerijanova"]}]}</script>
<!-- / Yoast SEO plugin. -->

Dana 6. travnja napunit će se točno dvije godine od vedre izvedbe koja je otvorila documentu u Ateni te nešto više od godinu i pol od dana od kad je druga

Početna stranica
