{"id":899,"date":"2022-08-21T19:34:39","date_gmt":"2022-08-21T17:34:39","guid":{"rendered":"http:\/\/www.whw.hr\/hr\/dogadjanja\/\/"},"modified":"2022-09-14T23:50:30","modified_gmt":"2022-09-14T21:50:30","slug":"mladen-domazet-sensi-comuni-odrast-kao-trezveni-pristup-kronicnim-izvanrednim-stanjima","status":"publish","type":"dogadjanja","link":"https:\/\/www.whw.hr\/%dogadjanja-slug%\/mladen-domazet-sensi-comuni-odrast-kao-trezveni-pristup-kronicnim-izvanrednim-stanjima\/","title":{"rendered":"Mladen Domazet: Sensi Comuni - degrowth as a sober approach to chronic emergencies"},"content":{"rendered":"<p>With reference to two recent books that consider the current crisis in the context of its social, economic and environmental implications, <strong>Mladen Domazet<\/strong>&#8216;s lecture &nbsp;invites us to question and challenge the everyday logic of production and consumption growth. He does so from a broader perspective on the theory of degrowth and the demands of degrowth communities. In his new book&nbsp;<em>The Crown, Climate and Chronic State of Emergency, War Communism in the 21st Century<\/em>, historian Andreas Malm calls for us to apply the emerging state of emergency on a permanent basis and aim it towards a serious global struggle against climate change, beyond the current pandemic, yet another symptom of the chronic disease of modern capitalism.<\/p>\n<p>\u200d<strong>Mladen Domazet<\/strong> graduated in Physics and Philosophy from the University of Oxford and completed a doctorate in Philosophy of Science at the University of Zagreb. His research interest currently focuses on theories of scientific explanation, degrowth-compatible explanatory frameworks of social metabolism, and social attitudes relevant to sustainability. His publications reflect a career of diverse interdisciplinary interests and collaborations, from analysis of Wikipedias as complex networks, through analyses of sustainability education curricula in Europe to structural aspects of depth of explanation in contemporary physics.<br \/>\nHe\u2019s currently engaged in research on sustainability and degrowth dispositions of small semiperipheral societies, and ecological aspects of social stratification in Croatia.<\/p>\n","protected":false},"excerpt":{"rendered":"<p>With reference to two recent books that consider the current crisis in the context of its social, economic and environmental implications, Mladen Domazet&#8216;s lecture &nbsp;invites us to question and challenge the everyday logic of production and consumption growth. He does so from a broader perspective on the theory of degrowth and the demands of degrowth [&hellip;]<\/p>\n","protected":false},"author":2,"featured_media":900,"menu_order":0,"template":"","meta":{"footnotes":""},"categories":[9],"tags":[160,161],"class_list":["post-899","dogadjanja","type-dogadjanja","status-publish","has-post-thumbnail","hentry","category-online","tag-mladen-domazet","tag-odrast"],"acf":[],"yoast_head":"<!-- This site is optimized with the Yoast SEO plugin v19.14 - https:\/\/yoast.com\/wordpress\/plugins\/seo\/ -->\n<title>Mladen Domazet: Sensi Comuni - degrowth as a sober approach to chronic emergencies<\/title>\n<meta name=\"description\" content=\"With reference to two recent books that consider the current crisis in the context of its social, economic and environmental implications, Mladen Domazet&#039;s lecture &nbsp;invites us to question and challenge the everyday logic of production and consumption growth. He does so from a broader perspective on the theory of degrowth and the demands of degrowth&hellip;\" \/>\n<meta name=\"robots\" content=\"index, follow, max-snippet:-1, max-image-preview:large, max-video-preview:-1\" \/>\n<link rel=\"canonical\" href=\"https:\/\/www.whw.hr\/%dogadjanja-slug%\/mladen-domazet-sensi-comuni-odrast-kao-trezveni-pristup-kronicnim-izvanrednim-stanjima\/\" \/>\n<meta property=\"og:locale\" content=\"en_US\" \/>\n<meta property=\"og:type\" content=\"article\" \/>\n<meta property=\"og:title\" content=\"Mladen Domazet: Sensi Comuni - degrowth as a sober approach to chronic emergencies\" \/>\n<meta property=\"og:description\" content=\"With reference to two recent books that consider the current crisis in the context of its social, economic and environmental implications, Mladen Domazet&#039;s lecture &nbsp;invites us to question and challenge the everyday logic of production and consumption growth. He does so from a broader perspective on the theory of degrowth and the demands of degrowth&hellip;\" \/>\n<meta property=\"og:url\" content=\"https:\/\/www.whw.hr\/%dogadjanja-slug%\/mladen-domazet-sensi-comuni-odrast-kao-trezveni-pristup-kronicnim-izvanrednim-stanjima\/\" \/>\n<meta property=\"og:site_name\" content=\"whw\" \/>\n<meta property=\"article:publisher\" content=\"https:\/\/www.facebook.com\/galerijanova\" \/>\n<meta property=\"article:modified_time\" content=\"2022-09-14T21:50:30+00:00\" \/>\n<meta property=\"og:image\" content=\"https:\/\/www.whw.hr\/wp-content\/uploads\/2022\/08\/60015a04ffbcbd49fd055ac1_degrowth.jpg\" \/>\n\t<meta property=\"og:image:width\" content=\"800\" \/>\n\t<meta property=\"og:image:height\" content=\"533\" \/>\n\t<meta property=\"og:image:type\" content=\"image\/jpeg\" \/>\n<meta name=\"twitter:card\" content=\"summary_large_image\" \/>\n<meta name=\"twitter:label1\" content=\"Est. reading time\" \/>\n\t<meta name=\"twitter:data1\" content=\"2 minutes\" \/>\n<script type=\"application\/ld+json\" class=\"yoast-schema-graph\">{\"@context\":\"https:\/\/schema.org\",\"@graph\":[{\"@type\":\"WebPage\",\"@id\":\"https:\/\/www.whw.hr\/%dogadjanja-slug%\/mladen-domazet-sensi-comuni-odrast-kao-trezveni-pristup-kronicnim-izvanrednim-stanjima\/\",\"url\":\"https:\/\/www.whw.hr\/%dogadjanja-slug%\/mladen-domazet-sensi-comuni-odrast-kao-trezveni-pristup-kronicnim-izvanrednim-stanjima\/\",\"name\":\"Mladen Domazet: Sensi Comuni - odrast kao trezveni pristup kroni\u010dnim izvanrednim stanjima &ndash; whw\",\"isPartOf\":{\"@id\":\"https:\/\/www.whw.hr\/#website\"},\"datePublished\":\"2022-08-21T17:34:39+00:00\",\"dateModified\":\"2022-09-14T21:50:30+00:00\",\"description\":\"Uz osvrt na dvije recentne knjige koje teku\u0107u krizu razmatraju u kontekstu njezinih dru\u0161tvenih, ekonomskih i ekolo\u0161kih implikacija, predavanje Mladena\",\"breadcrumb\":{\"@id\":\"https:\/\/www.whw.hr\/%dogadjanja-slug%\/mladen-domazet-sensi-comuni-odrast-kao-trezveni-pristup-kronicnim-izvanrednim-stanjima\/#breadcrumb\"},\"inLanguage\":\"en-US\",\"potentialAction\":[{\"@type\":\"ReadAction\",\"target\":[\"https:\/\/www.whw.hr\/%dogadjanja-slug%\/mladen-domazet-sensi-comuni-odrast-kao-trezveni-pristup-kronicnim-izvanrednim-stanjima\/\"]}]},{\"@type\":\"BreadcrumbList\",\"@id\":\"https:\/\/www.whw.hr\/%dogadjanja-slug%\/mladen-domazet-sensi-comuni-odrast-kao-trezveni-pristup-kronicnim-izvanrednim-stanjima\/#breadcrumb\",\"itemListElement\":[{\"@type\":\"ListItem\",\"position\":1,\"name\":\"Po\u010detna stranica\",\"item\":\"https:\/\/www.whw.hr\/\"},{\"@type\":\"ListItem\",\"position\":2,\"name\":\"Mladen Domazet: Sensi Comuni &#8211; odrast kao trezveni pristup kroni\u010dnim izvanrednim stanjima\"}]},{\"@type\":\"WebSite\",\"@id\":\"https:\/\/www.whw.hr\/#website\",\"url\":\"https:\/\/www.whw.hr\/\",\"name\":\"whw \/ what, how & for whom\",\"description\":\"what, how & for whom\",\"publisher\":{\"@id\":\"https:\/\/www.whw.hr\/#organization\"},\"alternateName\":\"whw\",\"potentialAction\":[{\"@type\":\"SearchAction\",\"target\":{\"@type\":\"EntryPoint\",\"urlTemplate\":\"https:\/\/www.whw.hr\/?s={search_term_string}\"},\"query-input\":\"required name=search_term_string\"}],\"inLanguage\":\"en-US\"},{\"@type\":\"Organization\",\"@id\":\"https:\/\/www.whw.hr\/#organization\",\"name\":\"whw \/ what, how & for whom\",\"alternateName\":\"whw\",\"url\":\"https:\/\/www.whw.hr\/\",\"logo\":{\"@type\":\"ImageObject\",\"inLanguage\":\"en-US\",\"@id\":\"https:\/\/www.whw.hr\/#\/schema\/logo\/image\/\",\"url\":\"https:\/\/www.whw.hr\/wp-content\/uploads\/2022\/12\/jmm-68-1-2.jpg\",\"contentUrl\":\"https:\/\/www.whw.hr\/wp-content\/uploads\/2022\/12\/jmm-68-1-2.jpg\",\"width\":2000,\"height\":1333,\"caption\":\"whw \/ what, how & for whom\"},\"image\":{\"@id\":\"https:\/\/www.whw.hr\/#\/schema\/logo\/image\/\"},\"sameAs\":[\"https:\/\/www.instagram.com\/whw_what.how.for.whom\/\",\"https:\/\/www.youtube.com\/channel\/UCYplGnLkNqPXZSBaJgv4mZw\",\"https:\/\/www.facebook.com\/galerijanova\"]}]}<\/script>\n<!-- \/ Yoast SEO plugin. -->","yoast_head_json":{"title":"Mladen Domazet: Sensi Comuni - degrowth as a sober approach to chronic emergencies","description":"With reference to two recent books that consider the current crisis in the context of its social, economic and environmental implications, Mladen Domazet's lecture &nbsp;invites us to question and challenge the everyday logic of production and consumption growth. He does so from a broader perspective on the theory of degrowth and the demands of degrowth&hellip;","robots":{"index":"index","follow":"follow","max-snippet":"max-snippet:-1","max-image-preview":"max-image-preview:large","max-video-preview":"max-video-preview:-1"},"canonical":"https:\/\/www.whw.hr\/%dogadjanja-slug%\/mladen-domazet-sensi-comuni-odrast-kao-trezveni-pristup-kronicnim-izvanrednim-stanjima\/","og_locale":"en_US","og_type":"article","og_title":"Mladen Domazet: Sensi Comuni - degrowth as a sober approach to chronic emergencies","og_description":"With reference to two recent books that consider the current crisis in the context of its social, economic and environmental implications, Mladen Domazet's lecture &nbsp;invites us to question and challenge the everyday logic of production and consumption growth. He does so from a broader perspective on the theory of degrowth and the demands of degrowth&hellip;","og_url":"https:\/\/www.whw.hr\/%dogadjanja-slug%\/mladen-domazet-sensi-comuni-odrast-kao-trezveni-pristup-kronicnim-izvanrednim-stanjima\/","og_site_name":"whw","article_publisher":"https:\/\/www.facebook.com\/galerijanova","article_modified_time":"2022-09-14T21:50:30+00:00","og_image":[{"width":800,"height":533,"url":"https:\/\/www.whw.hr\/wp-content\/uploads\/2022\/08\/60015a04ffbcbd49fd055ac1_degrowth.jpg","type":"image\/jpeg"}],"twitter_card":"summary_large_image","twitter_misc":{"Est. reading time":"2 minutes"},"schema":{"@context":"https:\/\/schema.org","@graph":[{"@type":"WebPage","@id":"https:\/\/www.whw.hr\/%dogadjanja-slug%\/mladen-domazet-sensi-comuni-odrast-kao-trezveni-pristup-kronicnim-izvanrednim-stanjima\/","url":"https:\/\/www.whw.hr\/%dogadjanja-slug%\/mladen-domazet-sensi-comuni-odrast-kao-trezveni-pristup-kronicnim-izvanrednim-stanjima\/","name":"Mladen Domazet: Sensi Comuni - odrast kao trezveni pristup kroni\u010dnim izvanrednim stanjima &ndash; whw","isPartOf":{"@id":"https:\/\/www.whw.hr\/#website"},"datePublished":"2022-08-21T17:34:39+00:00","dateModified":"2022-09-14T21:50:30+00:00","description":"Uz osvrt na dvije recentne knjige koje teku\u0107u krizu razmatraju u kontekstu njezinih dru\u0161tvenih, ekonomskih i ekolo\u0161kih implikacija, predavanje Mladena","breadcrumb":{"@id":"https:\/\/www.whw.hr\/%dogadjanja-slug%\/mladen-domazet-sensi-comuni-odrast-kao-trezveni-pristup-kronicnim-izvanrednim-stanjima\/#breadcrumb"},"inLanguage":"en-US","potentialAction":[{"@type":"ReadAction","target":["https:\/\/www.whw.hr\/%dogadjanja-slug%\/mladen-domazet-sensi-comuni-odrast-kao-trezveni-pristup-kronicnim-izvanrednim-stanjima\/"]}]},{"@type":"BreadcrumbList","@id":"https:\/\/www.whw.hr\/%dogadjanja-slug%\/mladen-domazet-sensi-comuni-odrast-kao-trezveni-pristup-kronicnim-izvanrednim-stanjima\/#breadcrumb","itemListElement":[{"@type":"ListItem","position":1,"name":"Po\u010detna stranica","item":"https:\/\/www.whw.hr\/"},{"@type":"ListItem","position":2,"name":"Mladen Domazet: Sensi Comuni &#8211; odrast kao trezveni pristup kroni\u010dnim izvanrednim stanjima"}]},{"@type":"WebSite","@id":"https:\/\/www.whw.hr\/#website","url":"https:\/\/www.whw.hr\/","name":"whw \/ what, how & for whom","description":"what, how & for whom","publisher":{"@id":"https:\/\/www.whw.hr\/#organization"},"alternateName":"whw","potentialAction":[{"@type":"SearchAction","target":{"@type":"EntryPoint","urlTemplate":"https:\/\/www.whw.hr\/?s={search_term_string}"},"query-input":"required name=search_term_string"}],"inLanguage":"en-US"},{"@type":"Organization","@id":"https:\/\/www.whw.hr\/#organization","name":"whw \/ what, how & for whom","alternateName":"whw","url":"https:\/\/www.whw.hr\/","logo":{"@type":"ImageObject","inLanguage":"en-US","@id":"https:\/\/www.whw.hr\/#\/schema\/logo\/image\/","url":"https:\/\/www.whw.hr\/wp-content\/uploads\/2022\/12\/jmm-68-1-2.jpg","contentUrl":"https:\/\/www.whw.hr\/wp-content\/uploads\/2022\/12\/jmm-68-1-2.jpg","width":2000,"height":1333,"caption":"whw \/ what, how & for whom"},"image":{"@id":"https:\/\/www.whw.hr\/#\/schema\/logo\/image\/"},"sameAs":["https:\/\/www.instagram.com\/whw_what.how.for.whom\/","https:\/\/www.youtube.com\/channel\/UCYplGnLkNqPXZSBaJgv4mZw","https:\/\/www.facebook.com\/galerijanova"]}]}},"_links":{"self":[{"href":"https:\/\/www.whw.hr\/wp-json\/wp\/v2\/dogadjanja\/899","targetHints":{"allow":["GET"]}}],"collection":[{"href":"https:\/\/www.whw.hr\/wp-json\/wp\/v2\/dogadjanja"}],"about":[{"href":"https:\/\/www.whw.hr\/wp-json\/wp\/v2\/types\/dogadjanja"}],"author":[{"embeddable":true,"href":"https:\/\/www.whw.hr\/wp-json\/wp\/v2\/users\/2"}],"version-history":[{"count":2,"href":"https:\/\/www.whw.hr\/wp-json\/wp\/v2\/dogadjanja\/899\/revisions"}],"predecessor-version":[{"id":1259,"href":"https:\/\/www.whw.hr\/wp-json\/wp\/v2\/dogadjanja\/899\/revisions\/1259"}],"wp:featuredmedia":[{"embeddable":true,"href":"https:\/\/www.whw.hr\/wp-json\/wp\/v2\/media\/900"}],"wp:attachment":[{"href":"https:\/\/www.whw.hr\/wp-json\/wp\/v2\/media?parent=899"}],"wp:term":[{"taxonomy":"category","embeddable":true,"href":"https:\/\/www.whw.hr\/wp-json\/wp\/v2\/categories?post=899"},{"taxonomy":"post_tag","embeddable":true,"href":"https:\/\/www.whw.hr\/wp-json\/wp\/v2\/tags?post=899"}],"curies":[{"name":"wp","href":"https:\/\/api.w.org\/{rel}","templated":true}]}}

<!-- This site is optimized with the Yoast SEO plugin v19.14 - https://yoast.com/wordpress/plugins/seo/ -->
<title>Mladen Domazet: Sensi Comuni - degrowth as a sober approach to chronic emergencies</title>
<meta name="description" content="With reference to two recent books that consider the current crisis in the context of its social, economic and environmental implications, Mladen Domazet&#039;s lecture &nbsp;invites us to question and challenge the everyday logic of production and consumption growth. He does so from a broader perspective on the theory of degrowth and the demands of degrowth&hellip;" />
<meta name="robots" content="index, follow, max-snippet:-1, max-image-preview:large, max-video-preview:-1" />
<link rel="canonical" href="https://www.whw.hr/%dogadjanja-slug%/mladen-domazet-sensi-comuni-odrast-kao-trezveni-pristup-kronicnim-izvanrednim-stanjima/" />
<meta property="og:locale" content="en_US" />
<meta property="og:type" content="article" />
<meta property="og:title" content="Mladen Domazet: Sensi Comuni - degrowth as a sober approach to chronic emergencies" />
<meta property="og:description" content="With reference to two recent books that consider the current crisis in the context of its social, economic and environmental implications, Mladen Domazet&#039;s lecture &nbsp;invites us to question and challenge the everyday logic of production and consumption growth. He does so from a broader perspective on the theory of degrowth and the demands of degrowth&hellip;" />
<meta property="og:url" content="https://www.whw.hr/%dogadjanja-slug%/mladen-domazet-sensi-comuni-odrast-kao-trezveni-pristup-kronicnim-izvanrednim-stanjima/" />
<meta property="og:site_name" content="whw" />
<meta property="article:publisher" content="https://www.facebook.com/galerijanova" />
<meta property="article:modified_time" content="2022-09-14T21:50:30+00:00" />
<meta property="og:image" content="https://www.whw.hr/wp-content/uploads/2022/08/60015a04ffbcbd49fd055ac1_degrowth.jpg" />
	<meta property="og:image:width" content="800" />
	<meta property="og:image:height" content="533" />
	<meta property="og:image:type" content="image/jpeg" />
<meta name="twitter:card" content="summary_large_image" />
<meta name="twitter:label1" content="Est. reading time" />
	<meta name="twitter:data1" content="2 minutes" />
<script type="application/ld+json" class="yoast-schema-graph">{"@context":"https://schema.org","@graph":[{"@type":"WebPage","@id":"https://www.whw.hr/%dogadjanja-slug%/mladen-domazet-sensi-comuni-odrast-kao-trezveni-pristup-kronicnim-izvanrednim-stanjima/","url":"https://www.whw.hr/%dogadjanja-slug%/mladen-domazet-sensi-comuni-odrast-kao-trezveni-pristup-kronicnim-izvanrednim-stanjima/","name":"Mladen Domazet: Sensi Comuni - odrast kao trezveni pristup kroničnim izvanrednim stanjima &ndash; whw","isPartOf":{"@id":"https://www.whw.hr/#website"},"datePublished":"2022-08-21T17:34:39+00:00","dateModified":"2022-09-14T21:50:30+00:00","description":"Uz osvrt na dvije recentne knjige koje tekuću krizu razmatraju u kontekstu njezinih društvenih, ekonomskih i ekoloških implikacija, predavanje Mladena","breadcrumb":{"@id":"https://www.whw.hr/%dogadjanja-slug%/mladen-domazet-sensi-comuni-odrast-kao-trezveni-pristup-kronicnim-izvanrednim-stanjima/#breadcrumb"},"inLanguage":"en-US","potentialAction":[{"@type":"ReadAction","target":["https://www.whw.hr/%dogadjanja-slug%/mladen-domazet-sensi-comuni-odrast-kao-trezveni-pristup-kronicnim-izvanrednim-stanjima/"]}]},{"@type":"BreadcrumbList","@id":"https://www.whw.hr/%dogadjanja-slug%/mladen-domazet-sensi-comuni-odrast-kao-trezveni-pristup-kronicnim-izvanrednim-stanjima/#breadcrumb","itemListElement":[{"@type":"ListItem","position":1,"name":"Početna stranica","item":"https://www.whw.hr/"},{"@type":"ListItem","position":2,"name":"Mladen Domazet: Sensi Comuni &#8211; odrast kao trezveni pristup kroničnim izvanrednim stanjima"}]},{"@type":"WebSite","@id":"https://www.whw.hr/#website","url":"https://www.whw.hr/","name":"whw / what, how & for whom","description":"what, how & for whom","publisher":{"@id":"https://www.whw.hr/#organization"},"alternateName":"whw","potentialAction":[{"@type":"SearchAction","target":{"@type":"EntryPoint","urlTemplate":"https://www.whw.hr/?s={search_term_string}"},"query-input":"required name=search_term_string"}],"inLanguage":"en-US"},{"@type":"Organization","@id":"https://www.whw.hr/#organization","name":"whw / what, how & for whom","alternateName":"whw","url":"https://www.whw.hr/","logo":{"@type":"ImageObject","inLanguage":"en-US","@id":"https://www.whw.hr/#/schema/logo/image/","url":"https://www.whw.hr/wp-content/uploads/2022/12/jmm-68-1-2.jpg","contentUrl":"https://www.whw.hr/wp-content/uploads/2022/12/jmm-68-1-2.jpg","width":2000,"height":1333,"caption":"whw / what, how & for whom"},"image":{"@id":"https://www.whw.hr/#/schema/logo/image/"},"sameAs":["https://www.instagram.com/whw_what.how.for.whom/","https://www.youtube.com/channel/UCYplGnLkNqPXZSBaJgv4mZw","https://www.facebook.com/galerijanova"]}]}</script>
<!-- / Yoast SEO plugin. -->

Mladen Domazet: Sensi Comuni - odrast kao trezveni pristup kroničnim izvanrednim stanjima &ndash; whw

Uz osvrt na dvije recentne knjige koje tekuću krizu razmatraju u kontekstu njezinih društvenih, ekonomskih i ekoloških implikacija, predavanje Mladena

Početna stranica

Mladen Domazet: Sensi Comuni &#8211; odrast kao trezveni pristup kroničnim izvanrednim stanjima
