{"id":861,"date":"2022-08-21T12:19:03","date_gmt":"2022-08-21T10:19:03","guid":{"rendered":"http:\/\/www.whw.hr\/hr\/dogadjanja\/\/"},"modified":"2022-10-23T12:48:40","modified_gmt":"2022-10-23T10:48:40","slug":"svjedoci-i-sudionici-razgovor-uz-projekt-arhiv-bijega","status":"publish","type":"dogadjanja","link":"https:\/\/www.whw.hr\/%dogadjanja-slug%\/svjedoci-i-sudionici-razgovor-uz-projekt-arhiv-bijega\/","title":{"rendered":"Witnesses and partakers \u2013 talk within the Archive of Escape project"},"content":{"rendered":"<p>Migration and its goal, achieving security (physical, economic and emotional) in another country, is a process that includes both the individual who migrates and all those who are on their way or at their final destination. Artistic initiatives, many of which dealt with this issue even before it entered the media&#8217;s field of vision, bring a necessarily complex spectrum of perspectives to the general public.<\/p>\n<p>Therefore, this talk, with the participation of the artist <strong>selma banich<\/strong>, the director <strong>Tiha K. Gudac<\/strong> and the artist <strong>Davor Konjiku\u0161i\u0107<\/strong>, with the moderation of the scientist and anthropologist <strong>Marijana Hamer\u0161ak<\/strong>, will try to detect the position of the cultural community in that process, the possibilities and limitations of action through artistic practices.<\/p>\n<p>The talk was organized in cooperation of the association WHW with the Goethe-Institut Kroatien and the oral history project <em>Archiv der Flucht<\/em> (Archive of Escape) from Berlin&#8217;s House of World Cultures.<\/p>\n<figure id=\"attachment_863\" aria-describedby=\"caption-attachment-863\" style=\"width: 1875px\" class=\"wp-caption alignnone\"><img loading=\"lazy\" decoding=\"async\" class=\"wp-image-863 size-full\" src=\"https:\/\/www.whw.hr\/wp-content\/uploads\/2022\/08\/36.jpg\" alt=\"\" width=\"1875\" height=\"1250\" srcset=\"https:\/\/www.whw.hr\/wp-content\/uploads\/2022\/08\/36.jpg 1875w, https:\/\/www.whw.hr\/wp-content\/uploads\/2022\/08\/36-1600x1067.jpg 1600w, https:\/\/www.whw.hr\/wp-content\/uploads\/2022\/08\/36-735x490.jpg 735w, https:\/\/www.whw.hr\/wp-content\/uploads\/2022\/08\/36-450x300.jpg 450w\" sizes=\"auto, (max-width: 1875px) 100vw, 1875px\" \/><figcaption id=\"caption-attachment-863\" class=\"wp-caption-text\">Photo: Barbara Radelja<\/figcaption><\/figure>\n","protected":false},"excerpt":{"rendered":"<p>Migration and its goal, achieving security (physical, economic and emotional) in another country, is a process that includes both the individual who migrates and all those who are on their way or at their final destination. Artistic initiatives, many of which dealt with this issue even before it entered the media&#8217;s field of vision, bring [&hellip;]<\/p>\n","protected":false},"author":2,"featured_media":862,"menu_order":0,"template":"","meta":{"footnotes":""},"categories":[8],"tags":[125,122,124,123,126,120,121],"class_list":["post-861","dogadjanja","type-dogadjanja","status-publish","has-post-thumbnail","hentry","category-galerijanova","tag-arhiv-bijega","tag-davor-konjikusic","tag-goethe-institut-kroatien","tag-marijana-hamersak","tag-migracije","tag-selma-banich","tag-tiha-k-gudac"],"acf":[],"yoast_head":"<!-- This site is optimized with the Yoast SEO plugin v19.14 - https:\/\/yoast.com\/wordpress\/plugins\/seo\/ -->\n<title>Witnesses and partakers \u2013 talk within the Archive of Escape project<\/title>\n<meta name=\"description\" content=\"Migration and its goal, achieving security (physical, economic and emotional) in another country, is a process that includes both the individual who migrates and all those who are on their way or at their final destination. Artistic initiatives, many of which dealt with this issue even before it entered the media&#039;s field of vision, bring&hellip;\" \/>\n<meta name=\"robots\" content=\"index, follow, max-snippet:-1, max-image-preview:large, max-video-preview:-1\" \/>\n<link rel=\"canonical\" href=\"https:\/\/www.whw.hr\/%dogadjanja-slug%\/svjedoci-i-sudionici-razgovor-uz-projekt-arhiv-bijega\/\" \/>\n<meta property=\"og:locale\" content=\"en_US\" \/>\n<meta property=\"og:type\" content=\"article\" \/>\n<meta property=\"og:title\" content=\"Witnesses and partakers \u2013 talk within the Archive of Escape project\" \/>\n<meta property=\"og:description\" content=\"Migration and its goal, achieving security (physical, economic and emotional) in another country, is a process that includes both the individual who migrates and all those who are on their way or at their final destination. Artistic initiatives, many of which dealt with this issue even before it entered the media&#039;s field of vision, bring&hellip;\" \/>\n<meta property=\"og:url\" content=\"https:\/\/www.whw.hr\/%dogadjanja-slug%\/svjedoci-i-sudionici-razgovor-uz-projekt-arhiv-bijega\/\" \/>\n<meta property=\"og:site_name\" content=\"whw\" \/>\n<meta property=\"article:publisher\" content=\"https:\/\/www.facebook.com\/galerijanova\" \/>\n<meta property=\"article:modified_time\" content=\"2022-10-23T10:48:40+00:00\" \/>\n<meta property=\"og:image\" content=\"https:\/\/www.whw.hr\/wp-content\/uploads\/2022\/08\/35.jpg\" \/>\n\t<meta property=\"og:image:width\" content=\"1875\" \/>\n\t<meta property=\"og:image:height\" content=\"1250\" \/>\n\t<meta property=\"og:image:type\" content=\"image\/jpeg\" \/>\n<meta name=\"twitter:card\" content=\"summary_large_image\" \/>\n<meta name=\"twitter:label1\" content=\"Est. reading time\" \/>\n\t<meta name=\"twitter:data1\" content=\"5 minutes\" \/>\n<script type=\"application\/ld+json\" class=\"yoast-schema-graph\">{\"@context\":\"https:\/\/schema.org\",\"@graph\":[{\"@type\":\"WebPage\",\"@id\":\"https:\/\/www.whw.hr\/%dogadjanja-slug%\/svjedoci-i-sudionici-razgovor-uz-projekt-arhiv-bijega\/\",\"url\":\"https:\/\/www.whw.hr\/%dogadjanja-slug%\/svjedoci-i-sudionici-razgovor-uz-projekt-arhiv-bijega\/\",\"name\":\"Svjedoci i sudionici \u2013 razgovor uz projekt Arhiv bijega &ndash; whw\",\"isPartOf\":{\"@id\":\"https:\/\/www.whw.hr\/#website\"},\"datePublished\":\"2022-08-21T10:19:03+00:00\",\"dateModified\":\"2022-10-23T10:48:40+00:00\",\"description\":\"Hrvatska i druge dr\u017eave regije prostor su duge povijesti iseljavanja, ali i mjesto izbjegli\u0161tva te aktualna bolna to\u010dka migrantskih kretanja. Kompleksnost\",\"breadcrumb\":{\"@id\":\"https:\/\/www.whw.hr\/%dogadjanja-slug%\/svjedoci-i-sudionici-razgovor-uz-projekt-arhiv-bijega\/#breadcrumb\"},\"inLanguage\":\"en-US\",\"potentialAction\":[{\"@type\":\"ReadAction\",\"target\":[\"https:\/\/www.whw.hr\/%dogadjanja-slug%\/svjedoci-i-sudionici-razgovor-uz-projekt-arhiv-bijega\/\"]}]},{\"@type\":\"BreadcrumbList\",\"@id\":\"https:\/\/www.whw.hr\/%dogadjanja-slug%\/svjedoci-i-sudionici-razgovor-uz-projekt-arhiv-bijega\/#breadcrumb\",\"itemListElement\":[{\"@type\":\"ListItem\",\"position\":1,\"name\":\"Po\u010detna stranica\",\"item\":\"https:\/\/www.whw.hr\/\"},{\"@type\":\"ListItem\",\"position\":2,\"name\":\"Svjedoci i sudionici \u2013 razgovor uz projekt Arhiv bijega\"}]},{\"@type\":\"WebSite\",\"@id\":\"https:\/\/www.whw.hr\/#website\",\"url\":\"https:\/\/www.whw.hr\/\",\"name\":\"whw \/ what, how & for whom\",\"description\":\"what, how & for whom\",\"publisher\":{\"@id\":\"https:\/\/www.whw.hr\/#organization\"},\"alternateName\":\"whw\",\"potentialAction\":[{\"@type\":\"SearchAction\",\"target\":{\"@type\":\"EntryPoint\",\"urlTemplate\":\"https:\/\/www.whw.hr\/?s={search_term_string}\"},\"query-input\":\"required name=search_term_string\"}],\"inLanguage\":\"en-US\"},{\"@type\":\"Organization\",\"@id\":\"https:\/\/www.whw.hr\/#organization\",\"name\":\"whw \/ what, how & for whom\",\"alternateName\":\"whw\",\"url\":\"https:\/\/www.whw.hr\/\",\"logo\":{\"@type\":\"ImageObject\",\"inLanguage\":\"en-US\",\"@id\":\"https:\/\/www.whw.hr\/#\/schema\/logo\/image\/\",\"url\":\"https:\/\/www.whw.hr\/wp-content\/uploads\/2022\/12\/jmm-68-1-2.jpg\",\"contentUrl\":\"https:\/\/www.whw.hr\/wp-content\/uploads\/2022\/12\/jmm-68-1-2.jpg\",\"width\":2000,\"height\":1333,\"caption\":\"whw \/ what, how & for whom\"},\"image\":{\"@id\":\"https:\/\/www.whw.hr\/#\/schema\/logo\/image\/\"},\"sameAs\":[\"https:\/\/www.instagram.com\/whw_what.how.for.whom\/\",\"https:\/\/www.youtube.com\/channel\/UCYplGnLkNqPXZSBaJgv4mZw\",\"https:\/\/www.facebook.com\/galerijanova\"]}]}<\/script>\n<!-- \/ Yoast SEO plugin. -->","yoast_head_json":{"title":"Witnesses and partakers \u2013 talk within the Archive of Escape project","description":"Migration and its goal, achieving security (physical, economic and emotional) in another country, is a process that includes both the individual who migrates and all those who are on their way or at their final destination. Artistic initiatives, many of which dealt with this issue even before it entered the media's field of vision, bring&hellip;","robots":{"index":"index","follow":"follow","max-snippet":"max-snippet:-1","max-image-preview":"max-image-preview:large","max-video-preview":"max-video-preview:-1"},"canonical":"https:\/\/www.whw.hr\/%dogadjanja-slug%\/svjedoci-i-sudionici-razgovor-uz-projekt-arhiv-bijega\/","og_locale":"en_US","og_type":"article","og_title":"Witnesses and partakers \u2013 talk within the Archive of Escape project","og_description":"Migration and its goal, achieving security (physical, economic and emotional) in another country, is a process that includes both the individual who migrates and all those who are on their way or at their final destination. Artistic initiatives, many of which dealt with this issue even before it entered the media's field of vision, bring&hellip;","og_url":"https:\/\/www.whw.hr\/%dogadjanja-slug%\/svjedoci-i-sudionici-razgovor-uz-projekt-arhiv-bijega\/","og_site_name":"whw","article_publisher":"https:\/\/www.facebook.com\/galerijanova","article_modified_time":"2022-10-23T10:48:40+00:00","og_image":[{"width":1875,"height":1250,"url":"https:\/\/www.whw.hr\/wp-content\/uploads\/2022\/08\/35.jpg","type":"image\/jpeg"}],"twitter_card":"summary_large_image","twitter_misc":{"Est. reading time":"5 minutes"},"schema":{"@context":"https:\/\/schema.org","@graph":[{"@type":"WebPage","@id":"https:\/\/www.whw.hr\/%dogadjanja-slug%\/svjedoci-i-sudionici-razgovor-uz-projekt-arhiv-bijega\/","url":"https:\/\/www.whw.hr\/%dogadjanja-slug%\/svjedoci-i-sudionici-razgovor-uz-projekt-arhiv-bijega\/","name":"Svjedoci i sudionici \u2013 razgovor uz projekt Arhiv bijega &ndash; whw","isPartOf":{"@id":"https:\/\/www.whw.hr\/#website"},"datePublished":"2022-08-21T10:19:03+00:00","dateModified":"2022-10-23T10:48:40+00:00","description":"Hrvatska i druge dr\u017eave regije prostor su duge povijesti iseljavanja, ali i mjesto izbjegli\u0161tva te aktualna bolna to\u010dka migrantskih kretanja. Kompleksnost","breadcrumb":{"@id":"https:\/\/www.whw.hr\/%dogadjanja-slug%\/svjedoci-i-sudionici-razgovor-uz-projekt-arhiv-bijega\/#breadcrumb"},"inLanguage":"en-US","potentialAction":[{"@type":"ReadAction","target":["https:\/\/www.whw.hr\/%dogadjanja-slug%\/svjedoci-i-sudionici-razgovor-uz-projekt-arhiv-bijega\/"]}]},{"@type":"BreadcrumbList","@id":"https:\/\/www.whw.hr\/%dogadjanja-slug%\/svjedoci-i-sudionici-razgovor-uz-projekt-arhiv-bijega\/#breadcrumb","itemListElement":[{"@type":"ListItem","position":1,"name":"Po\u010detna stranica","item":"https:\/\/www.whw.hr\/"},{"@type":"ListItem","position":2,"name":"Svjedoci i sudionici \u2013 razgovor uz projekt Arhiv bijega"}]},{"@type":"WebSite","@id":"https:\/\/www.whw.hr\/#website","url":"https:\/\/www.whw.hr\/","name":"whw \/ what, how & for whom","description":"what, how & for whom","publisher":{"@id":"https:\/\/www.whw.hr\/#organization"},"alternateName":"whw","potentialAction":[{"@type":"SearchAction","target":{"@type":"EntryPoint","urlTemplate":"https:\/\/www.whw.hr\/?s={search_term_string}"},"query-input":"required name=search_term_string"}],"inLanguage":"en-US"},{"@type":"Organization","@id":"https:\/\/www.whw.hr\/#organization","name":"whw \/ what, how & for whom","alternateName":"whw","url":"https:\/\/www.whw.hr\/","logo":{"@type":"ImageObject","inLanguage":"en-US","@id":"https:\/\/www.whw.hr\/#\/schema\/logo\/image\/","url":"https:\/\/www.whw.hr\/wp-content\/uploads\/2022\/12\/jmm-68-1-2.jpg","contentUrl":"https:\/\/www.whw.hr\/wp-content\/uploads\/2022\/12\/jmm-68-1-2.jpg","width":2000,"height":1333,"caption":"whw \/ what, how & for whom"},"image":{"@id":"https:\/\/www.whw.hr\/#\/schema\/logo\/image\/"},"sameAs":["https:\/\/www.instagram.com\/whw_what.how.for.whom\/","https:\/\/www.youtube.com\/channel\/UCYplGnLkNqPXZSBaJgv4mZw","https:\/\/www.facebook.com\/galerijanova"]}]}},"_links":{"self":[{"href":"https:\/\/www.whw.hr\/wp-json\/wp\/v2\/dogadjanja\/861","targetHints":{"allow":["GET"]}}],"collection":[{"href":"https:\/\/www.whw.hr\/wp-json\/wp\/v2\/dogadjanja"}],"about":[{"href":"https:\/\/www.whw.hr\/wp-json\/wp\/v2\/types\/dogadjanja"}],"author":[{"embeddable":true,"href":"https:\/\/www.whw.hr\/wp-json\/wp\/v2\/users\/2"}],"version-history":[{"count":4,"href":"https:\/\/www.whw.hr\/wp-json\/wp\/v2\/dogadjanja\/861\/revisions"}],"predecessor-version":[{"id":1984,"href":"https:\/\/www.whw.hr\/wp-json\/wp\/v2\/dogadjanja\/861\/revisions\/1984"}],"wp:featuredmedia":[{"embeddable":true,"href":"https:\/\/www.whw.hr\/wp-json\/wp\/v2\/media\/862"}],"wp:attachment":[{"href":"https:\/\/www.whw.hr\/wp-json\/wp\/v2\/media?parent=861"}],"wp:term":[{"taxonomy":"category","embeddable":true,"href":"https:\/\/www.whw.hr\/wp-json\/wp\/v2\/categories?post=861"},{"taxonomy":"post_tag","embeddable":true,"href":"https:\/\/www.whw.hr\/wp-json\/wp\/v2\/tags?post=861"}],"curies":[{"name":"wp","href":"https:\/\/api.w.org\/{rel}","templated":true}]}}

<p>Migration and its goal, achieving security (physical, economic and emotional) in another country, is a process that includes both the individual who migrates and all those who are on their way or at their final destination. Artistic initiatives, many of which dealt with this issue even before it entered the media&#8217;s field of vision, bring a necessarily complex spectrum of perspectives to the general public.</p>
<p>Therefore, this talk, with the participation of the artist <strong>selma banich</strong>, the director <strong>Tiha K. Gudac</strong> and the artist <strong>Davor Konjikušić</strong>, with the moderation of the scientist and anthropologist <strong>Marijana Hameršak</strong>, will try to detect the position of the cultural community in that process, the possibilities and limitations of action through artistic practices.</p>
<p>The talk was organized in cooperation of the association WHW with the Goethe-Institut Kroatien and the oral history project <em>Archiv der Flucht</em> (Archive of Escape) from Berlin&#8217;s House of World Cultures.</p>
<figure id="attachment_863" aria-describedby="caption-attachment-863" style="width: 1875px" class="wp-caption alignnone"><img loading="lazy" decoding="async" class="wp-image-863 size-full" src="https://www.whw.hr/wp-content/uploads/2022/08/36.jpg" alt="" width="1875" height="1250" srcset="https://www.whw.hr/wp-content/uploads/2022/08/36.jpg 1875w, https://www.whw.hr/wp-content/uploads/2022/08/36-1600x1067.jpg 1600w, https://www.whw.hr/wp-content/uploads/2022/08/36-735x490.jpg 735w, https://www.whw.hr/wp-content/uploads/2022/08/36-450x300.jpg 450w" sizes="auto, (max-width: 1875px) 100vw, 1875px" /><figcaption id="caption-attachment-863" class="wp-caption-text">Photo: Barbara Radelja</figcaption></figure>

<!-- This site is optimized with the Yoast SEO plugin v19.14 - https://yoast.com/wordpress/plugins/seo/ -->
<title>Witnesses and partakers – talk within the Archive of Escape project</title>
<meta name="description" content="Migration and its goal, achieving security (physical, economic and emotional) in another country, is a process that includes both the individual who migrates and all those who are on their way or at their final destination. Artistic initiatives, many of which dealt with this issue even before it entered the media&#039;s field of vision, bring&hellip;" />
<meta name="robots" content="index, follow, max-snippet:-1, max-image-preview:large, max-video-preview:-1" />
<link rel="canonical" href="https://www.whw.hr/%dogadjanja-slug%/svjedoci-i-sudionici-razgovor-uz-projekt-arhiv-bijega/" />
<meta property="og:locale" content="en_US" />
<meta property="og:type" content="article" />
<meta property="og:title" content="Witnesses and partakers – talk within the Archive of Escape project" />
<meta property="og:description" content="Migration and its goal, achieving security (physical, economic and emotional) in another country, is a process that includes both the individual who migrates and all those who are on their way or at their final destination. Artistic initiatives, many of which dealt with this issue even before it entered the media&#039;s field of vision, bring&hellip;" />
<meta property="og:url" content="https://www.whw.hr/%dogadjanja-slug%/svjedoci-i-sudionici-razgovor-uz-projekt-arhiv-bijega/" />
<meta property="og:site_name" content="whw" />
<meta property="article:publisher" content="https://www.facebook.com/galerijanova" />
<meta property="article:modified_time" content="2022-10-23T10:48:40+00:00" />
<meta property="og:image" content="https://www.whw.hr/wp-content/uploads/2022/08/35.jpg" />
	<meta property="og:image:width" content="1875" />
	<meta property="og:image:height" content="1250" />
	<meta property="og:image:type" content="image/jpeg" />
<meta name="twitter:card" content="summary_large_image" />
<meta name="twitter:label1" content="Est. reading time" />
	<meta name="twitter:data1" content="5 minutes" />
<script type="application/ld+json" class="yoast-schema-graph">{"@context":"https://schema.org","@graph":[{"@type":"WebPage","@id":"https://www.whw.hr/%dogadjanja-slug%/svjedoci-i-sudionici-razgovor-uz-projekt-arhiv-bijega/","url":"https://www.whw.hr/%dogadjanja-slug%/svjedoci-i-sudionici-razgovor-uz-projekt-arhiv-bijega/","name":"Svjedoci i sudionici – razgovor uz projekt Arhiv bijega &ndash; whw","isPartOf":{"@id":"https://www.whw.hr/#website"},"datePublished":"2022-08-21T10:19:03+00:00","dateModified":"2022-10-23T10:48:40+00:00","description":"Hrvatska i druge države regije prostor su duge povijesti iseljavanja, ali i mjesto izbjeglištva te aktualna bolna točka migrantskih kretanja. Kompleksnost","breadcrumb":{"@id":"https://www.whw.hr/%dogadjanja-slug%/svjedoci-i-sudionici-razgovor-uz-projekt-arhiv-bijega/#breadcrumb"},"inLanguage":"en-US","potentialAction":[{"@type":"ReadAction","target":["https://www.whw.hr/%dogadjanja-slug%/svjedoci-i-sudionici-razgovor-uz-projekt-arhiv-bijega/"]}]},{"@type":"BreadcrumbList","@id":"https://www.whw.hr/%dogadjanja-slug%/svjedoci-i-sudionici-razgovor-uz-projekt-arhiv-bijega/#breadcrumb","itemListElement":[{"@type":"ListItem","position":1,"name":"Početna stranica","item":"https://www.whw.hr/"},{"@type":"ListItem","position":2,"name":"Svjedoci i sudionici – razgovor uz projekt Arhiv bijega"}]},{"@type":"WebSite","@id":"https://www.whw.hr/#website","url":"https://www.whw.hr/","name":"whw / what, how & for whom","description":"what, how & for whom","publisher":{"@id":"https://www.whw.hr/#organization"},"alternateName":"whw","potentialAction":[{"@type":"SearchAction","target":{"@type":"EntryPoint","urlTemplate":"https://www.whw.hr/?s={search_term_string}"},"query-input":"required name=search_term_string"}],"inLanguage":"en-US"},{"@type":"Organization","@id":"https://www.whw.hr/#organization","name":"whw / what, how & for whom","alternateName":"whw","url":"https://www.whw.hr/","logo":{"@type":"ImageObject","inLanguage":"en-US","@id":"https://www.whw.hr/#/schema/logo/image/","url":"https://www.whw.hr/wp-content/uploads/2022/12/jmm-68-1-2.jpg","contentUrl":"https://www.whw.hr/wp-content/uploads/2022/12/jmm-68-1-2.jpg","width":2000,"height":1333,"caption":"whw / what, how & for whom"},"image":{"@id":"https://www.whw.hr/#/schema/logo/image/"},"sameAs":["https://www.instagram.com/whw_what.how.for.whom/","https://www.youtube.com/channel/UCYplGnLkNqPXZSBaJgv4mZw","https://www.facebook.com/galerijanova"]}]}</script>
<!-- / Yoast SEO plugin. -->

Hrvatska i druge države regije prostor su duge povijesti iseljavanja, ali i mjesto izbjeglištva te aktualna bolna točka migrantskih kretanja. Kompleksnost

Početna stranica
