{"id":4437,"date":"2024-09-09T20:52:59","date_gmt":"2024-09-09T18:52:59","guid":{"rendered":"https:\/\/www.whw.hr\/program\/\/"},"modified":"2024-10-28T15:04:56","modified_gmt":"2024-10-28T14:04:56","slug":"francoise-verges-the-impossible-decolonization-of-the-universal-museum","status":"publish","type":"dogadjanja","link":"https:\/\/www.whw.hr\/%dogadjanja-slug%\/francoise-verges-the-impossible-decolonization-of-the-universal-museum\/","title":{"rendered":"Fran\u00e7oise Verg\u00e8s, The (impossible) decolonization of the universal museum"},"content":{"rendered":"<p>We are inaugurating the second part of the <em><strong>WHW Akademija<\/strong><\/em> 2024 program with a public lecture by <strong>Fran\u00e7oise Verg\u00e8s<\/strong>, a political theorist, antiracist and decolonial feminist. In her lecture <strong>Fran\u00e7oise Verg\u00e8s<\/strong> will share her critical observations on the relation between the museum and the colonial order explored in her latest book <em>A Programme of Absolute Disorder: Decolonizing the Museum<\/em> (English edition, Pluto Press, 2024.). If decolonization is, as Frantz Fanon wrote, &#8220;a program of absolute disorder\u201d, then the decolonization of the universal museum cannot be accomplished. Reforms and changes, sure, would mean justice, but decolonization is a serious matter, it is the abolition of regimes of dispossesion, exploitation, extraction and exploitation. Justice in the museum means reflecting not only on the origins of the collection but on the social, racial, gendered hierarchy of the institution (who cleans, who cooks, who guards?), on what is conservation, its economy, its role in current ethno-nationalism and late fascism, in neolibreal antiracism and the power of private capital. Decolonization means imagining a \u201cpost-museum\u201d, from its architecture to its place and role in the historical process of decolonization.<\/p>\n<p>The lecture will be held in English.<\/p>\n<p><strong>Fran\u00e7oise Verg\u00e8s<\/strong> will also lead a seminar for the participants of WHW Akademija titled <em>What Is A Politics of Vital Needs?<\/em> that will look at the questions raised by the state of permanent war waged by imperialism, authoritarian governments, libertarianism, militarism and neoliberal racial patriarchal capitalism and at the ways in which this war destroys what can be described as \u201cvital needs\u201d of the non-human species\u2014water, air, land, food that are not contaminated\u2014and the human specie\u2014water, air, land, food that are not contaminated, and joy, peacefulness, and life.<\/p>\n<p><strong>Fran\u00e7oise Verg\u00e8s<\/strong> (Reunion Island) is a political theorist, antiracist and decolonial feminist and independent curator. She has written extensively on the afterlives of slavery, South-South solidarities, the decolonization of the public space and of the museum, Aim\u00e9 C\u00e9saire, Frantz Fanon, decolonial feminism, the circulation of textiles, ideas and tastes, neoliberalism and the economy of predation. A co-founder of the non-profit Decolonize the Arts (Paris,2015-2020), she has been convening L\u2019Atelier, a workshop cum public performance with artists and activists of color, she contributes to The Nomad Colony created by artist <strong>Kader Attia<\/strong> and organizes decolonial visits in museums. Recent publications:<em> Programme de d\u00e9sordre absolu. D\u00e9coloniser le mus\u00e9e<\/em> (2023), <em>A Feminist Theory of Violence. A Decolonial Perspective<\/em> (2022), <em>A Decolonial Feminism<\/em> (2020), <em>De la violence coloniale dans l\u2019espace public<\/em> (2021) <em>Resolutely Black. Conversations with Aim\u00e9 C\u00e9saire<\/em> (2019), T<em>he Wombs of Women: Race, Capital, Feminism<\/em> (2020).<\/p>\n<p>WHW Akademija is funded by <a href=\"https:\/\/www.kontakt-collection.org\/\"><b>Kontakt Art Collection<\/b><\/a><span style=\"font-weight: 400;\">, <\/span><a href=\"https:\/\/www.erstestiftung.org\/en\/\"><b>ERSTE Foundation<\/b><\/a><span style=\"font-weight: 400;\">, <\/span><a href=\"https:\/\/ffaiarts.net\/\"><b>Foundation for Arts Initiatives<\/b><\/a><span style=\"font-weight: 400;\">,<\/span> <a href=\"https:\/\/www.tmuny.org\/\"><b>Trust for Mutual Understanding<\/b><\/a><\/p>\n<p>Additional funds for the program are granted by the Creative Europe Programme of the European Union, City Office for Culture and Civil Society, Foundation Kultura nova, Ministry of Culture and Media of the Republic of Croatia.<\/p>\n<p>The lecture is realized in conjunction with the collaborative project Care ecologies, organized between WHW, G&amp;A Mamidakis Foundation, State of Concept Athens and Idensitat.<\/p>\n","protected":false},"excerpt":{"rendered":"<p>We are inaugurating the second part of the WHW Akademija 2024 program with a public lecture by Fran\u00e7oise Verg\u00e8s, a political theorist, antiracist and decolonial feminist.<\/p>\n","protected":false},"author":2,"featured_media":4438,"menu_order":0,"template":"","meta":{"footnotes":""},"categories":[1],"tags":[889,900,884],"class_list":["post-4437","dogadjanja","type-dogadjanja","status-publish","has-post-thumbnail","hentry","category-whwakademija","tag-care-ecologies","tag-ekologije-skrbi","tag-francoise-verges"],"acf":[],"yoast_head":"<!-- This site is optimized with the Yoast SEO plugin v19.14 - https:\/\/yoast.com\/wordpress\/plugins\/seo\/ -->\n<title>Fran\u00e7oise Verg\u00e8s, The (impossible) decolonization of the universal museum<\/title>\n<meta name=\"description\" content=\"We are inaugurating the second part of the WHW Akademija 2024 program with a public lecture by Fran\u00e7oise Verg\u00e8s, a political theorist, antiracist and decolonial feminist.\" \/>\n<meta name=\"robots\" content=\"index, follow, max-snippet:-1, max-image-preview:large, max-video-preview:-1\" \/>\n<link rel=\"canonical\" href=\"https:\/\/www.whw.hr\/%dogadjanja-slug%\/francoise-verges-the-impossible-decolonization-of-the-universal-museum\/\" \/>\n<meta property=\"og:locale\" content=\"en_US\" \/>\n<meta property=\"og:type\" content=\"article\" \/>\n<meta property=\"og:title\" content=\"Fran\u00e7oise Verg\u00e8s, The (impossible) decolonization of the universal museum\" \/>\n<meta property=\"og:description\" content=\"We are inaugurating the second part of the WHW Akademija 2024 program with a public lecture by Fran\u00e7oise Verg\u00e8s, a political theorist, antiracist and decolonial feminist.\" \/>\n<meta property=\"og:url\" content=\"https:\/\/www.whw.hr\/%dogadjanja-slug%\/francoise-verges-the-impossible-decolonization-of-the-universal-museum\/\" \/>\n<meta property=\"og:site_name\" content=\"whw\" \/>\n<meta property=\"article:publisher\" content=\"https:\/\/www.facebook.com\/galerijanova\" \/>\n<meta property=\"article:modified_time\" content=\"2024-10-28T14:04:56+00:00\" \/>\n<meta property=\"og:image\" content=\"https:\/\/www.whw.hr\/wp-content\/uploads\/2024\/09\/image1.jpeg\" \/>\n\t<meta property=\"og:image:width\" content=\"480\" \/>\n\t<meta property=\"og:image:height\" content=\"640\" \/>\n\t<meta property=\"og:image:type\" content=\"image\/jpeg\" \/>\n<meta name=\"twitter:card\" content=\"summary_large_image\" \/>\n<meta name=\"twitter:label1\" content=\"Est. reading time\" \/>\n\t<meta name=\"twitter:data1\" content=\"3 minutes\" \/>\n<script type=\"application\/ld+json\" class=\"yoast-schema-graph\">{\"@context\":\"https:\/\/schema.org\",\"@graph\":[{\"@type\":\"WebPage\",\"@id\":\"https:\/\/www.whw.hr\/%dogadjanja-slug%\/francoise-verges-the-impossible-decolonization-of-the-universal-museum\/\",\"url\":\"https:\/\/www.whw.hr\/%dogadjanja-slug%\/francoise-verges-the-impossible-decolonization-of-the-universal-museum\/\",\"name\":\"Fran\u00e7oise Verg\u00e8s, The (impossible) decolonization of the universal museum &ndash; whw\",\"isPartOf\":{\"@id\":\"https:\/\/www.whw.hr\/#website\"},\"datePublished\":\"2024-09-09T18:52:59+00:00\",\"dateModified\":\"2024-10-28T14:04:56+00:00\",\"description\":\"Drugi dio programa WHW Akademije 2024 otvaramo javnim predavanjem politi\u010dke teoreti\u010darke, antirasisti\u010dke i dekolonijalne feministice Fran\u00e7oise Verg\u00e8s.\",\"breadcrumb\":{\"@id\":\"https:\/\/www.whw.hr\/%dogadjanja-slug%\/francoise-verges-the-impossible-decolonization-of-the-universal-museum\/#breadcrumb\"},\"inLanguage\":\"en-US\",\"potentialAction\":[{\"@type\":\"ReadAction\",\"target\":[\"https:\/\/www.whw.hr\/%dogadjanja-slug%\/francoise-verges-the-impossible-decolonization-of-the-universal-museum\/\"]}]},{\"@type\":\"BreadcrumbList\",\"@id\":\"https:\/\/www.whw.hr\/%dogadjanja-slug%\/francoise-verges-the-impossible-decolonization-of-the-universal-museum\/#breadcrumb\",\"itemListElement\":[{\"@type\":\"ListItem\",\"position\":1,\"name\":\"Po\u010detna stranica\",\"item\":\"https:\/\/www.whw.hr\/\"},{\"@type\":\"ListItem\",\"position\":2,\"name\":\"Fran\u00e7oise Verg\u00e8s, The (impossible) decolonization of the universal museum\"}]},{\"@type\":\"WebSite\",\"@id\":\"https:\/\/www.whw.hr\/#website\",\"url\":\"https:\/\/www.whw.hr\/\",\"name\":\"whw \/ what, how & for whom\",\"description\":\"what, how & for whom\",\"publisher\":{\"@id\":\"https:\/\/www.whw.hr\/#organization\"},\"alternateName\":\"whw\",\"potentialAction\":[{\"@type\":\"SearchAction\",\"target\":{\"@type\":\"EntryPoint\",\"urlTemplate\":\"https:\/\/www.whw.hr\/?s={search_term_string}\"},\"query-input\":\"required name=search_term_string\"}],\"inLanguage\":\"en-US\"},{\"@type\":\"Organization\",\"@id\":\"https:\/\/www.whw.hr\/#organization\",\"name\":\"whw \/ what, how & for whom\",\"alternateName\":\"whw\",\"url\":\"https:\/\/www.whw.hr\/\",\"logo\":{\"@type\":\"ImageObject\",\"inLanguage\":\"en-US\",\"@id\":\"https:\/\/www.whw.hr\/#\/schema\/logo\/image\/\",\"url\":\"https:\/\/www.whw.hr\/wp-content\/uploads\/2022\/12\/jmm-68-1-2.jpg\",\"contentUrl\":\"https:\/\/www.whw.hr\/wp-content\/uploads\/2022\/12\/jmm-68-1-2.jpg\",\"width\":2000,\"height\":1333,\"caption\":\"whw \/ what, how & for whom\"},\"image\":{\"@id\":\"https:\/\/www.whw.hr\/#\/schema\/logo\/image\/\"},\"sameAs\":[\"https:\/\/www.instagram.com\/whw_what.how.for.whom\/\",\"https:\/\/www.youtube.com\/channel\/UCYplGnLkNqPXZSBaJgv4mZw\",\"https:\/\/www.facebook.com\/galerijanova\"]}]}<\/script>\n<!-- \/ Yoast SEO plugin. -->","yoast_head_json":{"title":"Fran\u00e7oise Verg\u00e8s, The (impossible) decolonization of the universal museum","description":"We are inaugurating the second part of the WHW Akademija 2024 program with a public lecture by Fran\u00e7oise Verg\u00e8s, a political theorist, antiracist and decolonial feminist.","robots":{"index":"index","follow":"follow","max-snippet":"max-snippet:-1","max-image-preview":"max-image-preview:large","max-video-preview":"max-video-preview:-1"},"canonical":"https:\/\/www.whw.hr\/%dogadjanja-slug%\/francoise-verges-the-impossible-decolonization-of-the-universal-museum\/","og_locale":"en_US","og_type":"article","og_title":"Fran\u00e7oise Verg\u00e8s, The (impossible) decolonization of the universal museum","og_description":"We are inaugurating the second part of the WHW Akademija 2024 program with a public lecture by Fran\u00e7oise Verg\u00e8s, a political theorist, antiracist and decolonial feminist.","og_url":"https:\/\/www.whw.hr\/%dogadjanja-slug%\/francoise-verges-the-impossible-decolonization-of-the-universal-museum\/","og_site_name":"whw","article_publisher":"https:\/\/www.facebook.com\/galerijanova","article_modified_time":"2024-10-28T14:04:56+00:00","og_image":[{"width":480,"height":640,"url":"https:\/\/www.whw.hr\/wp-content\/uploads\/2024\/09\/image1.jpeg","type":"image\/jpeg"}],"twitter_card":"summary_large_image","twitter_misc":{"Est. reading time":"3 minutes"},"schema":{"@context":"https:\/\/schema.org","@graph":[{"@type":"WebPage","@id":"https:\/\/www.whw.hr\/%dogadjanja-slug%\/francoise-verges-the-impossible-decolonization-of-the-universal-museum\/","url":"https:\/\/www.whw.hr\/%dogadjanja-slug%\/francoise-verges-the-impossible-decolonization-of-the-universal-museum\/","name":"Fran\u00e7oise Verg\u00e8s, The (impossible) decolonization of the universal museum &ndash; whw","isPartOf":{"@id":"https:\/\/www.whw.hr\/#website"},"datePublished":"2024-09-09T18:52:59+00:00","dateModified":"2024-10-28T14:04:56+00:00","description":"Drugi dio programa WHW Akademije 2024 otvaramo javnim predavanjem politi\u010dke teoreti\u010darke, antirasisti\u010dke i dekolonijalne feministice Fran\u00e7oise Verg\u00e8s.","breadcrumb":{"@id":"https:\/\/www.whw.hr\/%dogadjanja-slug%\/francoise-verges-the-impossible-decolonization-of-the-universal-museum\/#breadcrumb"},"inLanguage":"en-US","potentialAction":[{"@type":"ReadAction","target":["https:\/\/www.whw.hr\/%dogadjanja-slug%\/francoise-verges-the-impossible-decolonization-of-the-universal-museum\/"]}]},{"@type":"BreadcrumbList","@id":"https:\/\/www.whw.hr\/%dogadjanja-slug%\/francoise-verges-the-impossible-decolonization-of-the-universal-museum\/#breadcrumb","itemListElement":[{"@type":"ListItem","position":1,"name":"Po\u010detna stranica","item":"https:\/\/www.whw.hr\/"},{"@type":"ListItem","position":2,"name":"Fran\u00e7oise Verg\u00e8s, The (impossible) decolonization of the universal museum"}]},{"@type":"WebSite","@id":"https:\/\/www.whw.hr\/#website","url":"https:\/\/www.whw.hr\/","name":"whw \/ what, how & for whom","description":"what, how & for whom","publisher":{"@id":"https:\/\/www.whw.hr\/#organization"},"alternateName":"whw","potentialAction":[{"@type":"SearchAction","target":{"@type":"EntryPoint","urlTemplate":"https:\/\/www.whw.hr\/?s={search_term_string}"},"query-input":"required name=search_term_string"}],"inLanguage":"en-US"},{"@type":"Organization","@id":"https:\/\/www.whw.hr\/#organization","name":"whw \/ what, how & for whom","alternateName":"whw","url":"https:\/\/www.whw.hr\/","logo":{"@type":"ImageObject","inLanguage":"en-US","@id":"https:\/\/www.whw.hr\/#\/schema\/logo\/image\/","url":"https:\/\/www.whw.hr\/wp-content\/uploads\/2022\/12\/jmm-68-1-2.jpg","contentUrl":"https:\/\/www.whw.hr\/wp-content\/uploads\/2022\/12\/jmm-68-1-2.jpg","width":2000,"height":1333,"caption":"whw \/ what, how & for whom"},"image":{"@id":"https:\/\/www.whw.hr\/#\/schema\/logo\/image\/"},"sameAs":["https:\/\/www.instagram.com\/whw_what.how.for.whom\/","https:\/\/www.youtube.com\/channel\/UCYplGnLkNqPXZSBaJgv4mZw","https:\/\/www.facebook.com\/galerijanova"]}]}},"_links":{"self":[{"href":"https:\/\/www.whw.hr\/wp-json\/wp\/v2\/dogadjanja\/4437","targetHints":{"allow":["GET"]}}],"collection":[{"href":"https:\/\/www.whw.hr\/wp-json\/wp\/v2\/dogadjanja"}],"about":[{"href":"https:\/\/www.whw.hr\/wp-json\/wp\/v2\/types\/dogadjanja"}],"author":[{"embeddable":true,"href":"https:\/\/www.whw.hr\/wp-json\/wp\/v2\/users\/2"}],"version-history":[{"count":10,"href":"https:\/\/www.whw.hr\/wp-json\/wp\/v2\/dogadjanja\/4437\/revisions"}],"predecessor-version":[{"id":4539,"href":"https:\/\/www.whw.hr\/wp-json\/wp\/v2\/dogadjanja\/4437\/revisions\/4539"}],"wp:featuredmedia":[{"embeddable":true,"href":"https:\/\/www.whw.hr\/wp-json\/wp\/v2\/media\/4438"}],"wp:attachment":[{"href":"https:\/\/www.whw.hr\/wp-json\/wp\/v2\/media?parent=4437"}],"wp:term":[{"taxonomy":"category","embeddable":true,"href":"https:\/\/www.whw.hr\/wp-json\/wp\/v2\/categories?post=4437"},{"taxonomy":"post_tag","embeddable":true,"href":"https:\/\/www.whw.hr\/wp-json\/wp\/v2\/tags?post=4437"}],"curies":[{"name":"wp","href":"https:\/\/api.w.org\/{rel}","templated":true}]}}

Françoise Vergès, The (impossible) decolonization of the universal museum

<p>We are inaugurating the second part of the <em><strong>WHW Akademija</strong></em> 2024 program with a public lecture by <strong>Françoise Vergès</strong>, a political theorist, antiracist and decolonial feminist. In her lecture <strong>Françoise Vergès</strong> will share her critical observations on the relation between the museum and the colonial order explored in her latest book <em>A Programme of Absolute Disorder: Decolonizing the Museum</em> (English edition, Pluto Press, 2024.). If decolonization is, as Frantz Fanon wrote, &#8220;a program of absolute disorder”, then the decolonization of the universal museum cannot be accomplished. Reforms and changes, sure, would mean justice, but decolonization is a serious matter, it is the abolition of regimes of dispossesion, exploitation, extraction and exploitation. Justice in the museum means reflecting not only on the origins of the collection but on the social, racial, gendered hierarchy of the institution (who cleans, who cooks, who guards?), on what is conservation, its economy, its role in current ethno-nationalism and late fascism, in neolibreal antiracism and the power of private capital. Decolonization means imagining a “post-museum”, from its architecture to its place and role in the historical process of decolonization.</p>
<p>The lecture will be held in English.</p>
<p><strong>Françoise Vergès</strong> will also lead a seminar for the participants of WHW Akademija titled <em>What Is A Politics of Vital Needs?</em> that will look at the questions raised by the state of permanent war waged by imperialism, authoritarian governments, libertarianism, militarism and neoliberal racial patriarchal capitalism and at the ways in which this war destroys what can be described as “vital needs” of the non-human species—water, air, land, food that are not contaminated—and the human specie—water, air, land, food that are not contaminated, and joy, peacefulness, and life.</p>
<p><strong>Françoise Vergès</strong> (Reunion Island) is a political theorist, antiracist and decolonial feminist and independent curator. She has written extensively on the afterlives of slavery, South-South solidarities, the decolonization of the public space and of the museum, Aimé Césaire, Frantz Fanon, decolonial feminism, the circulation of textiles, ideas and tastes, neoliberalism and the economy of predation. A co-founder of the non-profit Decolonize the Arts (Paris,2015-2020), she has been convening L’Atelier, a workshop cum public performance with artists and activists of color, she contributes to The Nomad Colony created by artist <strong>Kader Attia</strong> and organizes decolonial visits in museums. Recent publications:<em> Programme de désordre absolu. Décoloniser le musée</em> (2023), <em>A Feminist Theory of Violence. A Decolonial Perspective</em> (2022), <em>A Decolonial Feminism</em> (2020), <em>De la violence coloniale dans l’espace public</em> (2021) <em>Resolutely Black. Conversations with Aimé Césaire</em> (2019), T<em>he Wombs of Women: Race, Capital, Feminism</em> (2020).</p>
<p>WHW Akademija is funded by <a href="https://www.kontakt-collection.org/"><b>Kontakt Art Collection</b></a><span style="font-weight: 400;">, </span><a href="https://www.erstestiftung.org/en/"><b>ERSTE Foundation</b></a><span style="font-weight: 400;">, </span><a href="https://ffaiarts.net/"><b>Foundation for Arts Initiatives</b></a><span style="font-weight: 400;">,</span> <a href="https://www.tmuny.org/"><b>Trust for Mutual Understanding</b></a></p>
<p>Additional funds for the program are granted by the Creative Europe Programme of the European Union, City Office for Culture and Civil Society, Foundation Kultura nova, Ministry of Culture and Media of the Republic of Croatia.</p>
<p>The lecture is realized in conjunction with the collaborative project Care ecologies, organized between WHW, G&amp;A Mamidakis Foundation, State of Concept Athens and Idensitat.</p>

<p>We are inaugurating the second part of the WHW Akademija 2024 program with a public lecture by Françoise Vergès, a political theorist, antiracist and decolonial feminist.</p>

<!-- This site is optimized with the Yoast SEO plugin v19.14 - https://yoast.com/wordpress/plugins/seo/ -->
<title>Françoise Vergès, The (impossible) decolonization of the universal museum</title>
<meta name="description" content="We are inaugurating the second part of the WHW Akademija 2024 program with a public lecture by Françoise Vergès, a political theorist, antiracist and decolonial feminist." />
<meta name="robots" content="index, follow, max-snippet:-1, max-image-preview:large, max-video-preview:-1" />
<link rel="canonical" href="https://www.whw.hr/%dogadjanja-slug%/francoise-verges-the-impossible-decolonization-of-the-universal-museum/" />
<meta property="og:locale" content="en_US" />
<meta property="og:type" content="article" />
<meta property="og:title" content="Françoise Vergès, The (impossible) decolonization of the universal museum" />
<meta property="og:description" content="We are inaugurating the second part of the WHW Akademija 2024 program with a public lecture by Françoise Vergès, a political theorist, antiracist and decolonial feminist." />
<meta property="og:url" content="https://www.whw.hr/%dogadjanja-slug%/francoise-verges-the-impossible-decolonization-of-the-universal-museum/" />
<meta property="og:site_name" content="whw" />
<meta property="article:publisher" content="https://www.facebook.com/galerijanova" />
<meta property="article:modified_time" content="2024-10-28T14:04:56+00:00" />
<meta property="og:image" content="https://www.whw.hr/wp-content/uploads/2024/09/image1.jpeg" />
	<meta property="og:image:width" content="480" />
	<meta property="og:image:height" content="640" />
	<meta property="og:image:type" content="image/jpeg" />
<meta name="twitter:card" content="summary_large_image" />
<meta name="twitter:label1" content="Est. reading time" />
	<meta name="twitter:data1" content="3 minutes" />
<script type="application/ld+json" class="yoast-schema-graph">{"@context":"https://schema.org","@graph":[{"@type":"WebPage","@id":"https://www.whw.hr/%dogadjanja-slug%/francoise-verges-the-impossible-decolonization-of-the-universal-museum/","url":"https://www.whw.hr/%dogadjanja-slug%/francoise-verges-the-impossible-decolonization-of-the-universal-museum/","name":"Françoise Vergès, The (impossible) decolonization of the universal museum &ndash; whw","isPartOf":{"@id":"https://www.whw.hr/#website"},"datePublished":"2024-09-09T18:52:59+00:00","dateModified":"2024-10-28T14:04:56+00:00","description":"Drugi dio programa WHW Akademije 2024 otvaramo javnim predavanjem političke teoretičarke, antirasističke i dekolonijalne feministice Françoise Vergès.","breadcrumb":{"@id":"https://www.whw.hr/%dogadjanja-slug%/francoise-verges-the-impossible-decolonization-of-the-universal-museum/#breadcrumb"},"inLanguage":"en-US","potentialAction":[{"@type":"ReadAction","target":["https://www.whw.hr/%dogadjanja-slug%/francoise-verges-the-impossible-decolonization-of-the-universal-museum/"]}]},{"@type":"BreadcrumbList","@id":"https://www.whw.hr/%dogadjanja-slug%/francoise-verges-the-impossible-decolonization-of-the-universal-museum/#breadcrumb","itemListElement":[{"@type":"ListItem","position":1,"name":"Početna stranica","item":"https://www.whw.hr/"},{"@type":"ListItem","position":2,"name":"Françoise Vergès, The (impossible) decolonization of the universal museum"}]},{"@type":"WebSite","@id":"https://www.whw.hr/#website","url":"https://www.whw.hr/","name":"whw / what, how & for whom","description":"what, how & for whom","publisher":{"@id":"https://www.whw.hr/#organization"},"alternateName":"whw","potentialAction":[{"@type":"SearchAction","target":{"@type":"EntryPoint","urlTemplate":"https://www.whw.hr/?s={search_term_string}"},"query-input":"required name=search_term_string"}],"inLanguage":"en-US"},{"@type":"Organization","@id":"https://www.whw.hr/#organization","name":"whw / what, how & for whom","alternateName":"whw","url":"https://www.whw.hr/","logo":{"@type":"ImageObject","inLanguage":"en-US","@id":"https://www.whw.hr/#/schema/logo/image/","url":"https://www.whw.hr/wp-content/uploads/2022/12/jmm-68-1-2.jpg","contentUrl":"https://www.whw.hr/wp-content/uploads/2022/12/jmm-68-1-2.jpg","width":2000,"height":1333,"caption":"whw / what, how & for whom"},"image":{"@id":"https://www.whw.hr/#/schema/logo/image/"},"sameAs":["https://www.instagram.com/whw_what.how.for.whom/","https://www.youtube.com/channel/UCYplGnLkNqPXZSBaJgv4mZw","https://www.facebook.com/galerijanova"]}]}</script>
<!-- / Yoast SEO plugin. -->

We are inaugurating the second part of the WHW Akademija 2024 program with a public lecture by Françoise Vergès, a political theorist, antiracist and decolonial feminist.

Françoise Vergès, The (impossible) decolonization of the universal museum &ndash; whw

Drugi dio programa WHW Akademije 2024 otvaramo javnim predavanjem političke teoretičarke, antirasističke i dekolonijalne feministice Françoise Vergès.

Početna stranica
