{"id":3306,"date":"2023-02-08T20:08:14","date_gmt":"2023-02-08T19:08:14","guid":{"rendered":"https:\/\/www.whw.hr\/program\/\/"},"modified":"2023-02-14T20:45:07","modified_gmt":"2023-02-14T19:45:07","slug":"start-solo","status":"publish","type":"dogadjanja","link":"https:\/\/www.whw.hr\/%dogadjanja-slug%\/start-solo\/","title":{"rendered":"START SOLO"},"content":{"rendered":"<p>The START SOLO exhibition series was realized through an open call, being a kind of continuation of the call announced in 2002 for the START exhibition, which was set up in the Karas Gallery in Zagreb and in the Municipal Gallery in Ljubljana. The calls for START and START SOLO were not thematically determined, but with an open concept, they tried to appeal to a wide circle of already active artists of a younger generation. With the concept of the open call and the selection of works, we tried to give an impetus to the creation and presentation of the artistic production of younger artists in which the position of art and the exhibition concept of the isolated museum &#8220;white cube&#8221; are critically reflected upon, different social spaces and structures are explored, and one&#8217;s own status is questioned within different networks of systems and interrelationships.<\/p>\n","protected":false},"excerpt":{"rendered":"<p>The START SOLO exhibition series was realized through an open call, being a kind of continuation of the call announced in 2002 for the START exhibition, which was set up in the Karas Gallery in Zagreb and in the Municipal Gallery in Ljubljana. The calls for START and START SOLO were not thematically determined, but [&hellip;]<\/p>\n","protected":false},"author":2,"featured_media":3307,"menu_order":0,"template":"","meta":{"footnotes":""},"categories":[8],"tags":[839],"class_list":["post-3306","dogadjanja","type-dogadjanja","status-publish","has-post-thumbnail","hentry","category-galerijanova","tag-start-solo"],"acf":[],"yoast_head":"<!-- This site is optimized with the Yoast SEO plugin v19.14 - https:\/\/yoast.com\/wordpress\/plugins\/seo\/ -->\n<title>START SOLO<\/title>\n<meta name=\"description\" content=\"The START SOLO exhibition series was realized through an open call, being a kind of continuation of the call announced in 2002 for the START exhibition, which was set up in the Karas Gallery in Zagreb and in the Municipal Gallery in Ljubljana. The calls for START and START SOLO were not thematically determined, but&hellip;\" \/>\n<meta name=\"robots\" content=\"index, follow, max-snippet:-1, max-image-preview:large, max-video-preview:-1\" \/>\n<link rel=\"canonical\" href=\"https:\/\/www.whw.hr\/%dogadjanja-slug%\/start-solo\/\" \/>\n<meta property=\"og:locale\" content=\"en_US\" \/>\n<meta property=\"og:type\" content=\"article\" \/>\n<meta property=\"og:title\" content=\"START SOLO\" \/>\n<meta property=\"og:description\" content=\"The START SOLO exhibition series was realized through an open call, being a kind of continuation of the call announced in 2002 for the START exhibition, which was set up in the Karas Gallery in Zagreb and in the Municipal Gallery in Ljubljana. The calls for START and START SOLO were not thematically determined, but&hellip;\" \/>\n<meta property=\"og:url\" content=\"https:\/\/www.whw.hr\/%dogadjanja-slug%\/start-solo\/\" \/>\n<meta property=\"og:site_name\" content=\"whw\" \/>\n<meta property=\"article:publisher\" content=\"https:\/\/www.facebook.com\/galerijanova\" \/>\n<meta property=\"article:modified_time\" content=\"2023-02-14T19:45:07+00:00\" \/>\n<meta property=\"og:image\" content=\"https:\/\/www.whw.hr\/wp-content\/uploads\/2023\/02\/izvanacb.jpg\" \/>\n\t<meta property=\"og:image:width\" content=\"2200\" \/>\n\t<meta property=\"og:image:height\" content=\"1560\" \/>\n\t<meta property=\"og:image:type\" content=\"image\/jpeg\" \/>\n<meta name=\"twitter:card\" content=\"summary_large_image\" \/>\n<meta name=\"twitter:label1\" content=\"Est. reading time\" \/>\n\t<meta name=\"twitter:data1\" content=\"1 minute\" \/>\n<script type=\"application\/ld+json\" class=\"yoast-schema-graph\">{\"@context\":\"https:\/\/schema.org\",\"@graph\":[{\"@type\":\"WebPage\",\"@id\":\"https:\/\/www.whw.hr\/%dogadjanja-slug%\/start-solo\/\",\"url\":\"https:\/\/www.whw.hr\/%dogadjanja-slug%\/start-solo\/\",\"name\":\"START SOLO &ndash; whw\",\"isPartOf\":{\"@id\":\"https:\/\/www.whw.hr\/#website\"},\"datePublished\":\"2023-02-08T19:08:14+00:00\",\"dateModified\":\"2023-02-14T19:45:07+00:00\",\"description\":\"Serija izlo\u017ebi START SOLO realizirana je na temelju natje\u010daja, odnosno svojevrsnog nastavka natje\u010daja raspisanog 2002. godine za izlo\u017ebu START koja je\",\"breadcrumb\":{\"@id\":\"https:\/\/www.whw.hr\/%dogadjanja-slug%\/start-solo\/#breadcrumb\"},\"inLanguage\":\"en-US\",\"potentialAction\":[{\"@type\":\"ReadAction\",\"target\":[\"https:\/\/www.whw.hr\/%dogadjanja-slug%\/start-solo\/\"]}]},{\"@type\":\"BreadcrumbList\",\"@id\":\"https:\/\/www.whw.hr\/%dogadjanja-slug%\/start-solo\/#breadcrumb\",\"itemListElement\":[{\"@type\":\"ListItem\",\"position\":1,\"name\":\"Po\u010detna stranica\",\"item\":\"https:\/\/www.whw.hr\/\"},{\"@type\":\"ListItem\",\"position\":2,\"name\":\"START SOLO\"}]},{\"@type\":\"WebSite\",\"@id\":\"https:\/\/www.whw.hr\/#website\",\"url\":\"https:\/\/www.whw.hr\/\",\"name\":\"whw \/ what, how & for whom\",\"description\":\"what, how & for whom\",\"publisher\":{\"@id\":\"https:\/\/www.whw.hr\/#organization\"},\"alternateName\":\"whw\",\"potentialAction\":[{\"@type\":\"SearchAction\",\"target\":{\"@type\":\"EntryPoint\",\"urlTemplate\":\"https:\/\/www.whw.hr\/?s={search_term_string}\"},\"query-input\":\"required name=search_term_string\"}],\"inLanguage\":\"en-US\"},{\"@type\":\"Organization\",\"@id\":\"https:\/\/www.whw.hr\/#organization\",\"name\":\"whw \/ what, how & for whom\",\"alternateName\":\"whw\",\"url\":\"https:\/\/www.whw.hr\/\",\"logo\":{\"@type\":\"ImageObject\",\"inLanguage\":\"en-US\",\"@id\":\"https:\/\/www.whw.hr\/#\/schema\/logo\/image\/\",\"url\":\"https:\/\/www.whw.hr\/wp-content\/uploads\/2022\/12\/jmm-68-1-2.jpg\",\"contentUrl\":\"https:\/\/www.whw.hr\/wp-content\/uploads\/2022\/12\/jmm-68-1-2.jpg\",\"width\":2000,\"height\":1333,\"caption\":\"whw \/ what, how & for whom\"},\"image\":{\"@id\":\"https:\/\/www.whw.hr\/#\/schema\/logo\/image\/\"},\"sameAs\":[\"https:\/\/www.instagram.com\/whw_what.how.for.whom\/\",\"https:\/\/www.youtube.com\/channel\/UCYplGnLkNqPXZSBaJgv4mZw\",\"https:\/\/www.facebook.com\/galerijanova\"]}]}<\/script>\n<!-- \/ Yoast SEO plugin. -->","yoast_head_json":{"title":"START SOLO","description":"The START SOLO exhibition series was realized through an open call, being a kind of continuation of the call announced in 2002 for the START exhibition, which was set up in the Karas Gallery in Zagreb and in the Municipal Gallery in Ljubljana. The calls for START and START SOLO were not thematically determined, but&hellip;","robots":{"index":"index","follow":"follow","max-snippet":"max-snippet:-1","max-image-preview":"max-image-preview:large","max-video-preview":"max-video-preview:-1"},"canonical":"https:\/\/www.whw.hr\/%dogadjanja-slug%\/start-solo\/","og_locale":"en_US","og_type":"article","og_title":"START SOLO","og_description":"The START SOLO exhibition series was realized through an open call, being a kind of continuation of the call announced in 2002 for the START exhibition, which was set up in the Karas Gallery in Zagreb and in the Municipal Gallery in Ljubljana. The calls for START and START SOLO were not thematically determined, but&hellip;","og_url":"https:\/\/www.whw.hr\/%dogadjanja-slug%\/start-solo\/","og_site_name":"whw","article_publisher":"https:\/\/www.facebook.com\/galerijanova","article_modified_time":"2023-02-14T19:45:07+00:00","og_image":[{"width":2200,"height":1560,"url":"https:\/\/www.whw.hr\/wp-content\/uploads\/2023\/02\/izvanacb.jpg","type":"image\/jpeg"}],"twitter_card":"summary_large_image","twitter_misc":{"Est. reading time":"1 minute"},"schema":{"@context":"https:\/\/schema.org","@graph":[{"@type":"WebPage","@id":"https:\/\/www.whw.hr\/%dogadjanja-slug%\/start-solo\/","url":"https:\/\/www.whw.hr\/%dogadjanja-slug%\/start-solo\/","name":"START SOLO &ndash; whw","isPartOf":{"@id":"https:\/\/www.whw.hr\/#website"},"datePublished":"2023-02-08T19:08:14+00:00","dateModified":"2023-02-14T19:45:07+00:00","description":"Serija izlo\u017ebi START SOLO realizirana je na temelju natje\u010daja, odnosno svojevrsnog nastavka natje\u010daja raspisanog 2002. godine za izlo\u017ebu START koja je","breadcrumb":{"@id":"https:\/\/www.whw.hr\/%dogadjanja-slug%\/start-solo\/#breadcrumb"},"inLanguage":"en-US","potentialAction":[{"@type":"ReadAction","target":["https:\/\/www.whw.hr\/%dogadjanja-slug%\/start-solo\/"]}]},{"@type":"BreadcrumbList","@id":"https:\/\/www.whw.hr\/%dogadjanja-slug%\/start-solo\/#breadcrumb","itemListElement":[{"@type":"ListItem","position":1,"name":"Po\u010detna stranica","item":"https:\/\/www.whw.hr\/"},{"@type":"ListItem","position":2,"name":"START SOLO"}]},{"@type":"WebSite","@id":"https:\/\/www.whw.hr\/#website","url":"https:\/\/www.whw.hr\/","name":"whw \/ what, how & for whom","description":"what, how & for whom","publisher":{"@id":"https:\/\/www.whw.hr\/#organization"},"alternateName":"whw","potentialAction":[{"@type":"SearchAction","target":{"@type":"EntryPoint","urlTemplate":"https:\/\/www.whw.hr\/?s={search_term_string}"},"query-input":"required name=search_term_string"}],"inLanguage":"en-US"},{"@type":"Organization","@id":"https:\/\/www.whw.hr\/#organization","name":"whw \/ what, how & for whom","alternateName":"whw","url":"https:\/\/www.whw.hr\/","logo":{"@type":"ImageObject","inLanguage":"en-US","@id":"https:\/\/www.whw.hr\/#\/schema\/logo\/image\/","url":"https:\/\/www.whw.hr\/wp-content\/uploads\/2022\/12\/jmm-68-1-2.jpg","contentUrl":"https:\/\/www.whw.hr\/wp-content\/uploads\/2022\/12\/jmm-68-1-2.jpg","width":2000,"height":1333,"caption":"whw \/ what, how & for whom"},"image":{"@id":"https:\/\/www.whw.hr\/#\/schema\/logo\/image\/"},"sameAs":["https:\/\/www.instagram.com\/whw_what.how.for.whom\/","https:\/\/www.youtube.com\/channel\/UCYplGnLkNqPXZSBaJgv4mZw","https:\/\/www.facebook.com\/galerijanova"]}]}},"_links":{"self":[{"href":"https:\/\/www.whw.hr\/wp-json\/wp\/v2\/dogadjanja\/3306","targetHints":{"allow":["GET"]}}],"collection":[{"href":"https:\/\/www.whw.hr\/wp-json\/wp\/v2\/dogadjanja"}],"about":[{"href":"https:\/\/www.whw.hr\/wp-json\/wp\/v2\/types\/dogadjanja"}],"author":[{"embeddable":true,"href":"https:\/\/www.whw.hr\/wp-json\/wp\/v2\/users\/2"}],"version-history":[{"count":1,"href":"https:\/\/www.whw.hr\/wp-json\/wp\/v2\/dogadjanja\/3306\/revisions"}],"predecessor-version":[{"id":3308,"href":"https:\/\/www.whw.hr\/wp-json\/wp\/v2\/dogadjanja\/3306\/revisions\/3308"}],"wp:featuredmedia":[{"embeddable":true,"href":"https:\/\/www.whw.hr\/wp-json\/wp\/v2\/media\/3307"}],"wp:attachment":[{"href":"https:\/\/www.whw.hr\/wp-json\/wp\/v2\/media?parent=3306"}],"wp:term":[{"taxonomy":"category","embeddable":true,"href":"https:\/\/www.whw.hr\/wp-json\/wp\/v2\/categories?post=3306"},{"taxonomy":"post_tag","embeddable":true,"href":"https:\/\/www.whw.hr\/wp-json\/wp\/v2\/tags?post=3306"}],"curies":[{"name":"wp","href":"https:\/\/api.w.org\/{rel}","templated":true}]}}

<!-- This site is optimized with the Yoast SEO plugin v19.14 - https://yoast.com/wordpress/plugins/seo/ -->
<title>START SOLO</title>
<meta name="description" content="The START SOLO exhibition series was realized through an open call, being a kind of continuation of the call announced in 2002 for the START exhibition, which was set up in the Karas Gallery in Zagreb and in the Municipal Gallery in Ljubljana. The calls for START and START SOLO were not thematically determined, but&hellip;" />
<meta name="robots" content="index, follow, max-snippet:-1, max-image-preview:large, max-video-preview:-1" />
<link rel="canonical" href="https://www.whw.hr/%dogadjanja-slug%/start-solo/" />
<meta property="og:locale" content="en_US" />
<meta property="og:type" content="article" />
<meta property="og:title" content="START SOLO" />
<meta property="og:description" content="The START SOLO exhibition series was realized through an open call, being a kind of continuation of the call announced in 2002 for the START exhibition, which was set up in the Karas Gallery in Zagreb and in the Municipal Gallery in Ljubljana. The calls for START and START SOLO were not thematically determined, but&hellip;" />
<meta property="og:url" content="https://www.whw.hr/%dogadjanja-slug%/start-solo/" />
<meta property="og:site_name" content="whw" />
<meta property="article:publisher" content="https://www.facebook.com/galerijanova" />
<meta property="article:modified_time" content="2023-02-14T19:45:07+00:00" />
<meta property="og:image" content="https://www.whw.hr/wp-content/uploads/2023/02/izvanacb.jpg" />
	<meta property="og:image:width" content="2200" />
	<meta property="og:image:height" content="1560" />
	<meta property="og:image:type" content="image/jpeg" />
<meta name="twitter:card" content="summary_large_image" />
<meta name="twitter:label1" content="Est. reading time" />
	<meta name="twitter:data1" content="1 minute" />
<script type="application/ld+json" class="yoast-schema-graph">{"@context":"https://schema.org","@graph":[{"@type":"WebPage","@id":"https://www.whw.hr/%dogadjanja-slug%/start-solo/","url":"https://www.whw.hr/%dogadjanja-slug%/start-solo/","name":"START SOLO &ndash; whw","isPartOf":{"@id":"https://www.whw.hr/#website"},"datePublished":"2023-02-08T19:08:14+00:00","dateModified":"2023-02-14T19:45:07+00:00","description":"Serija izložbi START SOLO realizirana je na temelju natječaja, odnosno svojevrsnog nastavka natječaja raspisanog 2002. godine za izložbu START koja je","breadcrumb":{"@id":"https://www.whw.hr/%dogadjanja-slug%/start-solo/#breadcrumb"},"inLanguage":"en-US","potentialAction":[{"@type":"ReadAction","target":["https://www.whw.hr/%dogadjanja-slug%/start-solo/"]}]},{"@type":"BreadcrumbList","@id":"https://www.whw.hr/%dogadjanja-slug%/start-solo/#breadcrumb","itemListElement":[{"@type":"ListItem","position":1,"name":"Početna stranica","item":"https://www.whw.hr/"},{"@type":"ListItem","position":2,"name":"START SOLO"}]},{"@type":"WebSite","@id":"https://www.whw.hr/#website","url":"https://www.whw.hr/","name":"whw / what, how & for whom","description":"what, how & for whom","publisher":{"@id":"https://www.whw.hr/#organization"},"alternateName":"whw","potentialAction":[{"@type":"SearchAction","target":{"@type":"EntryPoint","urlTemplate":"https://www.whw.hr/?s={search_term_string}"},"query-input":"required name=search_term_string"}],"inLanguage":"en-US"},{"@type":"Organization","@id":"https://www.whw.hr/#organization","name":"whw / what, how & for whom","alternateName":"whw","url":"https://www.whw.hr/","logo":{"@type":"ImageObject","inLanguage":"en-US","@id":"https://www.whw.hr/#/schema/logo/image/","url":"https://www.whw.hr/wp-content/uploads/2022/12/jmm-68-1-2.jpg","contentUrl":"https://www.whw.hr/wp-content/uploads/2022/12/jmm-68-1-2.jpg","width":2000,"height":1333,"caption":"whw / what, how & for whom"},"image":{"@id":"https://www.whw.hr/#/schema/logo/image/"},"sameAs":["https://www.instagram.com/whw_what.how.for.whom/","https://www.youtube.com/channel/UCYplGnLkNqPXZSBaJgv4mZw","https://www.facebook.com/galerijanova"]}]}</script>
<!-- / Yoast SEO plugin. -->

Serija izložbi START SOLO realizirana je na temelju natječaja, odnosno svojevrsnog nastavka natječaja raspisanog 2002. godine za izložbu START koja je

Početna stranica
