{"id":3258,"date":"2023-02-05T17:39:51","date_gmt":"2023-02-05T16:39:51","guid":{"rendered":"https:\/\/www.whw.hr\/program\/\/"},"modified":"2023-02-05T17:56:33","modified_gmt":"2023-02-05T16:56:33","slug":"ground-lost-graz","status":"publish","type":"dogadjanja","link":"https:\/\/www.whw.hr\/%dogadjanja-slug%\/ground-lost-graz\/","title":{"rendered":"Ground Lost, Graz"},"content":{"rendered":"<p>The exhibition <em>Ground Lost<\/em> offers a complex account of the psycho-social responses to rethink the acute crises of collective memory and imagination. Through the notion of drawing rare combinations from the existing deck of cards, subjective imagination and modes of resistance inscribed within spatial and temporal discontinuities attempt to establish the vital distinctions that are being erased or exchanged. In a situation in which the causal relation between past and future seems to be disconnected, and the markers that used to guide the understanding of our political subjectivities become misleading, and failed expectations, misdirection and emptied gestures are taken as a point for negotiations of new possibilities.&nbsp;<\/p>\n","protected":false},"excerpt":{"rendered":"<p>The exhibition Ground Lost offers a complex account of the psycho-social responses to rethink the acute crises of collective memory and imagination. Through the notion of drawing rare combinations from the existing deck of cards, subjective imagination and modes of resistance inscribed within spatial and temporal discontinuities attempt to establish the vital distinctions that are [&hellip;]<\/p>\n","protected":false},"author":2,"featured_media":3262,"menu_order":0,"template":"","meta":{"footnotes":""},"categories":[17],"tags":[833],"class_list":["post-3258","dogadjanja","type-dogadjanja","status-publish","has-post-thumbnail","hentry","category-ostalo","tag-ground-lost"],"acf":[],"yoast_head":"<!-- This site is optimized with the Yoast SEO plugin v19.14 - https:\/\/yoast.com\/wordpress\/plugins\/seo\/ -->\n<title>Ground Lost, Graz<\/title>\n<meta name=\"description\" content=\"The exhibition Ground Lost offers a complex account of the psycho-social responses to rethink the acute crises of collective memory and imagination. Through the notion of drawing rare combinations from the existing deck of cards, subjective imagination and modes of resistance inscribed within spatial and temporal discontinuities attempt to establish the vital distinctions that are&hellip;\" \/>\n<meta name=\"robots\" content=\"index, follow, max-snippet:-1, max-image-preview:large, max-video-preview:-1\" \/>\n<link rel=\"canonical\" href=\"https:\/\/www.whw.hr\/%dogadjanja-slug%\/ground-lost-graz\/\" \/>\n<meta property=\"og:locale\" content=\"en_US\" \/>\n<meta property=\"og:type\" content=\"article\" \/>\n<meta property=\"og:title\" content=\"Ground Lost, Graz\" \/>\n<meta property=\"og:description\" content=\"The exhibition Ground Lost offers a complex account of the psycho-social responses to rethink the acute crises of collective memory and imagination. Through the notion of drawing rare combinations from the existing deck of cards, subjective imagination and modes of resistance inscribed within spatial and temporal discontinuities attempt to establish the vital distinctions that are&hellip;\" \/>\n<meta property=\"og:url\" content=\"https:\/\/www.whw.hr\/%dogadjanja-slug%\/ground-lost-graz\/\" \/>\n<meta property=\"og:site_name\" content=\"whw\" \/>\n<meta property=\"article:publisher\" content=\"https:\/\/www.facebook.com\/galerijanova\" \/>\n<meta property=\"article:modified_time\" content=\"2023-02-05T16:56:33+00:00\" \/>\n<meta property=\"og:image\" content=\"https:\/\/www.whw.hr\/wp-content\/uploads\/2023\/02\/IMG_0972.jpg\" \/>\n\t<meta property=\"og:image:width\" content=\"2200\" \/>\n\t<meta property=\"og:image:height\" content=\"1650\" \/>\n\t<meta property=\"og:image:type\" content=\"image\/jpeg\" \/>\n<meta name=\"twitter:card\" content=\"summary_large_image\" \/>\n<meta name=\"twitter:label1\" content=\"Est. reading time\" \/>\n\t<meta name=\"twitter:data1\" content=\"1 minute\" \/>\n<script type=\"application\/ld+json\" class=\"yoast-schema-graph\">{\"@context\":\"https:\/\/schema.org\",\"@graph\":[{\"@type\":\"WebPage\",\"@id\":\"https:\/\/www.whw.hr\/%dogadjanja-slug%\/ground-lost-graz\/\",\"url\":\"https:\/\/www.whw.hr\/%dogadjanja-slug%\/ground-lost-graz\/\",\"name\":\"Ground Lost, Graz &ndash; whw\",\"isPartOf\":{\"@id\":\"https:\/\/www.whw.hr\/#website\"},\"datePublished\":\"2023-02-05T16:39:51+00:00\",\"dateModified\":\"2023-02-05T16:56:33+00:00\",\"description\":\"Izlo\u017eba Ground Lost nudi kompleksan prikaz psiho-socijalnih odgovora za ponovno promi\u0161ljanje akutnih kriza kolektivnog sje\u0107anja i imaginacije. Kroz pojam\",\"breadcrumb\":{\"@id\":\"https:\/\/www.whw.hr\/%dogadjanja-slug%\/ground-lost-graz\/#breadcrumb\"},\"inLanguage\":\"en-US\",\"potentialAction\":[{\"@type\":\"ReadAction\",\"target\":[\"https:\/\/www.whw.hr\/%dogadjanja-slug%\/ground-lost-graz\/\"]}]},{\"@type\":\"BreadcrumbList\",\"@id\":\"https:\/\/www.whw.hr\/%dogadjanja-slug%\/ground-lost-graz\/#breadcrumb\",\"itemListElement\":[{\"@type\":\"ListItem\",\"position\":1,\"name\":\"Po\u010detna stranica\",\"item\":\"https:\/\/www.whw.hr\/\"},{\"@type\":\"ListItem\",\"position\":2,\"name\":\"Ground Lost, Graz\"}]},{\"@type\":\"WebSite\",\"@id\":\"https:\/\/www.whw.hr\/#website\",\"url\":\"https:\/\/www.whw.hr\/\",\"name\":\"whw \/ what, how & for whom\",\"description\":\"what, how & for whom\",\"publisher\":{\"@id\":\"https:\/\/www.whw.hr\/#organization\"},\"alternateName\":\"whw\",\"potentialAction\":[{\"@type\":\"SearchAction\",\"target\":{\"@type\":\"EntryPoint\",\"urlTemplate\":\"https:\/\/www.whw.hr\/?s={search_term_string}\"},\"query-input\":\"required name=search_term_string\"}],\"inLanguage\":\"en-US\"},{\"@type\":\"Organization\",\"@id\":\"https:\/\/www.whw.hr\/#organization\",\"name\":\"whw \/ what, how & for whom\",\"alternateName\":\"whw\",\"url\":\"https:\/\/www.whw.hr\/\",\"logo\":{\"@type\":\"ImageObject\",\"inLanguage\":\"en-US\",\"@id\":\"https:\/\/www.whw.hr\/#\/schema\/logo\/image\/\",\"url\":\"https:\/\/www.whw.hr\/wp-content\/uploads\/2022\/12\/jmm-68-1-2.jpg\",\"contentUrl\":\"https:\/\/www.whw.hr\/wp-content\/uploads\/2022\/12\/jmm-68-1-2.jpg\",\"width\":2000,\"height\":1333,\"caption\":\"whw \/ what, how & for whom\"},\"image\":{\"@id\":\"https:\/\/www.whw.hr\/#\/schema\/logo\/image\/\"},\"sameAs\":[\"https:\/\/www.instagram.com\/whw_what.how.for.whom\/\",\"https:\/\/www.youtube.com\/channel\/UCYplGnLkNqPXZSBaJgv4mZw\",\"https:\/\/www.facebook.com\/galerijanova\"]}]}<\/script>\n<!-- \/ Yoast SEO plugin. -->","yoast_head_json":{"title":"Ground Lost, Graz","description":"The exhibition Ground Lost offers a complex account of the psycho-social responses to rethink the acute crises of collective memory and imagination. Through the notion of drawing rare combinations from the existing deck of cards, subjective imagination and modes of resistance inscribed within spatial and temporal discontinuities attempt to establish the vital distinctions that are&hellip;","robots":{"index":"index","follow":"follow","max-snippet":"max-snippet:-1","max-image-preview":"max-image-preview:large","max-video-preview":"max-video-preview:-1"},"canonical":"https:\/\/www.whw.hr\/%dogadjanja-slug%\/ground-lost-graz\/","og_locale":"en_US","og_type":"article","og_title":"Ground Lost, Graz","og_description":"The exhibition Ground Lost offers a complex account of the psycho-social responses to rethink the acute crises of collective memory and imagination. Through the notion of drawing rare combinations from the existing deck of cards, subjective imagination and modes of resistance inscribed within spatial and temporal discontinuities attempt to establish the vital distinctions that are&hellip;","og_url":"https:\/\/www.whw.hr\/%dogadjanja-slug%\/ground-lost-graz\/","og_site_name":"whw","article_publisher":"https:\/\/www.facebook.com\/galerijanova","article_modified_time":"2023-02-05T16:56:33+00:00","og_image":[{"width":2200,"height":1650,"url":"https:\/\/www.whw.hr\/wp-content\/uploads\/2023\/02\/IMG_0972.jpg","type":"image\/jpeg"}],"twitter_card":"summary_large_image","twitter_misc":{"Est. reading time":"1 minute"},"schema":{"@context":"https:\/\/schema.org","@graph":[{"@type":"WebPage","@id":"https:\/\/www.whw.hr\/%dogadjanja-slug%\/ground-lost-graz\/","url":"https:\/\/www.whw.hr\/%dogadjanja-slug%\/ground-lost-graz\/","name":"Ground Lost, Graz &ndash; whw","isPartOf":{"@id":"https:\/\/www.whw.hr\/#website"},"datePublished":"2023-02-05T16:39:51+00:00","dateModified":"2023-02-05T16:56:33+00:00","description":"Izlo\u017eba Ground Lost nudi kompleksan prikaz psiho-socijalnih odgovora za ponovno promi\u0161ljanje akutnih kriza kolektivnog sje\u0107anja i imaginacije. Kroz pojam","breadcrumb":{"@id":"https:\/\/www.whw.hr\/%dogadjanja-slug%\/ground-lost-graz\/#breadcrumb"},"inLanguage":"en-US","potentialAction":[{"@type":"ReadAction","target":["https:\/\/www.whw.hr\/%dogadjanja-slug%\/ground-lost-graz\/"]}]},{"@type":"BreadcrumbList","@id":"https:\/\/www.whw.hr\/%dogadjanja-slug%\/ground-lost-graz\/#breadcrumb","itemListElement":[{"@type":"ListItem","position":1,"name":"Po\u010detna stranica","item":"https:\/\/www.whw.hr\/"},{"@type":"ListItem","position":2,"name":"Ground Lost, Graz"}]},{"@type":"WebSite","@id":"https:\/\/www.whw.hr\/#website","url":"https:\/\/www.whw.hr\/","name":"whw \/ what, how & for whom","description":"what, how & for whom","publisher":{"@id":"https:\/\/www.whw.hr\/#organization"},"alternateName":"whw","potentialAction":[{"@type":"SearchAction","target":{"@type":"EntryPoint","urlTemplate":"https:\/\/www.whw.hr\/?s={search_term_string}"},"query-input":"required name=search_term_string"}],"inLanguage":"en-US"},{"@type":"Organization","@id":"https:\/\/www.whw.hr\/#organization","name":"whw \/ what, how & for whom","alternateName":"whw","url":"https:\/\/www.whw.hr\/","logo":{"@type":"ImageObject","inLanguage":"en-US","@id":"https:\/\/www.whw.hr\/#\/schema\/logo\/image\/","url":"https:\/\/www.whw.hr\/wp-content\/uploads\/2022\/12\/jmm-68-1-2.jpg","contentUrl":"https:\/\/www.whw.hr\/wp-content\/uploads\/2022\/12\/jmm-68-1-2.jpg","width":2000,"height":1333,"caption":"whw \/ what, how & for whom"},"image":{"@id":"https:\/\/www.whw.hr\/#\/schema\/logo\/image\/"},"sameAs":["https:\/\/www.instagram.com\/whw_what.how.for.whom\/","https:\/\/www.youtube.com\/channel\/UCYplGnLkNqPXZSBaJgv4mZw","https:\/\/www.facebook.com\/galerijanova"]}]}},"_links":{"self":[{"href":"https:\/\/www.whw.hr\/wp-json\/wp\/v2\/dogadjanja\/3258","targetHints":{"allow":["GET"]}}],"collection":[{"href":"https:\/\/www.whw.hr\/wp-json\/wp\/v2\/dogadjanja"}],"about":[{"href":"https:\/\/www.whw.hr\/wp-json\/wp\/v2\/types\/dogadjanja"}],"author":[{"embeddable":true,"href":"https:\/\/www.whw.hr\/wp-json\/wp\/v2\/users\/2"}],"version-history":[{"count":3,"href":"https:\/\/www.whw.hr\/wp-json\/wp\/v2\/dogadjanja\/3258\/revisions"}],"predecessor-version":[{"id":3265,"href":"https:\/\/www.whw.hr\/wp-json\/wp\/v2\/dogadjanja\/3258\/revisions\/3265"}],"wp:featuredmedia":[{"embeddable":true,"href":"https:\/\/www.whw.hr\/wp-json\/wp\/v2\/media\/3262"}],"wp:attachment":[{"href":"https:\/\/www.whw.hr\/wp-json\/wp\/v2\/media?parent=3258"}],"wp:term":[{"taxonomy":"category","embeddable":true,"href":"https:\/\/www.whw.hr\/wp-json\/wp\/v2\/categories?post=3258"},{"taxonomy":"post_tag","embeddable":true,"href":"https:\/\/www.whw.hr\/wp-json\/wp\/v2\/tags?post=3258"}],"curies":[{"name":"wp","href":"https:\/\/api.w.org\/{rel}","templated":true}]}}

<!-- This site is optimized with the Yoast SEO plugin v19.14 - https://yoast.com/wordpress/plugins/seo/ -->
<title>Ground Lost, Graz</title>
<meta name="description" content="The exhibition Ground Lost offers a complex account of the psycho-social responses to rethink the acute crises of collective memory and imagination. Through the notion of drawing rare combinations from the existing deck of cards, subjective imagination and modes of resistance inscribed within spatial and temporal discontinuities attempt to establish the vital distinctions that are&hellip;" />
<meta name="robots" content="index, follow, max-snippet:-1, max-image-preview:large, max-video-preview:-1" />
<link rel="canonical" href="https://www.whw.hr/%dogadjanja-slug%/ground-lost-graz/" />
<meta property="og:locale" content="en_US" />
<meta property="og:type" content="article" />
<meta property="og:title" content="Ground Lost, Graz" />
<meta property="og:description" content="The exhibition Ground Lost offers a complex account of the psycho-social responses to rethink the acute crises of collective memory and imagination. Through the notion of drawing rare combinations from the existing deck of cards, subjective imagination and modes of resistance inscribed within spatial and temporal discontinuities attempt to establish the vital distinctions that are&hellip;" />
<meta property="og:url" content="https://www.whw.hr/%dogadjanja-slug%/ground-lost-graz/" />
<meta property="og:site_name" content="whw" />
<meta property="article:publisher" content="https://www.facebook.com/galerijanova" />
<meta property="article:modified_time" content="2023-02-05T16:56:33+00:00" />
<meta property="og:image" content="https://www.whw.hr/wp-content/uploads/2023/02/IMG_0972.jpg" />
	<meta property="og:image:width" content="2200" />
	<meta property="og:image:height" content="1650" />
	<meta property="og:image:type" content="image/jpeg" />
<meta name="twitter:card" content="summary_large_image" />
<meta name="twitter:label1" content="Est. reading time" />
	<meta name="twitter:data1" content="1 minute" />
<script type="application/ld+json" class="yoast-schema-graph">{"@context":"https://schema.org","@graph":[{"@type":"WebPage","@id":"https://www.whw.hr/%dogadjanja-slug%/ground-lost-graz/","url":"https://www.whw.hr/%dogadjanja-slug%/ground-lost-graz/","name":"Ground Lost, Graz &ndash; whw","isPartOf":{"@id":"https://www.whw.hr/#website"},"datePublished":"2023-02-05T16:39:51+00:00","dateModified":"2023-02-05T16:56:33+00:00","description":"Izložba Ground Lost nudi kompleksan prikaz psiho-socijalnih odgovora za ponovno promišljanje akutnih kriza kolektivnog sjećanja i imaginacije. Kroz pojam","breadcrumb":{"@id":"https://www.whw.hr/%dogadjanja-slug%/ground-lost-graz/#breadcrumb"},"inLanguage":"en-US","potentialAction":[{"@type":"ReadAction","target":["https://www.whw.hr/%dogadjanja-slug%/ground-lost-graz/"]}]},{"@type":"BreadcrumbList","@id":"https://www.whw.hr/%dogadjanja-slug%/ground-lost-graz/#breadcrumb","itemListElement":[{"@type":"ListItem","position":1,"name":"Početna stranica","item":"https://www.whw.hr/"},{"@type":"ListItem","position":2,"name":"Ground Lost, Graz"}]},{"@type":"WebSite","@id":"https://www.whw.hr/#website","url":"https://www.whw.hr/","name":"whw / what, how & for whom","description":"what, how & for whom","publisher":{"@id":"https://www.whw.hr/#organization"},"alternateName":"whw","potentialAction":[{"@type":"SearchAction","target":{"@type":"EntryPoint","urlTemplate":"https://www.whw.hr/?s={search_term_string}"},"query-input":"required name=search_term_string"}],"inLanguage":"en-US"},{"@type":"Organization","@id":"https://www.whw.hr/#organization","name":"whw / what, how & for whom","alternateName":"whw","url":"https://www.whw.hr/","logo":{"@type":"ImageObject","inLanguage":"en-US","@id":"https://www.whw.hr/#/schema/logo/image/","url":"https://www.whw.hr/wp-content/uploads/2022/12/jmm-68-1-2.jpg","contentUrl":"https://www.whw.hr/wp-content/uploads/2022/12/jmm-68-1-2.jpg","width":2000,"height":1333,"caption":"whw / what, how & for whom"},"image":{"@id":"https://www.whw.hr/#/schema/logo/image/"},"sameAs":["https://www.instagram.com/whw_what.how.for.whom/","https://www.youtube.com/channel/UCYplGnLkNqPXZSBaJgv4mZw","https://www.facebook.com/galerijanova"]}]}</script>
<!-- / Yoast SEO plugin. -->

Izložba Ground Lost nudi kompleksan prikaz psiho-socijalnih odgovora za ponovno promišljanje akutnih kriza kolektivnog sjećanja i imaginacije. Kroz pojam

Početna stranica
