{"id":3211,"date":"2023-02-02T20:37:04","date_gmt":"2023-02-02T19:37:04","guid":{"rendered":"https:\/\/www.whw.hr\/program\/\/"},"modified":"2023-02-02T20:43:51","modified_gmt":"2023-02-02T19:43:51","slug":"details","status":"publish","type":"dogadjanja","link":"https:\/\/www.whw.hr\/%dogadjanja-slug%\/details\/","title":{"rendered":"Details"},"content":{"rendered":"<p>The point of departure for the exhibition&nbsp;<em>Details<\/em>&nbsp;comes from <strong>Rastko Mo\u010dnik<\/strong>\u2019s collection of texts entitled How much fascism?, published in 1995. The basic postulate uttered by <strong>Mo\u010dnik<\/strong> still remains \u2013 the question is not \u201cfascism \u2013 yes or no?\u201d but \u201chow much fascism?\u201d<\/p>\n<p>Obviously, open manifestations of fascism are fairly easy to recognize (in as much as there are more and more of them), but the exhibition proposes to turn our attention to the silent fascism that is becoming normalized through the systematic violence seeping into the laws and everyday administration practices of the nation-states, and to assess mechanisms of oppression and various symptoms of contemporary fascism presented as unavoidable, pragmatic necessities. In other words, we have to look at the details.<\/p>\n<p><a href=\"https:\/\/www.kunsthall.no\/en\/exhibitions\/details\/\" target=\"_blank\" rel=\"noopener\">Read more&#8230;<\/a><\/p>\n<p>A publication documenting the project and including essays by Tam\u00e1s G\u00e1sp\u00e1r Mikl\u00f3s, Mikkel Bolt Rasmussen, Hito Steyerl, Lene Berg and <span class=\"caps\">WHW could be found on the <a href=\"https:\/\/www.whw.hr\/publikacije\/details\/\" target=\"_blank\" rel=\"noopener\">link<\/a>.&nbsp;<\/span><\/p>\n","protected":false},"excerpt":{"rendered":"<p>The point of departure for the exhibition&nbsp;Details&nbsp;comes from Rastko Mo\u010dnik\u2019s collection of texts entitled How much fascism?, published in 1995. The basic postulate uttered by Mo\u010dnik still remains \u2013 the question is not \u201cfascism \u2013 yes or no?\u201d but \u201chow much fascism?\u201d Obviously, open manifestations of fascism are fairly easy to recognize (in as much [&hellip;]<\/p>\n","protected":false},"author":2,"featured_media":3212,"menu_order":0,"template":"","meta":{"footnotes":""},"categories":[17],"tags":[828,827,613],"class_list":["post-3211","dogadjanja","type-dogadjanja","status-publish","has-post-thumbnail","hentry","category-ostalo","tag-details","tag-how-much-fascism","tag-koliko-fasizma"],"acf":[],"yoast_head":"<!-- This site is optimized with the Yoast SEO plugin v19.14 - https:\/\/yoast.com\/wordpress\/plugins\/seo\/ -->\n<title>Details<\/title>\n<meta name=\"description\" content=\"The point of departure for the exhibition&nbsp;Details&nbsp;comes from Rastko Mo\u010dnik\u2019s collection of texts entitled How much fascism?, published in 1995. The basic postulate uttered by Mo\u010dnik still remains \u2013 the question is not \u201cfascism \u2013 yes or no?\u201d but \u201chow much fascism?\u201d Obviously, open manifestations of fascism are fairly easy to recognize (in as much&hellip;\" \/>\n<meta name=\"robots\" content=\"index, follow, max-snippet:-1, max-image-preview:large, max-video-preview:-1\" \/>\n<link rel=\"canonical\" href=\"https:\/\/www.whw.hr\/%dogadjanja-slug%\/details\/\" \/>\n<meta property=\"og:locale\" content=\"en_US\" \/>\n<meta property=\"og:type\" content=\"article\" \/>\n<meta property=\"og:title\" content=\"Details\" \/>\n<meta property=\"og:description\" content=\"The point of departure for the exhibition&nbsp;Details&nbsp;comes from Rastko Mo\u010dnik\u2019s collection of texts entitled How much fascism?, published in 1995. The basic postulate uttered by Mo\u010dnik still remains \u2013 the question is not \u201cfascism \u2013 yes or no?\u201d but \u201chow much fascism?\u201d Obviously, open manifestations of fascism are fairly easy to recognize (in as much&hellip;\" \/>\n<meta property=\"og:url\" content=\"https:\/\/www.whw.hr\/%dogadjanja-slug%\/details\/\" \/>\n<meta property=\"og:site_name\" content=\"whw\" \/>\n<meta property=\"article:publisher\" content=\"https:\/\/www.facebook.com\/galerijanova\" \/>\n<meta property=\"article:modified_time\" content=\"2023-02-02T19:43:51+00:00\" \/>\n<meta property=\"og:image\" content=\"https:\/\/www.whw.hr\/wp-content\/uploads\/2023\/02\/2_OneDay-Tomic.jpg\" \/>\n\t<meta property=\"og:image:width\" content=\"2560\" \/>\n\t<meta property=\"og:image:height\" content=\"1707\" \/>\n\t<meta property=\"og:image:type\" content=\"image\/jpeg\" \/>\n<meta name=\"twitter:card\" content=\"summary_large_image\" \/>\n<meta name=\"twitter:label1\" content=\"Est. reading time\" \/>\n\t<meta name=\"twitter:data1\" content=\"1 minute\" \/>\n<script type=\"application\/ld+json\" class=\"yoast-schema-graph\">{\"@context\":\"https:\/\/schema.org\",\"@graph\":[{\"@type\":\"WebPage\",\"@id\":\"https:\/\/www.whw.hr\/%dogadjanja-slug%\/details\/\",\"url\":\"https:\/\/www.whw.hr\/%dogadjanja-slug%\/details\/\",\"name\":\"Details &ndash; whw\",\"isPartOf\":{\"@id\":\"https:\/\/www.whw.hr\/#website\"},\"datePublished\":\"2023-02-02T19:37:04+00:00\",\"dateModified\":\"2023-02-02T19:43:51+00:00\",\"description\":\"Polazi\u0161te izlo\u017ebe je u zbirci tekstova Rastka Mo\u010dnika Koliko fa\u0161izma?, objavljene 1995. Osnovna Mo\u010dnikova postavka i dalje ostaje \u2013 pitanje nije \u201cfa\u0161izam\",\"breadcrumb\":{\"@id\":\"https:\/\/www.whw.hr\/%dogadjanja-slug%\/details\/#breadcrumb\"},\"inLanguage\":\"en-US\",\"potentialAction\":[{\"@type\":\"ReadAction\",\"target\":[\"https:\/\/www.whw.hr\/%dogadjanja-slug%\/details\/\"]}]},{\"@type\":\"BreadcrumbList\",\"@id\":\"https:\/\/www.whw.hr\/%dogadjanja-slug%\/details\/#breadcrumb\",\"itemListElement\":[{\"@type\":\"ListItem\",\"position\":1,\"name\":\"Po\u010detna stranica\",\"item\":\"https:\/\/www.whw.hr\/\"},{\"@type\":\"ListItem\",\"position\":2,\"name\":\"Details\"}]},{\"@type\":\"WebSite\",\"@id\":\"https:\/\/www.whw.hr\/#website\",\"url\":\"https:\/\/www.whw.hr\/\",\"name\":\"whw \/ what, how & for whom\",\"description\":\"what, how & for whom\",\"publisher\":{\"@id\":\"https:\/\/www.whw.hr\/#organization\"},\"alternateName\":\"whw\",\"potentialAction\":[{\"@type\":\"SearchAction\",\"target\":{\"@type\":\"EntryPoint\",\"urlTemplate\":\"https:\/\/www.whw.hr\/?s={search_term_string}\"},\"query-input\":\"required name=search_term_string\"}],\"inLanguage\":\"en-US\"},{\"@type\":\"Organization\",\"@id\":\"https:\/\/www.whw.hr\/#organization\",\"name\":\"whw \/ what, how & for whom\",\"alternateName\":\"whw\",\"url\":\"https:\/\/www.whw.hr\/\",\"logo\":{\"@type\":\"ImageObject\",\"inLanguage\":\"en-US\",\"@id\":\"https:\/\/www.whw.hr\/#\/schema\/logo\/image\/\",\"url\":\"https:\/\/www.whw.hr\/wp-content\/uploads\/2022\/12\/jmm-68-1-2.jpg\",\"contentUrl\":\"https:\/\/www.whw.hr\/wp-content\/uploads\/2022\/12\/jmm-68-1-2.jpg\",\"width\":2000,\"height\":1333,\"caption\":\"whw \/ what, how & for whom\"},\"image\":{\"@id\":\"https:\/\/www.whw.hr\/#\/schema\/logo\/image\/\"},\"sameAs\":[\"https:\/\/www.instagram.com\/whw_what.how.for.whom\/\",\"https:\/\/www.youtube.com\/channel\/UCYplGnLkNqPXZSBaJgv4mZw\",\"https:\/\/www.facebook.com\/galerijanova\"]}]}<\/script>\n<!-- \/ Yoast SEO plugin. -->","yoast_head_json":{"title":"Details","description":"The point of departure for the exhibition&nbsp;Details&nbsp;comes from Rastko Mo\u010dnik\u2019s collection of texts entitled How much fascism?, published in 1995. The basic postulate uttered by Mo\u010dnik still remains \u2013 the question is not \u201cfascism \u2013 yes or no?\u201d but \u201chow much fascism?\u201d Obviously, open manifestations of fascism are fairly easy to recognize (in as much&hellip;","robots":{"index":"index","follow":"follow","max-snippet":"max-snippet:-1","max-image-preview":"max-image-preview:large","max-video-preview":"max-video-preview:-1"},"canonical":"https:\/\/www.whw.hr\/%dogadjanja-slug%\/details\/","og_locale":"en_US","og_type":"article","og_title":"Details","og_description":"The point of departure for the exhibition&nbsp;Details&nbsp;comes from Rastko Mo\u010dnik\u2019s collection of texts entitled How much fascism?, published in 1995. The basic postulate uttered by Mo\u010dnik still remains \u2013 the question is not \u201cfascism \u2013 yes or no?\u201d but \u201chow much fascism?\u201d Obviously, open manifestations of fascism are fairly easy to recognize (in as much&hellip;","og_url":"https:\/\/www.whw.hr\/%dogadjanja-slug%\/details\/","og_site_name":"whw","article_publisher":"https:\/\/www.facebook.com\/galerijanova","article_modified_time":"2023-02-02T19:43:51+00:00","og_image":[{"width":2560,"height":1707,"url":"https:\/\/www.whw.hr\/wp-content\/uploads\/2023\/02\/2_OneDay-Tomic.jpg","type":"image\/jpeg"}],"twitter_card":"summary_large_image","twitter_misc":{"Est. reading time":"1 minute"},"schema":{"@context":"https:\/\/schema.org","@graph":[{"@type":"WebPage","@id":"https:\/\/www.whw.hr\/%dogadjanja-slug%\/details\/","url":"https:\/\/www.whw.hr\/%dogadjanja-slug%\/details\/","name":"Details &ndash; whw","isPartOf":{"@id":"https:\/\/www.whw.hr\/#website"},"datePublished":"2023-02-02T19:37:04+00:00","dateModified":"2023-02-02T19:43:51+00:00","description":"Polazi\u0161te izlo\u017ebe je u zbirci tekstova Rastka Mo\u010dnika Koliko fa\u0161izma?, objavljene 1995. Osnovna Mo\u010dnikova postavka i dalje ostaje \u2013 pitanje nije \u201cfa\u0161izam","breadcrumb":{"@id":"https:\/\/www.whw.hr\/%dogadjanja-slug%\/details\/#breadcrumb"},"inLanguage":"en-US","potentialAction":[{"@type":"ReadAction","target":["https:\/\/www.whw.hr\/%dogadjanja-slug%\/details\/"]}]},{"@type":"BreadcrumbList","@id":"https:\/\/www.whw.hr\/%dogadjanja-slug%\/details\/#breadcrumb","itemListElement":[{"@type":"ListItem","position":1,"name":"Po\u010detna stranica","item":"https:\/\/www.whw.hr\/"},{"@type":"ListItem","position":2,"name":"Details"}]},{"@type":"WebSite","@id":"https:\/\/www.whw.hr\/#website","url":"https:\/\/www.whw.hr\/","name":"whw \/ what, how & for whom","description":"what, how & for whom","publisher":{"@id":"https:\/\/www.whw.hr\/#organization"},"alternateName":"whw","potentialAction":[{"@type":"SearchAction","target":{"@type":"EntryPoint","urlTemplate":"https:\/\/www.whw.hr\/?s={search_term_string}"},"query-input":"required name=search_term_string"}],"inLanguage":"en-US"},{"@type":"Organization","@id":"https:\/\/www.whw.hr\/#organization","name":"whw \/ what, how & for whom","alternateName":"whw","url":"https:\/\/www.whw.hr\/","logo":{"@type":"ImageObject","inLanguage":"en-US","@id":"https:\/\/www.whw.hr\/#\/schema\/logo\/image\/","url":"https:\/\/www.whw.hr\/wp-content\/uploads\/2022\/12\/jmm-68-1-2.jpg","contentUrl":"https:\/\/www.whw.hr\/wp-content\/uploads\/2022\/12\/jmm-68-1-2.jpg","width":2000,"height":1333,"caption":"whw \/ what, how & for whom"},"image":{"@id":"https:\/\/www.whw.hr\/#\/schema\/logo\/image\/"},"sameAs":["https:\/\/www.instagram.com\/whw_what.how.for.whom\/","https:\/\/www.youtube.com\/channel\/UCYplGnLkNqPXZSBaJgv4mZw","https:\/\/www.facebook.com\/galerijanova"]}]}},"_links":{"self":[{"href":"https:\/\/www.whw.hr\/wp-json\/wp\/v2\/dogadjanja\/3211","targetHints":{"allow":["GET"]}}],"collection":[{"href":"https:\/\/www.whw.hr\/wp-json\/wp\/v2\/dogadjanja"}],"about":[{"href":"https:\/\/www.whw.hr\/wp-json\/wp\/v2\/types\/dogadjanja"}],"author":[{"embeddable":true,"href":"https:\/\/www.whw.hr\/wp-json\/wp\/v2\/users\/2"}],"version-history":[{"count":3,"href":"https:\/\/www.whw.hr\/wp-json\/wp\/v2\/dogadjanja\/3211\/revisions"}],"predecessor-version":[{"id":3216,"href":"https:\/\/www.whw.hr\/wp-json\/wp\/v2\/dogadjanja\/3211\/revisions\/3216"}],"wp:featuredmedia":[{"embeddable":true,"href":"https:\/\/www.whw.hr\/wp-json\/wp\/v2\/media\/3212"}],"wp:attachment":[{"href":"https:\/\/www.whw.hr\/wp-json\/wp\/v2\/media?parent=3211"}],"wp:term":[{"taxonomy":"category","embeddable":true,"href":"https:\/\/www.whw.hr\/wp-json\/wp\/v2\/categories?post=3211"},{"taxonomy":"post_tag","embeddable":true,"href":"https:\/\/www.whw.hr\/wp-json\/wp\/v2\/tags?post=3211"}],"curies":[{"name":"wp","href":"https:\/\/api.w.org\/{rel}","templated":true}]}}

<p>The point of departure for the exhibition&nbsp;<em>Details</em>&nbsp;comes from <strong>Rastko Močnik</strong>’s collection of texts entitled How much fascism?, published in 1995. The basic postulate uttered by <strong>Močnik</strong> still remains – the question is not “fascism – yes or no?” but “how much fascism?”</p>
<p>Obviously, open manifestations of fascism are fairly easy to recognize (in as much as there are more and more of them), but the exhibition proposes to turn our attention to the silent fascism that is becoming normalized through the systematic violence seeping into the laws and everyday administration practices of the nation-states, and to assess mechanisms of oppression and various symptoms of contemporary fascism presented as unavoidable, pragmatic necessities. In other words, we have to look at the details.</p>
<p><a href="https://www.kunsthall.no/en/exhibitions/details/" target="_blank" rel="noopener">Read more&#8230;</a></p>
<p>A publication documenting the project and including essays by Tamás Gáspár Miklós, Mikkel Bolt Rasmussen, Hito Steyerl, Lene Berg and <span class="caps">WHW could be found on the <a href="https://www.whw.hr/publikacije/details/" target="_blank" rel="noopener">link</a>.&nbsp;</span></p>

<p>The point of departure for the exhibition&nbsp;Details&nbsp;comes from Rastko Močnik’s collection of texts entitled How much fascism?, published in 1995. The basic postulate uttered by Močnik still remains – the question is not “fascism – yes or no?” but “how much fascism?” Obviously, open manifestations of fascism are fairly easy to recognize (in as much [&hellip;]</p>

<!-- This site is optimized with the Yoast SEO plugin v19.14 - https://yoast.com/wordpress/plugins/seo/ -->
<title>Details</title>
<meta name="description" content="The point of departure for the exhibition&nbsp;Details&nbsp;comes from Rastko Močnik’s collection of texts entitled How much fascism?, published in 1995. The basic postulate uttered by Močnik still remains – the question is not “fascism – yes or no?” but “how much fascism?” Obviously, open manifestations of fascism are fairly easy to recognize (in as much&hellip;" />
<meta name="robots" content="index, follow, max-snippet:-1, max-image-preview:large, max-video-preview:-1" />
<link rel="canonical" href="https://www.whw.hr/%dogadjanja-slug%/details/" />
<meta property="og:locale" content="en_US" />
<meta property="og:type" content="article" />
<meta property="og:title" content="Details" />
<meta property="og:description" content="The point of departure for the exhibition&nbsp;Details&nbsp;comes from Rastko Močnik’s collection of texts entitled How much fascism?, published in 1995. The basic postulate uttered by Močnik still remains – the question is not “fascism – yes or no?” but “how much fascism?” Obviously, open manifestations of fascism are fairly easy to recognize (in as much&hellip;" />
<meta property="og:url" content="https://www.whw.hr/%dogadjanja-slug%/details/" />
<meta property="og:site_name" content="whw" />
<meta property="article:publisher" content="https://www.facebook.com/galerijanova" />
<meta property="article:modified_time" content="2023-02-02T19:43:51+00:00" />
<meta property="og:image" content="https://www.whw.hr/wp-content/uploads/2023/02/2_OneDay-Tomic.jpg" />
	<meta property="og:image:width" content="2560" />
	<meta property="og:image:height" content="1707" />
	<meta property="og:image:type" content="image/jpeg" />
<meta name="twitter:card" content="summary_large_image" />
<meta name="twitter:label1" content="Est. reading time" />
	<meta name="twitter:data1" content="1 minute" />
<script type="application/ld+json" class="yoast-schema-graph">{"@context":"https://schema.org","@graph":[{"@type":"WebPage","@id":"https://www.whw.hr/%dogadjanja-slug%/details/","url":"https://www.whw.hr/%dogadjanja-slug%/details/","name":"Details &ndash; whw","isPartOf":{"@id":"https://www.whw.hr/#website"},"datePublished":"2023-02-02T19:37:04+00:00","dateModified":"2023-02-02T19:43:51+00:00","description":"Polazište izložbe je u zbirci tekstova Rastka Močnika Koliko fašizma?, objavljene 1995. Osnovna Močnikova postavka i dalje ostaje – pitanje nije “fašizam","breadcrumb":{"@id":"https://www.whw.hr/%dogadjanja-slug%/details/#breadcrumb"},"inLanguage":"en-US","potentialAction":[{"@type":"ReadAction","target":["https://www.whw.hr/%dogadjanja-slug%/details/"]}]},{"@type":"BreadcrumbList","@id":"https://www.whw.hr/%dogadjanja-slug%/details/#breadcrumb","itemListElement":[{"@type":"ListItem","position":1,"name":"Početna stranica","item":"https://www.whw.hr/"},{"@type":"ListItem","position":2,"name":"Details"}]},{"@type":"WebSite","@id":"https://www.whw.hr/#website","url":"https://www.whw.hr/","name":"whw / what, how & for whom","description":"what, how & for whom","publisher":{"@id":"https://www.whw.hr/#organization"},"alternateName":"whw","potentialAction":[{"@type":"SearchAction","target":{"@type":"EntryPoint","urlTemplate":"https://www.whw.hr/?s={search_term_string}"},"query-input":"required name=search_term_string"}],"inLanguage":"en-US"},{"@type":"Organization","@id":"https://www.whw.hr/#organization","name":"whw / what, how & for whom","alternateName":"whw","url":"https://www.whw.hr/","logo":{"@type":"ImageObject","inLanguage":"en-US","@id":"https://www.whw.hr/#/schema/logo/image/","url":"https://www.whw.hr/wp-content/uploads/2022/12/jmm-68-1-2.jpg","contentUrl":"https://www.whw.hr/wp-content/uploads/2022/12/jmm-68-1-2.jpg","width":2000,"height":1333,"caption":"whw / what, how & for whom"},"image":{"@id":"https://www.whw.hr/#/schema/logo/image/"},"sameAs":["https://www.instagram.com/whw_what.how.for.whom/","https://www.youtube.com/channel/UCYplGnLkNqPXZSBaJgv4mZw","https://www.facebook.com/galerijanova"]}]}</script>
<!-- / Yoast SEO plugin. -->

The point of departure for the exhibition&nbsp;Details&nbsp;comes from Rastko Močnik’s collection of texts entitled How much fascism?, published in 1995. The basic postulate uttered by Močnik still remains – the question is not “fascism – yes or no?” but “how much fascism?” Obviously, open manifestations of fascism are fairly easy to recognize (in as much&hellip;

Polazište izložbe je u zbirci tekstova Rastka Močnika Koliko fašizma?, objavljene 1995. Osnovna Močnikova postavka i dalje ostaje – pitanje nije “fašizam

Početna stranica
