{"id":1302,"date":"2022-09-20T20:34:13","date_gmt":"2022-09-20T18:34:13","guid":{"rendered":"http:\/\/www.whw.hr\/hr\/dogadjanja\/\/"},"modified":"2022-09-20T20:34:13","modified_gmt":"2022-09-20T18:34:13","slug":"ivana-bago-naslijediti-jugoslavensko-stoljece-umjetnost-povijest-i-generacija","status":"publish","type":"dogadjanja","link":"https:\/\/www.whw.hr\/%dogadjanja-slug%\/ivana-bago-naslijediti-jugoslavensko-stoljece-umjetnost-povijest-i-generacija\/","title":{"rendered":"Ivana Bago, Inheriting the Yugoslav century: art, history and generation"},"content":{"rendered":"<p><strong>Ivana Bago<\/strong> is an independent researcher, art historian and curator, lives and works in Zagreb. In collaboration with Antonija Maja\u010da, she founded the association Delve \/ Institute for Duration, Place and Variables, which explores ways of working dedicated to the intersection of academic, artistic and curatorial practices. She received her doctorate at Duke University with the subject <em>Art, history and theory at the unidentified graveyard of Yugoslavia<\/em>.<\/p>\n<p>Through her lecture, Bago presented part of her research on the subject of Yugoslav cultural and political heritage in a wider socio-political.<\/p>\n","protected":false},"excerpt":{"rendered":"<p>Ivana Bago is an independent researcher, art historian and curator, lives and works in Zagreb. In collaboration with Antonija Maja\u010da, she founded the association Delve \/ Institute for Duration, Place and Variables, which explores ways of working dedicated to the intersection of academic, artistic and curatorial practices. She received her doctorate at Duke University with [&hellip;]<\/p>\n","protected":false},"author":2,"featured_media":1303,"menu_order":0,"template":"","meta":{"footnotes":""},"categories":[8,1],"tags":[80,385,386,72],"class_list":["post-1302","dogadjanja","type-dogadjanja","status-publish","has-post-thumbnail","hentry","category-galerijanova","category-whwakademija","tag-ivana-bago","tag-jugoslavija","tag-nasljede","tag-veceri-s-whw-akademijom"],"acf":[],"yoast_head":"<!-- This site is optimized with the Yoast SEO plugin v19.14 - https:\/\/yoast.com\/wordpress\/plugins\/seo\/ -->\n<title>Ivana Bago, Inheriting the Yugoslav century: art, history and generation<\/title>\n<meta name=\"description\" content=\"Ivana Bago is an independent researcher, art historian and curator, lives and works in Zagreb. In collaboration with Antonija Maja\u010da, she founded the association Delve \/ Institute for Duration, Place and Variables, which explores ways of working dedicated to the intersection of academic, artistic and curatorial practices. She received her doctorate at Duke University with&hellip;\" \/>\n<meta name=\"robots\" content=\"index, follow, max-snippet:-1, max-image-preview:large, max-video-preview:-1\" \/>\n<link rel=\"canonical\" href=\"https:\/\/www.whw.hr\/%dogadjanja-slug%\/ivana-bago-naslijediti-jugoslavensko-stoljece-umjetnost-povijest-i-generacija\/\" \/>\n<meta property=\"og:locale\" content=\"en_US\" \/>\n<meta property=\"og:type\" content=\"article\" \/>\n<meta property=\"og:title\" content=\"Ivana Bago, Inheriting the Yugoslav century: art, history and generation\" \/>\n<meta property=\"og:description\" content=\"Ivana Bago is an independent researcher, art historian and curator, lives and works in Zagreb. In collaboration with Antonija Maja\u010da, she founded the association Delve \/ Institute for Duration, Place and Variables, which explores ways of working dedicated to the intersection of academic, artistic and curatorial practices. She received her doctorate at Duke University with&hellip;\" \/>\n<meta property=\"og:url\" content=\"https:\/\/www.whw.hr\/%dogadjanja-slug%\/ivana-bago-naslijediti-jugoslavensko-stoljece-umjetnost-povijest-i-generacija\/\" \/>\n<meta property=\"og:site_name\" content=\"whw\" \/>\n<meta property=\"article:publisher\" content=\"https:\/\/www.facebook.com\/galerijanova\" \/>\n<meta property=\"og:image\" content=\"https:\/\/www.whw.hr\/wp-content\/uploads\/2022\/09\/Radna-grupa-Cetiri-lica-Omarske-istrazivacko-putovanje-u-okolici-Prijedora-Bosna-i-Hercegovina-lipanj-2010_fotografija_Stasa-Tomic.jpg\" \/>\n\t<meta property=\"og:image:width\" content=\"640\" \/>\n\t<meta property=\"og:image:height\" content=\"480\" \/>\n\t<meta property=\"og:image:type\" content=\"image\/jpeg\" \/>\n<meta name=\"twitter:card\" content=\"summary_large_image\" \/>\n<meta name=\"twitter:label1\" content=\"Est. reading time\" \/>\n\t<meta name=\"twitter:data1\" content=\"3 minutes\" \/>\n<script type=\"application\/ld+json\" class=\"yoast-schema-graph\">{\"@context\":\"https:\/\/schema.org\",\"@graph\":[{\"@type\":\"WebPage\",\"@id\":\"https:\/\/www.whw.hr\/%dogadjanja-slug%\/ivana-bago-naslijediti-jugoslavensko-stoljece-umjetnost-povijest-i-generacija\/\",\"url\":\"https:\/\/www.whw.hr\/%dogadjanja-slug%\/ivana-bago-naslijediti-jugoslavensko-stoljece-umjetnost-povijest-i-generacija\/\",\"name\":\"Ivana Bago, Naslijediti jugoslavensko stolje\u0107e: umjetnost, povijest i generacija &ndash; whw\",\"isPartOf\":{\"@id\":\"https:\/\/www.whw.hr\/#website\"},\"datePublished\":\"2022-09-20T18:34:13+00:00\",\"dateModified\":\"2022-09-20T18:34:13+00:00\",\"description\":\"Ako je postmoderno doba, kako je tvrdio\u00a0Fredric Jameson, obilje\u017eilo globalno oprostorenje vremena, u posljednjem desetlje\u0107u svjedo\u010dimo zaokretu ka onome\",\"breadcrumb\":{\"@id\":\"https:\/\/www.whw.hr\/%dogadjanja-slug%\/ivana-bago-naslijediti-jugoslavensko-stoljece-umjetnost-povijest-i-generacija\/#breadcrumb\"},\"inLanguage\":\"en-US\",\"potentialAction\":[{\"@type\":\"ReadAction\",\"target\":[\"https:\/\/www.whw.hr\/%dogadjanja-slug%\/ivana-bago-naslijediti-jugoslavensko-stoljece-umjetnost-povijest-i-generacija\/\"]}]},{\"@type\":\"BreadcrumbList\",\"@id\":\"https:\/\/www.whw.hr\/%dogadjanja-slug%\/ivana-bago-naslijediti-jugoslavensko-stoljece-umjetnost-povijest-i-generacija\/#breadcrumb\",\"itemListElement\":[{\"@type\":\"ListItem\",\"position\":1,\"name\":\"Po\u010detna stranica\",\"item\":\"https:\/\/www.whw.hr\/\"},{\"@type\":\"ListItem\",\"position\":2,\"name\":\"Ivana Bago, Naslijediti jugoslavensko stolje\u0107e: umjetnost, povijest i generacija\"}]},{\"@type\":\"WebSite\",\"@id\":\"https:\/\/www.whw.hr\/#website\",\"url\":\"https:\/\/www.whw.hr\/\",\"name\":\"whw \/ what, how & for whom\",\"description\":\"what, how & for whom\",\"publisher\":{\"@id\":\"https:\/\/www.whw.hr\/#organization\"},\"alternateName\":\"whw\",\"potentialAction\":[{\"@type\":\"SearchAction\",\"target\":{\"@type\":\"EntryPoint\",\"urlTemplate\":\"https:\/\/www.whw.hr\/?s={search_term_string}\"},\"query-input\":\"required name=search_term_string\"}],\"inLanguage\":\"en-US\"},{\"@type\":\"Organization\",\"@id\":\"https:\/\/www.whw.hr\/#organization\",\"name\":\"whw \/ what, how & for whom\",\"alternateName\":\"whw\",\"url\":\"https:\/\/www.whw.hr\/\",\"logo\":{\"@type\":\"ImageObject\",\"inLanguage\":\"en-US\",\"@id\":\"https:\/\/www.whw.hr\/#\/schema\/logo\/image\/\",\"url\":\"https:\/\/www.whw.hr\/wp-content\/uploads\/2022\/12\/jmm-68-1-2.jpg\",\"contentUrl\":\"https:\/\/www.whw.hr\/wp-content\/uploads\/2022\/12\/jmm-68-1-2.jpg\",\"width\":2000,\"height\":1333,\"caption\":\"whw \/ what, how & for whom\"},\"image\":{\"@id\":\"https:\/\/www.whw.hr\/#\/schema\/logo\/image\/\"},\"sameAs\":[\"https:\/\/www.instagram.com\/whw_what.how.for.whom\/\",\"https:\/\/www.youtube.com\/channel\/UCYplGnLkNqPXZSBaJgv4mZw\",\"https:\/\/www.facebook.com\/galerijanova\"]}]}<\/script>\n<!-- \/ Yoast SEO plugin. -->","yoast_head_json":{"title":"Ivana Bago, Inheriting the Yugoslav century: art, history and generation","description":"Ivana Bago is an independent researcher, art historian and curator, lives and works in Zagreb. In collaboration with Antonija Maja\u010da, she founded the association Delve \/ Institute for Duration, Place and Variables, which explores ways of working dedicated to the intersection of academic, artistic and curatorial practices. She received her doctorate at Duke University with&hellip;","robots":{"index":"index","follow":"follow","max-snippet":"max-snippet:-1","max-image-preview":"max-image-preview:large","max-video-preview":"max-video-preview:-1"},"canonical":"https:\/\/www.whw.hr\/%dogadjanja-slug%\/ivana-bago-naslijediti-jugoslavensko-stoljece-umjetnost-povijest-i-generacija\/","og_locale":"en_US","og_type":"article","og_title":"Ivana Bago, Inheriting the Yugoslav century: art, history and generation","og_description":"Ivana Bago is an independent researcher, art historian and curator, lives and works in Zagreb. In collaboration with Antonija Maja\u010da, she founded the association Delve \/ Institute for Duration, Place and Variables, which explores ways of working dedicated to the intersection of academic, artistic and curatorial practices. She received her doctorate at Duke University with&hellip;","og_url":"https:\/\/www.whw.hr\/%dogadjanja-slug%\/ivana-bago-naslijediti-jugoslavensko-stoljece-umjetnost-povijest-i-generacija\/","og_site_name":"whw","article_publisher":"https:\/\/www.facebook.com\/galerijanova","og_image":[{"width":640,"height":480,"url":"https:\/\/www.whw.hr\/wp-content\/uploads\/2022\/09\/Radna-grupa-Cetiri-lica-Omarske-istrazivacko-putovanje-u-okolici-Prijedora-Bosna-i-Hercegovina-lipanj-2010_fotografija_Stasa-Tomic.jpg","type":"image\/jpeg"}],"twitter_card":"summary_large_image","twitter_misc":{"Est. reading time":"3 minutes"},"schema":{"@context":"https:\/\/schema.org","@graph":[{"@type":"WebPage","@id":"https:\/\/www.whw.hr\/%dogadjanja-slug%\/ivana-bago-naslijediti-jugoslavensko-stoljece-umjetnost-povijest-i-generacija\/","url":"https:\/\/www.whw.hr\/%dogadjanja-slug%\/ivana-bago-naslijediti-jugoslavensko-stoljece-umjetnost-povijest-i-generacija\/","name":"Ivana Bago, Naslijediti jugoslavensko stolje\u0107e: umjetnost, povijest i generacija &ndash; whw","isPartOf":{"@id":"https:\/\/www.whw.hr\/#website"},"datePublished":"2022-09-20T18:34:13+00:00","dateModified":"2022-09-20T18:34:13+00:00","description":"Ako je postmoderno doba, kako je tvrdio\u00a0Fredric Jameson, obilje\u017eilo globalno oprostorenje vremena, u posljednjem desetlje\u0107u svjedo\u010dimo zaokretu ka onome","breadcrumb":{"@id":"https:\/\/www.whw.hr\/%dogadjanja-slug%\/ivana-bago-naslijediti-jugoslavensko-stoljece-umjetnost-povijest-i-generacija\/#breadcrumb"},"inLanguage":"en-US","potentialAction":[{"@type":"ReadAction","target":["https:\/\/www.whw.hr\/%dogadjanja-slug%\/ivana-bago-naslijediti-jugoslavensko-stoljece-umjetnost-povijest-i-generacija\/"]}]},{"@type":"BreadcrumbList","@id":"https:\/\/www.whw.hr\/%dogadjanja-slug%\/ivana-bago-naslijediti-jugoslavensko-stoljece-umjetnost-povijest-i-generacija\/#breadcrumb","itemListElement":[{"@type":"ListItem","position":1,"name":"Po\u010detna stranica","item":"https:\/\/www.whw.hr\/"},{"@type":"ListItem","position":2,"name":"Ivana Bago, Naslijediti jugoslavensko stolje\u0107e: umjetnost, povijest i generacija"}]},{"@type":"WebSite","@id":"https:\/\/www.whw.hr\/#website","url":"https:\/\/www.whw.hr\/","name":"whw \/ what, how & for whom","description":"what, how & for whom","publisher":{"@id":"https:\/\/www.whw.hr\/#organization"},"alternateName":"whw","potentialAction":[{"@type":"SearchAction","target":{"@type":"EntryPoint","urlTemplate":"https:\/\/www.whw.hr\/?s={search_term_string}"},"query-input":"required name=search_term_string"}],"inLanguage":"en-US"},{"@type":"Organization","@id":"https:\/\/www.whw.hr\/#organization","name":"whw \/ what, how & for whom","alternateName":"whw","url":"https:\/\/www.whw.hr\/","logo":{"@type":"ImageObject","inLanguage":"en-US","@id":"https:\/\/www.whw.hr\/#\/schema\/logo\/image\/","url":"https:\/\/www.whw.hr\/wp-content\/uploads\/2022\/12\/jmm-68-1-2.jpg","contentUrl":"https:\/\/www.whw.hr\/wp-content\/uploads\/2022\/12\/jmm-68-1-2.jpg","width":2000,"height":1333,"caption":"whw \/ what, how & for whom"},"image":{"@id":"https:\/\/www.whw.hr\/#\/schema\/logo\/image\/"},"sameAs":["https:\/\/www.instagram.com\/whw_what.how.for.whom\/","https:\/\/www.youtube.com\/channel\/UCYplGnLkNqPXZSBaJgv4mZw","https:\/\/www.facebook.com\/galerijanova"]}]}},"_links":{"self":[{"href":"https:\/\/www.whw.hr\/wp-json\/wp\/v2\/dogadjanja\/1302","targetHints":{"allow":["GET"]}}],"collection":[{"href":"https:\/\/www.whw.hr\/wp-json\/wp\/v2\/dogadjanja"}],"about":[{"href":"https:\/\/www.whw.hr\/wp-json\/wp\/v2\/types\/dogadjanja"}],"author":[{"embeddable":true,"href":"https:\/\/www.whw.hr\/wp-json\/wp\/v2\/users\/2"}],"version-history":[{"count":1,"href":"https:\/\/www.whw.hr\/wp-json\/wp\/v2\/dogadjanja\/1302\/revisions"}],"predecessor-version":[{"id":1304,"href":"https:\/\/www.whw.hr\/wp-json\/wp\/v2\/dogadjanja\/1302\/revisions\/1304"}],"wp:featuredmedia":[{"embeddable":true,"href":"https:\/\/www.whw.hr\/wp-json\/wp\/v2\/media\/1303"}],"wp:attachment":[{"href":"https:\/\/www.whw.hr\/wp-json\/wp\/v2\/media?parent=1302"}],"wp:term":[{"taxonomy":"category","embeddable":true,"href":"https:\/\/www.whw.hr\/wp-json\/wp\/v2\/categories?post=1302"},{"taxonomy":"post_tag","embeddable":true,"href":"https:\/\/www.whw.hr\/wp-json\/wp\/v2\/tags?post=1302"}],"curies":[{"name":"wp","href":"https:\/\/api.w.org\/{rel}","templated":true}]}}

<p><strong>Ivana Bago</strong> is an independent researcher, art historian and curator, lives and works in Zagreb. In collaboration with Antonija Majača, she founded the association Delve / Institute for Duration, Place and Variables, which explores ways of working dedicated to the intersection of academic, artistic and curatorial practices. She received her doctorate at Duke University with the subject <em>Art, history and theory at the unidentified graveyard of Yugoslavia</em>.</p>
<p>Through her lecture, Bago presented part of her research on the subject of Yugoslav cultural and political heritage in a wider socio-political.</p>

<p>Ivana Bago is an independent researcher, art historian and curator, lives and works in Zagreb. In collaboration with Antonija Majača, she founded the association Delve / Institute for Duration, Place and Variables, which explores ways of working dedicated to the intersection of academic, artistic and curatorial practices. She received her doctorate at Duke University with [&hellip;]</p>

<!-- This site is optimized with the Yoast SEO plugin v19.14 - https://yoast.com/wordpress/plugins/seo/ -->
<title>Ivana Bago, Inheriting the Yugoslav century: art, history and generation</title>
<meta name="description" content="Ivana Bago is an independent researcher, art historian and curator, lives and works in Zagreb. In collaboration with Antonija Majača, she founded the association Delve / Institute for Duration, Place and Variables, which explores ways of working dedicated to the intersection of academic, artistic and curatorial practices. She received her doctorate at Duke University with&hellip;" />
<meta name="robots" content="index, follow, max-snippet:-1, max-image-preview:large, max-video-preview:-1" />
<link rel="canonical" href="https://www.whw.hr/%dogadjanja-slug%/ivana-bago-naslijediti-jugoslavensko-stoljece-umjetnost-povijest-i-generacija/" />
<meta property="og:locale" content="en_US" />
<meta property="og:type" content="article" />
<meta property="og:title" content="Ivana Bago, Inheriting the Yugoslav century: art, history and generation" />
<meta property="og:description" content="Ivana Bago is an independent researcher, art historian and curator, lives and works in Zagreb. In collaboration with Antonija Majača, she founded the association Delve / Institute for Duration, Place and Variables, which explores ways of working dedicated to the intersection of academic, artistic and curatorial practices. She received her doctorate at Duke University with&hellip;" />
<meta property="og:url" content="https://www.whw.hr/%dogadjanja-slug%/ivana-bago-naslijediti-jugoslavensko-stoljece-umjetnost-povijest-i-generacija/" />
<meta property="og:site_name" content="whw" />
<meta property="article:publisher" content="https://www.facebook.com/galerijanova" />
<meta property="og:image" content="https://www.whw.hr/wp-content/uploads/2022/09/Radna-grupa-Cetiri-lica-Omarske-istrazivacko-putovanje-u-okolici-Prijedora-Bosna-i-Hercegovina-lipanj-2010_fotografija_Stasa-Tomic.jpg" />
	<meta property="og:image:width" content="640" />
	<meta property="og:image:height" content="480" />
	<meta property="og:image:type" content="image/jpeg" />
<meta name="twitter:card" content="summary_large_image" />
<meta name="twitter:label1" content="Est. reading time" />
	<meta name="twitter:data1" content="3 minutes" />
<script type="application/ld+json" class="yoast-schema-graph">{"@context":"https://schema.org","@graph":[{"@type":"WebPage","@id":"https://www.whw.hr/%dogadjanja-slug%/ivana-bago-naslijediti-jugoslavensko-stoljece-umjetnost-povijest-i-generacija/","url":"https://www.whw.hr/%dogadjanja-slug%/ivana-bago-naslijediti-jugoslavensko-stoljece-umjetnost-povijest-i-generacija/","name":"Ivana Bago, Naslijediti jugoslavensko stoljeće: umjetnost, povijest i generacija &ndash; whw","isPartOf":{"@id":"https://www.whw.hr/#website"},"datePublished":"2022-09-20T18:34:13+00:00","dateModified":"2022-09-20T18:34:13+00:00","description":"Ako je postmoderno doba, kako je tvrdio Fredric Jameson, obilježilo globalno oprostorenje vremena, u posljednjem desetljeću svjedočimo zaokretu ka onome","breadcrumb":{"@id":"https://www.whw.hr/%dogadjanja-slug%/ivana-bago-naslijediti-jugoslavensko-stoljece-umjetnost-povijest-i-generacija/#breadcrumb"},"inLanguage":"en-US","potentialAction":[{"@type":"ReadAction","target":["https://www.whw.hr/%dogadjanja-slug%/ivana-bago-naslijediti-jugoslavensko-stoljece-umjetnost-povijest-i-generacija/"]}]},{"@type":"BreadcrumbList","@id":"https://www.whw.hr/%dogadjanja-slug%/ivana-bago-naslijediti-jugoslavensko-stoljece-umjetnost-povijest-i-generacija/#breadcrumb","itemListElement":[{"@type":"ListItem","position":1,"name":"Početna stranica","item":"https://www.whw.hr/"},{"@type":"ListItem","position":2,"name":"Ivana Bago, Naslijediti jugoslavensko stoljeće: umjetnost, povijest i generacija"}]},{"@type":"WebSite","@id":"https://www.whw.hr/#website","url":"https://www.whw.hr/","name":"whw / what, how & for whom","description":"what, how & for whom","publisher":{"@id":"https://www.whw.hr/#organization"},"alternateName":"whw","potentialAction":[{"@type":"SearchAction","target":{"@type":"EntryPoint","urlTemplate":"https://www.whw.hr/?s={search_term_string}"},"query-input":"required name=search_term_string"}],"inLanguage":"en-US"},{"@type":"Organization","@id":"https://www.whw.hr/#organization","name":"whw / what, how & for whom","alternateName":"whw","url":"https://www.whw.hr/","logo":{"@type":"ImageObject","inLanguage":"en-US","@id":"https://www.whw.hr/#/schema/logo/image/","url":"https://www.whw.hr/wp-content/uploads/2022/12/jmm-68-1-2.jpg","contentUrl":"https://www.whw.hr/wp-content/uploads/2022/12/jmm-68-1-2.jpg","width":2000,"height":1333,"caption":"whw / what, how & for whom"},"image":{"@id":"https://www.whw.hr/#/schema/logo/image/"},"sameAs":["https://www.instagram.com/whw_what.how.for.whom/","https://www.youtube.com/channel/UCYplGnLkNqPXZSBaJgv4mZw","https://www.facebook.com/galerijanova"]}]}</script>
<!-- / Yoast SEO plugin. -->

Ivana Bago is an independent researcher, art historian and curator, lives and works in Zagreb. In collaboration with Antonija Majača, she founded the association Delve / Institute for Duration, Place and Variables, which explores ways of working dedicated to the intersection of academic, artistic and curatorial practices. She received her doctorate at Duke University with&hellip;

Ivana Bago, Naslijediti jugoslavensko stoljeće: umjetnost, povijest i generacija &ndash; whw

Ako je postmoderno doba, kako je tvrdio Fredric Jameson, obilježilo globalno oprostorenje vremena, u posljednjem desetljeću svjedočimo zaokretu ka onome

Početna stranica

Ivana Bago, Naslijediti jugoslavensko stoljeće: umjetnost, povijest i generacija
