{"id":1006,"date":"2022-08-24T19:12:01","date_gmt":"2022-08-24T17:12:01","guid":{"rendered":"http:\/\/www.whw.hr\/hr\/dogadjanja\/\/"},"modified":"2022-09-14T21:09:39","modified_gmt":"2022-09-14T19:09:39","slug":"dubravka-sekulic-68-kroz-ubuweb","status":"publish","type":"dogadjanja","link":"https:\/\/www.whw.hr\/%dogadjanja-slug%\/dubravka-sekulic-68-kroz-ubuweb\/","title":{"rendered":"Dubravka Sekuli\u0107: \u201968. through UbuWeb"},"content":{"rendered":"<p>Film program <em>&#8217;68. through UbuWeb<\/em>, curated by <strong>Dubravka Sekuli\u0107<\/strong>, is the last in a series of film programs created in dialogue with <strong>\u017delimir \u017dilnik&#8217;s<\/strong> exhibition <em>Shadow Citizens<\/em> open until 02\/02\/2019 in the Gallery Nova.<\/p>\n<p><strong>Dubravka Sekuli\u0107<\/strong> is interested in how ownership relations and legal frameworks shape contemporary cities. Dubravka is an assistant professor at the IZK Institute for Contemporary Art at TU Graz and a PhD student at the gta Institute for History and Theory of Architecture at ETH Zurich. She wrote&nbsp;<em>Glotzt Nicht so Romantsich!<\/em> <em>On Extralegal Space in Belgrade<\/em> (Jan van Eyck Academie, 2012) and recently edited the 14th issue of GAM (Graz Architecture Magazine) <em>Exhibiting Matters<\/em>, which deals with exhibition practice, with Milica Tomi\u0107. Dubravka is an amateur librarian at the <em>public library\/memory of the world<\/em> project, where she maintains collections related to space, race and feminism.<\/p>\n","protected":false},"excerpt":{"rendered":"<p>Film program &#8217;68. through UbuWeb, curated by Dubravka Sekuli\u0107, is the last in a series of film programs created in dialogue with \u017delimir \u017dilnik&#8217;s exhibition Shadow Citizens open until 02\/02\/2019 in the Gallery Nova. Dubravka Sekuli\u0107 is interested in how ownership relations and legal frameworks shape contemporary cities. Dubravka is an assistant professor at the [&hellip;]<\/p>\n","protected":false},"author":2,"featured_media":1007,"menu_order":0,"template":"","meta":{"footnotes":""},"categories":[8],"tags":[167,359,260,215],"class_list":["post-1006","dogadjanja","type-dogadjanja","status-publish","has-post-thumbnail","hentry","category-galerijanova","tag-dubravka-sekulic","tag-gradani-iz-sjene","tag-ubuweb","tag-zelimir-zilnik"],"acf":[],"yoast_head":"<!-- This site is optimized with the Yoast SEO plugin v19.14 - https:\/\/yoast.com\/wordpress\/plugins\/seo\/ -->\n<title>Dubravka Sekuli\u0107: \u201968. through UbuWeb<\/title>\n<meta name=\"description\" content=\"Film program &#039;68. through UbuWeb, curated by Dubravka Sekuli\u0107, is the last in a series of film programs created in dialogue with \u017delimir \u017dilnik&#039;s exhibition Shadow Citizens open until 02\/02\/2019 in the Gallery Nova. Dubravka Sekuli\u0107 is interested in how ownership relations and legal frameworks shape contemporary cities. Dubravka is an assistant professor at the&hellip;\" \/>\n<meta name=\"robots\" content=\"index, follow, max-snippet:-1, max-image-preview:large, max-video-preview:-1\" \/>\n<link rel=\"canonical\" href=\"https:\/\/www.whw.hr\/%dogadjanja-slug%\/dubravka-sekulic-68-kroz-ubuweb\/\" \/>\n<meta property=\"og:locale\" content=\"en_US\" \/>\n<meta property=\"og:type\" content=\"article\" \/>\n<meta property=\"og:title\" content=\"Dubravka Sekuli\u0107: \u201968. through UbuWeb\" \/>\n<meta property=\"og:description\" content=\"Film program &#039;68. through UbuWeb, curated by Dubravka Sekuli\u0107, is the last in a series of film programs created in dialogue with \u017delimir \u017dilnik&#039;s exhibition Shadow Citizens open until 02\/02\/2019 in the Gallery Nova. Dubravka Sekuli\u0107 is interested in how ownership relations and legal frameworks shape contemporary cities. Dubravka is an assistant professor at the&hellip;\" \/>\n<meta property=\"og:url\" content=\"https:\/\/www.whw.hr\/%dogadjanja-slug%\/dubravka-sekulic-68-kroz-ubuweb\/\" \/>\n<meta property=\"og:site_name\" content=\"whw\" \/>\n<meta property=\"article:publisher\" content=\"https:\/\/www.facebook.com\/galerijanova\" \/>\n<meta property=\"article:modified_time\" content=\"2022-09-14T19:09:39+00:00\" \/>\n<meta property=\"og:image\" content=\"https:\/\/www.whw.hr\/wp-content\/uploads\/2022\/08\/lipanjska.jpg\" \/>\n\t<meta property=\"og:image:width\" content=\"962\" \/>\n\t<meta property=\"og:image:height\" content=\"664\" \/>\n\t<meta property=\"og:image:type\" content=\"image\/jpeg\" \/>\n<meta name=\"twitter:card\" content=\"summary_large_image\" \/>\n<meta name=\"twitter:label1\" content=\"Est. reading time\" \/>\n\t<meta name=\"twitter:data1\" content=\"2 minutes\" \/>\n<script type=\"application\/ld+json\" class=\"yoast-schema-graph\">{\"@context\":\"https:\/\/schema.org\",\"@graph\":[{\"@type\":\"WebPage\",\"@id\":\"https:\/\/www.whw.hr\/%dogadjanja-slug%\/dubravka-sekulic-68-kroz-ubuweb\/\",\"url\":\"https:\/\/www.whw.hr\/%dogadjanja-slug%\/dubravka-sekulic-68-kroz-ubuweb\/\",\"name\":\"Dubravka Sekuli\u0107: \u201968. kroz UbuWeb &ndash; whw\",\"isPartOf\":{\"@id\":\"https:\/\/www.whw.hr\/#website\"},\"datePublished\":\"2022-08-24T17:12:01+00:00\",\"dateModified\":\"2022-09-14T19:09:39+00:00\",\"description\":\"Filmski program \u201968. kroz\u00a0UbuWeb\u00a0koji kurira\u00a0Dubravka Sekuli\u0107\u00a0posljednji je u nizu filmskih programa nastalih u dijalogu s izlo\u017ebom u Galeriji\",\"breadcrumb\":{\"@id\":\"https:\/\/www.whw.hr\/%dogadjanja-slug%\/dubravka-sekulic-68-kroz-ubuweb\/#breadcrumb\"},\"inLanguage\":\"en-US\",\"potentialAction\":[{\"@type\":\"ReadAction\",\"target\":[\"https:\/\/www.whw.hr\/%dogadjanja-slug%\/dubravka-sekulic-68-kroz-ubuweb\/\"]}]},{\"@type\":\"BreadcrumbList\",\"@id\":\"https:\/\/www.whw.hr\/%dogadjanja-slug%\/dubravka-sekulic-68-kroz-ubuweb\/#breadcrumb\",\"itemListElement\":[{\"@type\":\"ListItem\",\"position\":1,\"name\":\"Po\u010detna stranica\",\"item\":\"https:\/\/www.whw.hr\/\"},{\"@type\":\"ListItem\",\"position\":2,\"name\":\"Dubravka Sekuli\u0107: \u201968. kroz UbuWeb\"}]},{\"@type\":\"WebSite\",\"@id\":\"https:\/\/www.whw.hr\/#website\",\"url\":\"https:\/\/www.whw.hr\/\",\"name\":\"whw \/ what, how & for whom\",\"description\":\"what, how & for whom\",\"publisher\":{\"@id\":\"https:\/\/www.whw.hr\/#organization\"},\"alternateName\":\"whw\",\"potentialAction\":[{\"@type\":\"SearchAction\",\"target\":{\"@type\":\"EntryPoint\",\"urlTemplate\":\"https:\/\/www.whw.hr\/?s={search_term_string}\"},\"query-input\":\"required name=search_term_string\"}],\"inLanguage\":\"en-US\"},{\"@type\":\"Organization\",\"@id\":\"https:\/\/www.whw.hr\/#organization\",\"name\":\"whw \/ what, how & for whom\",\"alternateName\":\"whw\",\"url\":\"https:\/\/www.whw.hr\/\",\"logo\":{\"@type\":\"ImageObject\",\"inLanguage\":\"en-US\",\"@id\":\"https:\/\/www.whw.hr\/#\/schema\/logo\/image\/\",\"url\":\"https:\/\/www.whw.hr\/wp-content\/uploads\/2022\/12\/jmm-68-1-2.jpg\",\"contentUrl\":\"https:\/\/www.whw.hr\/wp-content\/uploads\/2022\/12\/jmm-68-1-2.jpg\",\"width\":2000,\"height\":1333,\"caption\":\"whw \/ what, how & for whom\"},\"image\":{\"@id\":\"https:\/\/www.whw.hr\/#\/schema\/logo\/image\/\"},\"sameAs\":[\"https:\/\/www.instagram.com\/whw_what.how.for.whom\/\",\"https:\/\/www.youtube.com\/channel\/UCYplGnLkNqPXZSBaJgv4mZw\",\"https:\/\/www.facebook.com\/galerijanova\"]}]}<\/script>\n<!-- \/ Yoast SEO plugin. -->","yoast_head_json":{"title":"Dubravka Sekuli\u0107: \u201968. through UbuWeb","description":"Film program '68. through UbuWeb, curated by Dubravka Sekuli\u0107, is the last in a series of film programs created in dialogue with \u017delimir \u017dilnik's exhibition Shadow Citizens open until 02\/02\/2019 in the Gallery Nova. Dubravka Sekuli\u0107 is interested in how ownership relations and legal frameworks shape contemporary cities. Dubravka is an assistant professor at the&hellip;","robots":{"index":"index","follow":"follow","max-snippet":"max-snippet:-1","max-image-preview":"max-image-preview:large","max-video-preview":"max-video-preview:-1"},"canonical":"https:\/\/www.whw.hr\/%dogadjanja-slug%\/dubravka-sekulic-68-kroz-ubuweb\/","og_locale":"en_US","og_type":"article","og_title":"Dubravka Sekuli\u0107: \u201968. through UbuWeb","og_description":"Film program '68. through UbuWeb, curated by Dubravka Sekuli\u0107, is the last in a series of film programs created in dialogue with \u017delimir \u017dilnik's exhibition Shadow Citizens open until 02\/02\/2019 in the Gallery Nova. Dubravka Sekuli\u0107 is interested in how ownership relations and legal frameworks shape contemporary cities. Dubravka is an assistant professor at the&hellip;","og_url":"https:\/\/www.whw.hr\/%dogadjanja-slug%\/dubravka-sekulic-68-kroz-ubuweb\/","og_site_name":"whw","article_publisher":"https:\/\/www.facebook.com\/galerijanova","article_modified_time":"2022-09-14T19:09:39+00:00","og_image":[{"width":962,"height":664,"url":"https:\/\/www.whw.hr\/wp-content\/uploads\/2022\/08\/lipanjska.jpg","type":"image\/jpeg"}],"twitter_card":"summary_large_image","twitter_misc":{"Est. reading time":"2 minutes"},"schema":{"@context":"https:\/\/schema.org","@graph":[{"@type":"WebPage","@id":"https:\/\/www.whw.hr\/%dogadjanja-slug%\/dubravka-sekulic-68-kroz-ubuweb\/","url":"https:\/\/www.whw.hr\/%dogadjanja-slug%\/dubravka-sekulic-68-kroz-ubuweb\/","name":"Dubravka Sekuli\u0107: \u201968. kroz UbuWeb &ndash; whw","isPartOf":{"@id":"https:\/\/www.whw.hr\/#website"},"datePublished":"2022-08-24T17:12:01+00:00","dateModified":"2022-09-14T19:09:39+00:00","description":"Filmski program \u201968. kroz\u00a0UbuWeb\u00a0koji kurira\u00a0Dubravka Sekuli\u0107\u00a0posljednji je u nizu filmskih programa nastalih u dijalogu s izlo\u017ebom u Galeriji","breadcrumb":{"@id":"https:\/\/www.whw.hr\/%dogadjanja-slug%\/dubravka-sekulic-68-kroz-ubuweb\/#breadcrumb"},"inLanguage":"en-US","potentialAction":[{"@type":"ReadAction","target":["https:\/\/www.whw.hr\/%dogadjanja-slug%\/dubravka-sekulic-68-kroz-ubuweb\/"]}]},{"@type":"BreadcrumbList","@id":"https:\/\/www.whw.hr\/%dogadjanja-slug%\/dubravka-sekulic-68-kroz-ubuweb\/#breadcrumb","itemListElement":[{"@type":"ListItem","position":1,"name":"Po\u010detna stranica","item":"https:\/\/www.whw.hr\/"},{"@type":"ListItem","position":2,"name":"Dubravka Sekuli\u0107: \u201968. kroz UbuWeb"}]},{"@type":"WebSite","@id":"https:\/\/www.whw.hr\/#website","url":"https:\/\/www.whw.hr\/","name":"whw \/ what, how & for whom","description":"what, how & for whom","publisher":{"@id":"https:\/\/www.whw.hr\/#organization"},"alternateName":"whw","potentialAction":[{"@type":"SearchAction","target":{"@type":"EntryPoint","urlTemplate":"https:\/\/www.whw.hr\/?s={search_term_string}"},"query-input":"required name=search_term_string"}],"inLanguage":"en-US"},{"@type":"Organization","@id":"https:\/\/www.whw.hr\/#organization","name":"whw \/ what, how & for whom","alternateName":"whw","url":"https:\/\/www.whw.hr\/","logo":{"@type":"ImageObject","inLanguage":"en-US","@id":"https:\/\/www.whw.hr\/#\/schema\/logo\/image\/","url":"https:\/\/www.whw.hr\/wp-content\/uploads\/2022\/12\/jmm-68-1-2.jpg","contentUrl":"https:\/\/www.whw.hr\/wp-content\/uploads\/2022\/12\/jmm-68-1-2.jpg","width":2000,"height":1333,"caption":"whw \/ what, how & for whom"},"image":{"@id":"https:\/\/www.whw.hr\/#\/schema\/logo\/image\/"},"sameAs":["https:\/\/www.instagram.com\/whw_what.how.for.whom\/","https:\/\/www.youtube.com\/channel\/UCYplGnLkNqPXZSBaJgv4mZw","https:\/\/www.facebook.com\/galerijanova"]}]}},"_links":{"self":[{"href":"https:\/\/www.whw.hr\/wp-json\/wp\/v2\/dogadjanja\/1006","targetHints":{"allow":["GET"]}}],"collection":[{"href":"https:\/\/www.whw.hr\/wp-json\/wp\/v2\/dogadjanja"}],"about":[{"href":"https:\/\/www.whw.hr\/wp-json\/wp\/v2\/types\/dogadjanja"}],"author":[{"embeddable":true,"href":"https:\/\/www.whw.hr\/wp-json\/wp\/v2\/users\/2"}],"version-history":[{"count":6,"href":"https:\/\/www.whw.hr\/wp-json\/wp\/v2\/dogadjanja\/1006\/revisions"}],"predecessor-version":[{"id":1228,"href":"https:\/\/www.whw.hr\/wp-json\/wp\/v2\/dogadjanja\/1006\/revisions\/1228"}],"wp:featuredmedia":[{"embeddable":true,"href":"https:\/\/www.whw.hr\/wp-json\/wp\/v2\/media\/1007"}],"wp:attachment":[{"href":"https:\/\/www.whw.hr\/wp-json\/wp\/v2\/media?parent=1006"}],"wp:term":[{"taxonomy":"category","embeddable":true,"href":"https:\/\/www.whw.hr\/wp-json\/wp\/v2\/categories?post=1006"},{"taxonomy":"post_tag","embeddable":true,"href":"https:\/\/www.whw.hr\/wp-json\/wp\/v2\/tags?post=1006"}],"curies":[{"name":"wp","href":"https:\/\/api.w.org\/{rel}","templated":true}]}}

Dubravka Sekulić: ’68. through UbuWeb

<p>Film program <em>&#8217;68. through UbuWeb</em>, curated by <strong>Dubravka Sekulić</strong>, is the last in a series of film programs created in dialogue with <strong>Želimir Žilnik&#8217;s</strong> exhibition <em>Shadow Citizens</em> open until 02/02/2019 in the Gallery Nova.</p>
<p><strong>Dubravka Sekulić</strong> is interested in how ownership relations and legal frameworks shape contemporary cities. Dubravka is an assistant professor at the IZK Institute for Contemporary Art at TU Graz and a PhD student at the gta Institute for History and Theory of Architecture at ETH Zurich. She wrote&nbsp;<em>Glotzt Nicht so Romantsich!</em> <em>On Extralegal Space in Belgrade</em> (Jan van Eyck Academie, 2012) and recently edited the 14th issue of GAM (Graz Architecture Magazine) <em>Exhibiting Matters</em>, which deals with exhibition practice, with Milica Tomić. Dubravka is an amateur librarian at the <em>public library/memory of the world</em> project, where she maintains collections related to space, race and feminism.</p>

<p>Film program &#8217;68. through UbuWeb, curated by Dubravka Sekulić, is the last in a series of film programs created in dialogue with Želimir Žilnik&#8217;s exhibition Shadow Citizens open until 02/02/2019 in the Gallery Nova. Dubravka Sekulić is interested in how ownership relations and legal frameworks shape contemporary cities. Dubravka is an assistant professor at the [&hellip;]</p>

<!-- This site is optimized with the Yoast SEO plugin v19.14 - https://yoast.com/wordpress/plugins/seo/ -->
<title>Dubravka Sekulić: ’68. through UbuWeb</title>
<meta name="description" content="Film program &#039;68. through UbuWeb, curated by Dubravka Sekulić, is the last in a series of film programs created in dialogue with Želimir Žilnik&#039;s exhibition Shadow Citizens open until 02/02/2019 in the Gallery Nova. Dubravka Sekulić is interested in how ownership relations and legal frameworks shape contemporary cities. Dubravka is an assistant professor at the&hellip;" />
<meta name="robots" content="index, follow, max-snippet:-1, max-image-preview:large, max-video-preview:-1" />
<link rel="canonical" href="https://www.whw.hr/%dogadjanja-slug%/dubravka-sekulic-68-kroz-ubuweb/" />
<meta property="og:locale" content="en_US" />
<meta property="og:type" content="article" />
<meta property="og:title" content="Dubravka Sekulić: ’68. through UbuWeb" />
<meta property="og:description" content="Film program &#039;68. through UbuWeb, curated by Dubravka Sekulić, is the last in a series of film programs created in dialogue with Želimir Žilnik&#039;s exhibition Shadow Citizens open until 02/02/2019 in the Gallery Nova. Dubravka Sekulić is interested in how ownership relations and legal frameworks shape contemporary cities. Dubravka is an assistant professor at the&hellip;" />
<meta property="og:url" content="https://www.whw.hr/%dogadjanja-slug%/dubravka-sekulic-68-kroz-ubuweb/" />
<meta property="og:site_name" content="whw" />
<meta property="article:publisher" content="https://www.facebook.com/galerijanova" />
<meta property="article:modified_time" content="2022-09-14T19:09:39+00:00" />
<meta property="og:image" content="https://www.whw.hr/wp-content/uploads/2022/08/lipanjska.jpg" />
	<meta property="og:image:width" content="962" />
	<meta property="og:image:height" content="664" />
	<meta property="og:image:type" content="image/jpeg" />
<meta name="twitter:card" content="summary_large_image" />
<meta name="twitter:label1" content="Est. reading time" />
	<meta name="twitter:data1" content="2 minutes" />
<script type="application/ld+json" class="yoast-schema-graph">{"@context":"https://schema.org","@graph":[{"@type":"WebPage","@id":"https://www.whw.hr/%dogadjanja-slug%/dubravka-sekulic-68-kroz-ubuweb/","url":"https://www.whw.hr/%dogadjanja-slug%/dubravka-sekulic-68-kroz-ubuweb/","name":"Dubravka Sekulić: ’68. kroz UbuWeb &ndash; whw","isPartOf":{"@id":"https://www.whw.hr/#website"},"datePublished":"2022-08-24T17:12:01+00:00","dateModified":"2022-09-14T19:09:39+00:00","description":"Filmski program ’68. kroz UbuWeb koji kurira Dubravka Sekulić posljednji je u nizu filmskih programa nastalih u dijalogu s izložbom u Galeriji","breadcrumb":{"@id":"https://www.whw.hr/%dogadjanja-slug%/dubravka-sekulic-68-kroz-ubuweb/#breadcrumb"},"inLanguage":"en-US","potentialAction":[{"@type":"ReadAction","target":["https://www.whw.hr/%dogadjanja-slug%/dubravka-sekulic-68-kroz-ubuweb/"]}]},{"@type":"BreadcrumbList","@id":"https://www.whw.hr/%dogadjanja-slug%/dubravka-sekulic-68-kroz-ubuweb/#breadcrumb","itemListElement":[{"@type":"ListItem","position":1,"name":"Početna stranica","item":"https://www.whw.hr/"},{"@type":"ListItem","position":2,"name":"Dubravka Sekulić: ’68. kroz UbuWeb"}]},{"@type":"WebSite","@id":"https://www.whw.hr/#website","url":"https://www.whw.hr/","name":"whw / what, how & for whom","description":"what, how & for whom","publisher":{"@id":"https://www.whw.hr/#organization"},"alternateName":"whw","potentialAction":[{"@type":"SearchAction","target":{"@type":"EntryPoint","urlTemplate":"https://www.whw.hr/?s={search_term_string}"},"query-input":"required name=search_term_string"}],"inLanguage":"en-US"},{"@type":"Organization","@id":"https://www.whw.hr/#organization","name":"whw / what, how & for whom","alternateName":"whw","url":"https://www.whw.hr/","logo":{"@type":"ImageObject","inLanguage":"en-US","@id":"https://www.whw.hr/#/schema/logo/image/","url":"https://www.whw.hr/wp-content/uploads/2022/12/jmm-68-1-2.jpg","contentUrl":"https://www.whw.hr/wp-content/uploads/2022/12/jmm-68-1-2.jpg","width":2000,"height":1333,"caption":"whw / what, how & for whom"},"image":{"@id":"https://www.whw.hr/#/schema/logo/image/"},"sameAs":["https://www.instagram.com/whw_what.how.for.whom/","https://www.youtube.com/channel/UCYplGnLkNqPXZSBaJgv4mZw","https://www.facebook.com/galerijanova"]}]}</script>
<!-- / Yoast SEO plugin. -->

Film program '68. through UbuWeb, curated by Dubravka Sekulić, is the last in a series of film programs created in dialogue with Želimir Žilnik's exhibition Shadow Citizens open until 02/02/2019 in the Gallery Nova. Dubravka Sekulić is interested in how ownership relations and legal frameworks shape contemporary cities. Dubravka is an assistant professor at the&hellip;

Dubravka Sekulić: ’68. kroz UbuWeb &ndash; whw

Filmski program ’68. kroz UbuWeb koji kurira Dubravka Sekulić posljednji je u nizu filmskih programa nastalih u dijalogu s izložbom u Galeriji

Početna stranica

Dubravka Sekulić: ’68. kroz UbuWeb
